{"id":9919,"date":"2024-07-16T16:34:57","date_gmt":"2024-07-16T14:34:57","guid":{"rendered":"https:\/\/www.editions-libel.fr\/maison-edition\/?post_type=product&#038;p=9919"},"modified":"2026-01-20T10:55:09","modified_gmt":"2026-01-20T09:55:09","slug":"habiter-avec-les-loups","status":"publish","type":"product","link":"https:\/\/www.editions-libel.fr\/maison-edition\/boutique\/habiter-avec-les-loups\/","title":{"rendered":"Habiter avec les loups"},"content":{"rendered":"[vc_row][vc_column][vc_column_text]<a href=\"https:\/\/heyzine.com\/flip-book\/ce51a3978c.html\" target=\"_blank\" rel=\"noopener\"><span style=\"text-decoration: underline;\">Feuilleter un extrait<\/span><\/a><br \/>\n<a href=\"https:\/\/www.editions-libel.fr\/maison-edition\/wp-content\/uploads\/LIBEL_DP_LOUPS-1.pdf\" target=\"_blank\" rel=\"noopener\"><span style=\"text-decoration: underline;\">Dossier de presse<\/span><\/a><br \/>\n<a href=\"https:\/\/www.editions-libel.fr\/maison-edition\/wp-content\/uploads\/NOTICE_LIBEL_LOUPS-2.pdf\" target=\"_blank\" rel=\"noopener\"><span style=\"text-decoration: underline;\">Notice libraire<\/span><\/a>[\/vc_column_text][vc_column_text]\n<h4><a href=\"https:\/\/www.editions-libel.fr\/maison-edition\/2025\/05\/19\/habiter-avec-les-loups-presse\/\" target=\"_blank\" rel=\"noopener\"><strong>On en parle !<\/strong><\/a><\/h4>\n<p><strong>JNE <\/strong>&#8211; 9 avril 2025 \u203a <a href=\"https:\/\/www.jne-asso.org\/2025\/03\/17\/habiter-avec-les-loups\/\" target=\"_blank\" rel=\"noopener\">Lire l&rsquo;article<\/a><br \/>\n<strong>L&rsquo;Alpe <\/strong>&#8211; 3 mars 2025 \u203a <a href=\"https:\/\/www.editions-libel.fr\/maison-edition\/wp-content\/uploads\/Habiter-avec-les-loups-LAlpe-2-03-03-25.png\" target=\"_blank\" rel=\"noopener\">Lire l&rsquo;article<\/a><br \/>\n<strong>Terre Sauvage n\u00b0432 <\/strong>&#8211; janvier 2025 \u203a <a href=\"https:\/\/www.editions-libel.fr\/maison-edition\/wp-content\/uploads\/Habiter-avec-les-loups-Terre-Sauvage-n432-01-25.pdf\" target=\"_blank\" rel=\"noopener\">Lire l&rsquo;article<\/a>[\/vc_column_text][\/vc_column][\/vc_row]\n","protected":false},"excerpt":{"rendered":"<p>&nbsp;<\/p>\n<p><strong><b>R\u00e9cits d&rsquo;enqu\u00eate en Belledonne<\/b><\/strong><\/p>\n<p class=\"p1\"><span class=\"s1\">La probl\u00e9matique du retour des loups en France depuis les ann\u00e9es 1990 a rapidement \u00e9t\u00e9 formul\u00e9e de mani\u00e8re binaire dans le d\u00e9bat public\u00a0: <i>pour<\/i> ou <i>contre<\/i>, dans un cloisonnement des pens\u00e9es ne disant rien de la diversit\u00e9 des situations v\u00e9cues par les habitants de la montagne. <\/span><\/p>\n<p class=\"p2\">L\u2019enqu\u00eate restitu\u00e9e par cet ouvrage est une mise en r\u00e9cit des mani\u00e8res d\u2019habiter le territoire de Belledonne, que la pr\u00e9sence des loups vient troubler. Elle pose \u00e9galement un regard original sur cette coexistence, en interrogeant la place des pastoralismes au sein de territoires ruraux en mutation\u00a0: quelles solidarit\u00e9s pour quels renouveaux agro\u00e9cologique et alimentaire\u2009?<\/p>\n","protected":false},"featured_media":9930,"template":"","meta":[],"product_cat":[71,77,82,20,21,22,23,25],"product_tag":[120,125,92,127,91,122,96,121],"class_list":["post-9919","product","type-product","status-publish","has-post-thumbnail","hentry","product_cat-arts","product_cat-histoire-2","product_cat-libel","product_cat-montagne","product_cat-photographie","product_cat-recit","product_cat-regionalisme","product_cat-societe","product_tag-amenagement","product_tag-communaute","product_tag-ecologie","product_tag-geographie","product_tag-montagne","product_tag-photographie","product_tag-politique","product_tag-territoire"],"_links":{"self":[{"href":"https:\/\/www.editions-libel.fr\/maison-edition\/wp-json\/wp\/v2\/product\/9919","targetHints":{"allow":["GET"]}}],"collection":[{"href":"https:\/\/www.editions-libel.fr\/maison-edition\/wp-json\/wp\/v2\/product"}],"about":[{"href":"https:\/\/www.editions-libel.fr\/maison-edition\/wp-json\/wp\/v2\/types\/product"}],"wp:featuredmedia":[{"embeddable":true,"href":"https:\/\/www.editions-libel.fr\/maison-edition\/wp-json\/wp\/v2\/media\/9930"}],"wp:attachment":[{"href":"https:\/\/www.editions-libel.fr\/maison-edition\/wp-json\/wp\/v2\/media?parent=9919"}],"wp:term":[{"taxonomy":"product_cat","embeddable":true,"href":"https:\/\/www.editions-libel.fr\/maison-edition\/wp-json\/wp\/v2\/product_cat?post=9919"},{"taxonomy":"product_tag","embeddable":true,"href":"https:\/\/www.editions-libel.fr\/maison-edition\/wp-json\/wp\/v2\/product_tag?post=9919"}],"curies":[{"name":"wp","href":"https:\/\/api.w.org\/{rel}","templated":true}]}}

<p>&nbsp;</p>
<p><strong><b>Récits d&rsquo;enquête en Belledonne</b></strong></p>
<p class="p1"><span class="s1">La problématique du retour des loups en France depuis les années 1990 a rapidement été formulée de manière binaire dans le débat public : <i>pour</i> ou <i>contre</i>, dans un cloisonnement des pensées ne disant rien de la diversité des situations vécues par les habitants de la montagne. </span></p>
<p class="p2">L’enquête restituée par cet ouvrage est une mise en récit des manières d’habiter le territoire de Belledonne, que la présence des loups vient troubler. Elle pose également un regard original sur cette coexistence, en interrogeant la place des pastoralismes au sein de territoires ruraux en mutation : quelles solidarités pour quels renouveaux agroécologique et alimentaire ?</p>
