{"id":9808,"date":"2024-04-24T14:19:46","date_gmt":"2024-04-24T12:19:46","guid":{"rendered":"https:\/\/www.editions-libel.fr\/maison-edition\/?post_type=product&#038;p=9808"},"modified":"2026-04-08T12:43:59","modified_gmt":"2026-04-08T10:43:59","slug":"au-nom-de-la-loire","status":"publish","type":"product","link":"https:\/\/www.editions-libel.fr\/maison-edition\/boutique\/au-nom-de-la-loire\/","title":{"rendered":"Au nom de la Loire !"},"content":{"rendered":"[vc_row][vc_column][vc_column_text]<a href=\"https:\/\/heyzine.com\/flip-book\/acc907e574.html\" target=\"_blank\" rel=\"noopener\"><span style=\"text-decoration: underline;\">Feuilleter un extrait<\/span><\/a><br \/>\n<a href=\"https:\/\/www.editions-libel.fr\/maison-edition\/wp-content\/uploads\/DP_LIBEL_AU-NOM-DE-LA-LOIRE.pdf\" target=\"_blank\" rel=\"noopener\"><span style=\"text-decoration: underline;\">Dossier de presse<\/span><\/a><br \/>\n<a href=\"https:\/\/www.editions-libel.fr\/maison-edition\/wp-content\/uploads\/NOTICE_LIBEL_AU-NOM-DE-LA-LOIRE-1.pdf\" target=\"_blank\" rel=\"noopener\"><span style=\"text-decoration: underline;\">Notice libraire<\/span><\/a><\/p>\n<p>&nbsp;<\/p>\n<h4><strong><a href=\"https:\/\/www.editions-libel.fr\/maison-edition\/2026\/04\/03\/au-nom-de-la-loire\/\" target=\"_blank\" rel=\"noopener\">On en parle !<\/a><\/strong><\/h4>\n<p><strong>G\u00e9o carrefour <\/strong>&#8211; 29 mars 2026 \u203a <a href=\"https:\/\/journals.openedition.org\/geocarrefour\/26377\" target=\"_blank\" rel=\"noopener\">Lire l&rsquo;article<\/a>[\/vc_column_text][\/vc_column][\/vc_row]\n","protected":false},"excerpt":{"rendered":"<p><strong><span style=\"color: #cc0000;\"><b>\u00a0<\/b><\/span><\/strong><\/p>\n<p class=\"p1\">Embarqu\u00e9 dans une aventure fluviale hors du commun, Charles Altorffer revient dans la peau de son personnage Urbain l\u2019enchanteur. Recrut\u00e9 par le POLAU-p\u00f4le arts &amp; urbanisme, membre actif d\u2019un myst\u00e9rieux parlement de Loire, il accompagne des bateliers et leurs \u00e9quipages dans une grande remont\u00e9e de la Loire, entre Nantes et Orl\u00e9ans. L\u2019objectif de la mission est d\u2019\u00e9largir le cercle du parlement de Loire aux vivants autres qu\u2019humains. C\u2019est ainsi qu\u2019Urbain part \u00e0 la rencontre d\u2019un vaste monde dans le but de contribuer \u00e0 l\u2019\u00e9criture d\u2019un texte de loi susceptible de d\u00e9fendre les droits de La Loire et de son milieu&#8230;<\/p>\n<p><em>Un ouvrage co-\u00e9dit\u00e9 avec le POLAU-p\u00f4le arts &amp; urbanisme et le collectif Vers un parlement de Loire.<\/em><\/p>\n<p><img decoding=\"async\" style=\"width: 30px;\" src=\"https:\/\/www.editions-libel.fr\/maison-edition\/picto-fablyo-rose.svg\" \/> <strong><span style=\"color: #eb8367;\"><b> \u00c9galement disponible en eBook <a href=\"https:\/\/www.editions-fablyo.fr\/produit\/au-nom-de-la-loire\/\"><em>ici<\/em><\/a><\/b><\/span><\/strong><\/p>\n","protected":false},"featured_media":9875,"template":"","meta":[],"product_cat":[71,82,11,26],"product_tag":[101,92,114,94,121,119,137],"class_list":["post-9808","product","type-product","status-publish","has-post-thumbnail","hentry","product_cat-arts","product_cat-libel","product_cat-architecture","product_cat-urbanisme","product_tag-bande-dessinee","product_tag-ecologie","product_tag-humour","product_tag-sciences","product_tag-territoire","product_tag-urbanisme","product_tag-voyage"],"_links":{"self":[{"href":"https:\/\/www.editions-libel.fr\/maison-edition\/wp-json\/wp\/v2\/product\/9808","targetHints":{"allow":["GET"]}}],"collection":[{"href":"https:\/\/www.editions-libel.fr\/maison-edition\/wp-json\/wp\/v2\/product"}],"about":[{"href":"https:\/\/www.editions-libel.fr\/maison-edition\/wp-json\/wp\/v2\/types\/product"}],"wp:featuredmedia":[{"embeddable":true,"href":"https:\/\/www.editions-libel.fr\/maison-edition\/wp-json\/wp\/v2\/media\/9875"}],"wp:attachment":[{"href":"https:\/\/www.editions-libel.fr\/maison-edition\/wp-json\/wp\/v2\/media?parent=9808"}],"wp:term":[{"taxonomy":"product_cat","embeddable":true,"href":"https:\/\/www.editions-libel.fr\/maison-edition\/wp-json\/wp\/v2\/product_cat?post=9808"},{"taxonomy":"product_tag","embeddable":true,"href":"https:\/\/www.editions-libel.fr\/maison-edition\/wp-json\/wp\/v2\/product_tag?post=9808"}],"curies":[{"name":"wp","href":"https:\/\/api.w.org\/{rel}","templated":true}]}}

[vc_row][vc_column][vc_column_text]<a href="https://heyzine.com/flip-book/acc907e574.html" target="_blank" rel="noopener"><span style="text-decoration: underline;">Feuilleter un extrait</span></a><br />
<a href="https://www.editions-libel.fr/maison-edition/wp-content/uploads/DP_LIBEL_AU-NOM-DE-LA-LOIRE.pdf" target="_blank" rel="noopener"><span style="text-decoration: underline;">Dossier de presse</span></a><br />
<a href="https://www.editions-libel.fr/maison-edition/wp-content/uploads/NOTICE_LIBEL_AU-NOM-DE-LA-LOIRE-1.pdf" target="_blank" rel="noopener"><span style="text-decoration: underline;">Notice libraire</span></a></p>
<p>&nbsp;</p>
<h4><strong><a href="https://www.editions-libel.fr/maison-edition/2026/04/03/au-nom-de-la-loire/" target="_blank" rel="noopener">On en parle !</a></strong></h4>
<p><strong>Géo carrefour </strong>&#8211; 29 mars 2026 › <a href="https://journals.openedition.org/geocarrefour/26377" target="_blank" rel="noopener">Lire l&rsquo;article</a>[/vc_column_text][/vc_column][/vc_row]

<p><strong><span style="color: #cc0000;"><b> </b></span></strong></p>
<p class="p1">Embarqué dans une aventure fluviale hors du commun, Charles Altorffer revient dans la peau de son personnage Urbain l’enchanteur. Recruté par le POLAU-pôle arts &amp; urbanisme, membre actif d’un mystérieux parlement de Loire, il accompagne des bateliers et leurs équipages dans une grande remontée de la Loire, entre Nantes et Orléans. L’objectif de la mission est d’élargir le cercle du parlement de Loire aux vivants autres qu’humains. C’est ainsi qu’Urbain part à la rencontre d’un vaste monde dans le but de contribuer à l’écriture d’un texte de loi susceptible de défendre les droits de La Loire et de son milieu&#8230;</p>
<p><em>Un ouvrage co-édité avec le POLAU-pôle arts &amp; urbanisme et le collectif Vers un parlement de Loire.</em></p>
<p><img decoding="async" style="width: 30px;" src="https://www.editions-libel.fr/maison-edition/picto-fablyo-rose.svg" /> <strong><span style="color: #eb8367;"><b> Également disponible en eBook <a href="https://www.editions-fablyo.fr/produit/au-nom-de-la-loire/"><em>ici</em></a></b></span></strong></p>
