{"id":964,"date":"2016-01-28T08:09:52","date_gmt":"2016-01-28T07:09:52","guid":{"rendered":"http:\/\/www.editions-libel.fr\/2016\/?post_type=product&#038;p=964"},"modified":"2025-12-12T12:06:18","modified_gmt":"2025-12-12T11:06:18","slug":"pour-saluer-le-rhone","status":"publish","type":"product","link":"https:\/\/www.editions-libel.fr\/maison-edition\/boutique\/pour-saluer-le-rhone\/","title":{"rendered":"Pour saluer le Rh\u00f4ne"},"content":{"rendered":"[vc_row][vc_column][vc_column_text]<span style=\"text-decoration: underline;\"><a href=\"https:\/\/heyzine.com\/flip-book\/d114b2d303.html\" target=\"_blank\" rel=\"noopener noreferrer\">Feuilleter un extrait<\/a><\/span><br \/>\n<span style=\"text-decoration: underline;\"><a href=\"http:\/\/wpwoocom2.editions-libel.fr\/wp-content\/uploads\/2016\/01\/DossierPresse_Rhone_edlibel.pdf\" target=\"_blank\" rel=\"noopener noreferrer\">Dossier de presse<\/a><br \/>\n<a href=\"http:\/\/wpwoocom2.editions-libel.fr\/wp-content\/uploads\/2016\/02\/CP-RHONE.pdf\" target=\"_blank\" rel=\"noopener noreferrer\">Communiqu\u00e9 de presse<\/a><br \/>\n<\/span><span style=\"text-decoration: underline;\"><a href=\"http:\/\/wpwoocom2.editions-libel.fr\/wp-content\/uploads\/2016\/01\/NOTICE_RHONE.pdf\" target=\"_blank\" rel=\"noopener noreferrer\">Notice libraire<\/a><\/span><\/p>\n<p>&nbsp;<\/p>\n<p><strong>On en parle :\u00a0<\/strong>[\/vc_column_text][\/vc_column][\/vc_row][vc_row][vc_column][vc_tta_pageable no_fill_content_area=\u00a0\u00bb1&Prime; active_section=\u00a0\u00bb1&Prime; pagination_color=\u00a0\u00bborange\u00a0\u00bb][vc_tta_section title=\u00a0\u00bbSection 1&Prime; tab_id=\u00a0\u00bb1591093944895-d2ddfaa1-7193&Prime;][vc_column_text]<em>L\u2019ouvrage est tr\u00e8s beau, le plus beau sur un fleuve jamais publi\u00e9 dans la communaut\u00e9 des g\u00e9ographes. [\u2026] tous mes remerciements pour ce travail fait dans le plus grand s\u00e9rieux et la bonne humeur.<\/em><br \/>\nJean-Paul Bravard, auteur[\/vc_column_text][\/vc_tta_section][vc_tta_section title=\u00a0\u00bbSection 1&Prime; tab_id=\u00a0\u00bb1591093993396-4be2d7b1-e404&Prime;][vc_column_text]<em>Bravo aux auteurs pour leur travail de Titan pour r\u00e9aliser cet ouvrage. Bravo \u00e0 l&rsquo;\u00e9quipe de Libel pour son travail d&rsquo;\u00e9dition. C&rsquo;est vraiment \u00ab\u00a0classe\u00a0\u00bb.<\/em><br \/>\nAnne Cl\u00e9mens, directrice de la ZABR-GRAIE[\/vc_column_text][\/vc_tta_section][vc_tta_section title=\u00a0\u00bbSection 1&Prime; tab_id=\u00a0\u00bb1591094090162-33723c0f-4bab\u00a0\u00bb][vc_column_text]<em>Je le trouve magnifique ! C&rsquo;est un beau travail, richement illustr\u00e9 et il est passionnant \u00e0 lire. Le Rh\u00f4ne a toujours un temps d\u2019avance sur les autres cours d&rsquo;eau&#8230;<\/em><br \/>\nPhilippe V.[\/vc_column_text][\/vc_tta_section][vc_tta_section title=\u00a0\u00bbSection 1&Prime; tab_id=\u00a0\u00bb1591094092587-e425b2e4-f8ae\u00a0\u00bb][vc_column_text]<em>Illustr\u00e9 de 350 figures, croquis, coupes g\u00e9ologiques, tableaux de chiffres, photographies et sch\u00e9mas, cet ouvrage est un travail d\u2019universitaires : scientifique, enrichi de tr\u00e8s nombreuses notes infra-paginales, comportant une abondante bibliographie. Mais c\u2019est un ouvrage destin\u00e9 au grand public car les auteurs sont non seulement des enseignants renomm\u00e9s mais aussi des \u00ab communicants \u00bb de talent.<\/em><br \/>\nG\u00e9ocarrefour[\/vc_column_text][\/vc_tta_section][\/vc_tta_pageable][\/vc_column][\/vc_row]\n","protected":false},"excerpt":{"rendered":"<p><strong><span style=\"color: #cc0000;\"><b>\u00c9puis\u00e9<\/b><\/span><\/strong><strong><br \/>\n<\/strong>Pour\u00a0<em>Saluer le Rh\u00f4ne<\/em>, un livre en forme d\u2019hommage au fleuve qui a guid\u00e9 les recherches des deux chercheurs mondialement reconnus Jacques Bethemont et Jean-Paul Bravard. Suivez le cours du Rh\u00f4ne et d\u00e9couvrez ce fleuve au fil des explications scientifiques \u00e9rudites et des tr\u00e8s nombreuses illustrations (photographies, cartes, sch\u00e9mas\u2026) des deux auteurs.<strong><br \/>\n<\/strong><\/p>\n","protected":false},"featured_media":6774,"template":"","meta":[],"product_cat":[82,8,15,17,43,24],"product_tag":[118,127,95,122,94],"class_list":["post-964","product","type-product","status-publish","has-post-thumbnail","hentry","product_cat-libel","product_cat-epuises","product_cat-histoire","product_cat-lyon","product_cat-patrimoines","product_cat-sciences","product_tag-croquis","product_tag-geographie","product_tag-lyon","product_tag-photographie","product_tag-sciences"],"_links":{"self":[{"href":"https:\/\/www.editions-libel.fr\/maison-edition\/wp-json\/wp\/v2\/product\/964","targetHints":{"allow":["GET"]}}],"collection":[{"href":"https:\/\/www.editions-libel.fr\/maison-edition\/wp-json\/wp\/v2\/product"}],"about":[{"href":"https:\/\/www.editions-libel.fr\/maison-edition\/wp-json\/wp\/v2\/types\/product"}],"wp:featuredmedia":[{"embeddable":true,"href":"https:\/\/www.editions-libel.fr\/maison-edition\/wp-json\/wp\/v2\/media\/6774"}],"wp:attachment":[{"href":"https:\/\/www.editions-libel.fr\/maison-edition\/wp-json\/wp\/v2\/media?parent=964"}],"wp:term":[{"taxonomy":"product_cat","embeddable":true,"href":"https:\/\/www.editions-libel.fr\/maison-edition\/wp-json\/wp\/v2\/product_cat?post=964"},{"taxonomy":"product_tag","embeddable":true,"href":"https:\/\/www.editions-libel.fr\/maison-edition\/wp-json\/wp\/v2\/product_tag?post=964"}],"curies":[{"name":"wp","href":"https:\/\/api.w.org\/{rel}","templated":true}]}}

Pour saluer le Rhône

[vc_row][vc_column][vc_column_text]<span style="text-decoration: underline;"><a href="https://heyzine.com/flip-book/d114b2d303.html" target="_blank" rel="noopener noreferrer">Feuilleter un extrait</a></span><br />
<span style="text-decoration: underline;"><a href="http://wpwoocom2.editions-libel.fr/wp-content/uploads/2016/01/DossierPresse_Rhone_edlibel.pdf" target="_blank" rel="noopener noreferrer">Dossier de presse</a><br />
<a href="http://wpwoocom2.editions-libel.fr/wp-content/uploads/2016/02/CP-RHONE.pdf" target="_blank" rel="noopener noreferrer">Communiqué de presse</a><br />
</span><span style="text-decoration: underline;"><a href="http://wpwoocom2.editions-libel.fr/wp-content/uploads/2016/01/NOTICE_RHONE.pdf" target="_blank" rel="noopener noreferrer">Notice libraire</a></span></p>
<p>&nbsp;</p>
<p><strong>On en parle : </strong>[/vc_column_text][/vc_column][/vc_row][vc_row][vc_column][vc_tta_pageable no_fill_content_area= »1&Prime; active_section= »1&Prime; pagination_color= »orange »][vc_tta_section title= »Section 1&Prime; tab_id= »1591093944895-d2ddfaa1-7193&Prime;][vc_column_text]<em>L’ouvrage est très beau, le plus beau sur un fleuve jamais publié dans la communauté des géographes. […] tous mes remerciements pour ce travail fait dans le plus grand sérieux et la bonne humeur.</em><br />
Jean-Paul Bravard, auteur[/vc_column_text][/vc_tta_section][vc_tta_section title= »Section 1&Prime; tab_id= »1591093993396-4be2d7b1-e404&Prime;][vc_column_text]<em>Bravo aux auteurs pour leur travail de Titan pour réaliser cet ouvrage. Bravo à l&rsquo;équipe de Libel pour son travail d&rsquo;édition. C&rsquo;est vraiment « classe ».</em><br />
Anne Clémens, directrice de la ZABR-GRAIE[/vc_column_text][/vc_tta_section][vc_tta_section title= »Section 1&Prime; tab_id= »1591094090162-33723c0f-4bab »][vc_column_text]<em>Je le trouve magnifique ! C&rsquo;est un beau travail, richement illustré et il est passionnant à lire. Le Rhône a toujours un temps d’avance sur les autres cours d&rsquo;eau&#8230;</em><br />
Philippe V.[/vc_column_text][/vc_tta_section][vc_tta_section title= »Section 1&Prime; tab_id= »1591094092587-e425b2e4-f8ae »][vc_column_text]<em>Illustré de 350 figures, croquis, coupes géologiques, tableaux de chiffres, photographies et schémas, cet ouvrage est un travail d’universitaires : scientifique, enrichi de très nombreuses notes infra-paginales, comportant une abondante bibliographie. Mais c’est un ouvrage destiné au grand public car les auteurs sont non seulement des enseignants renommés mais aussi des « communicants » de talent.</em><br />
Géocarrefour[/vc_column_text][/vc_tta_section][/vc_tta_pageable][/vc_column][/vc_row]

<p><strong><span style="color: #cc0000;"><b>Épuisé</b></span></strong><strong><br />
</strong>Pour <em>Saluer le Rhône</em>, un livre en forme d’hommage au fleuve qui a guidé les recherches des deux chercheurs mondialement reconnus Jacques Bethemont et Jean-Paul Bravard. Suivez le cours du Rhône et découvrez ce fleuve au fil des explications scientifiques érudites et des très nombreuses illustrations (photographies, cartes, schémas…) des deux auteurs.<strong><br />
</strong></p>
