{"id":963,"date":"2016-01-04T08:08:28","date_gmt":"2016-01-04T07:08:28","guid":{"rendered":"http:\/\/www.editions-libel.fr\/2016\/?post_type=product&#038;p=963"},"modified":"2025-12-12T12:07:15","modified_gmt":"2025-12-12T11:07:15","slug":"feyzin-4-janvier-1966","status":"publish","type":"product","link":"https:\/\/www.editions-libel.fr\/maison-edition\/boutique\/feyzin-4-janvier-1966\/","title":{"rendered":"Feyzin 4 janvier 1966"},"content":{"rendered":"[vc_row][vc_column][vc_column_text]<span style=\"text-decoration: underline;\"><a href=\"https:\/\/heyzine.com\/flip-book\/a7031eaff9.html\" target=\"_blank\" rel=\"noopener noreferrer\">Feuilleter un extrait<\/a><\/span><br \/>\n<span style=\"text-decoration: underline;\"><a href=\"http:\/\/wpwoocom2.editions-libel.fr\/wp-content\/uploads\/2016\/02\/FEYZIN-PRESSE-LIBEL1.pdf\" target=\"_blank\" rel=\"noopener noreferrer\">Dossier de presse<\/a><\/span><br \/>\n<span style=\"text-decoration: underline;\"><a href=\"https:\/\/www.editions-libel.fr\/maison-edition\/wp-content\/uploads\/2016\/01\/NOTICE_feyzin.pdf\" target=\"_blank\" rel=\"noopener noreferrer\">Notice libraire<\/a><\/span>[\/vc_column_text][\/vc_column][\/vc_row]\n","protected":false},"excerpt":{"rendered":"<p><strong>Images d&rsquo;une catastrophe par Georges Vermard<br \/>\n<\/strong>\u00ab\u00a0<em>Et c\u2019est pr\u00e9cis\u00e9ment au moment o\u00f9 j\u2019effectuais ces r\u00e9glages qu\u2019a eu lieu cette explosion absolument gigantesque, une v\u00e9ritable explosion atomique. J\u2019en garde un souvenir imp\u00e9rissable\u00a0<\/em>\u00bb.<br \/>\nGeorges Vermard est pr\u00e9sent le 4 janvier 1966, lors de l\u2019incendie puis de l\u2019explosion \u00e0 la raffinerie de p\u00e9trole situ\u00e9e \u00e0 Feyzin. Ses photographies, en regard des registres de l\u2019\u00c9tat-major des sapeurs-pompiers de Lyon au fil de la journ\u00e9e, sont le t\u00e9moignage exceptionnel d\u2019un \u00e9v\u00e9nement marquant, premier accident industriel d\u2019ampleur en France.<\/p>\n<p>Ouvrage\u00a0\u00e9dit\u00e9 en partenariat avec le <strong>Service d\u2019incendie et de secours du d\u00e9partement du Rh\u00f4ne et de la m\u00e9tropole de Lyon (SDMIS)\u00a0<\/strong>et le <strong>Mus\u00e9e des sapeurs-pompiers Lyon-Rh\u00f4ne.<br \/>\n<\/strong><\/p>\n<p><em><br \/>\n<\/em><em>Ouvert en 1990, \u00ab Mus\u00e9e de France \u00bb depuis 2005, le <strong><a href=\"http:\/\/museepompiers.com\/\">Mus\u00e9e des sapeurs-pompiers<\/a>\u00a0<\/strong>\u00e0 La Duch\u00e8re \u00e9voque l\u2019histoire des sapeurs-pompiers de Lyon et du Rh\u00f4ne. De nombreuses activit\u00e9s \u00e0 destination des publics adultes et enfants sont organis\u00e9es. Jacques P\u00e9rier, r\u00e9f\u00e9rent histoire au Mus\u00e9e, a contribu\u00e9 \u00e0 l\u2019\u00e9criture de ce livre.<\/em><\/p>\n","protected":false},"featured_media":5672,"template":"","meta":[],"product_cat":[71,77,82,17,43,21,23],"product_tag":[124,111,95],"class_list":["post-963","product","type-product","status-publish","has-post-thumbnail","hentry","product_cat-arts","product_cat-histoire-2","product_cat-libel","product_cat-lyon","product_cat-patrimoines","product_cat-photographie","product_cat-regionalisme","product_tag-energie","product_tag-histoire","product_tag-lyon"],"_links":{"self":[{"href":"https:\/\/www.editions-libel.fr\/maison-edition\/wp-json\/wp\/v2\/product\/963","targetHints":{"allow":["GET"]}}],"collection":[{"href":"https:\/\/www.editions-libel.fr\/maison-edition\/wp-json\/wp\/v2\/product"}],"about":[{"href":"https:\/\/www.editions-libel.fr\/maison-edition\/wp-json\/wp\/v2\/types\/product"}],"wp:featuredmedia":[{"embeddable":true,"href":"https:\/\/www.editions-libel.fr\/maison-edition\/wp-json\/wp\/v2\/media\/5672"}],"wp:attachment":[{"href":"https:\/\/www.editions-libel.fr\/maison-edition\/wp-json\/wp\/v2\/media?parent=963"}],"wp:term":[{"taxonomy":"product_cat","embeddable":true,"href":"https:\/\/www.editions-libel.fr\/maison-edition\/wp-json\/wp\/v2\/product_cat?post=963"},{"taxonomy":"product_tag","embeddable":true,"href":"https:\/\/www.editions-libel.fr\/maison-edition\/wp-json\/wp\/v2\/product_tag?post=963"}],"curies":[{"name":"wp","href":"https:\/\/api.w.org\/{rel}","templated":true}]}}

<p><strong>Images d&rsquo;une catastrophe par Georges Vermard<br />
</strong>« <em>Et c’est précisément au moment où j’effectuais ces réglages qu’a eu lieu cette explosion absolument gigantesque, une véritable explosion atomique. J’en garde un souvenir impérissable </em>».<br />
Georges Vermard est présent le 4 janvier 1966, lors de l’incendie puis de l’explosion à la raffinerie de pétrole située à Feyzin. Ses photographies, en regard des registres de l’État-major des sapeurs-pompiers de Lyon au fil de la journée, sont le témoignage exceptionnel d’un événement marquant, premier accident industriel d’ampleur en France.</p>
<p>Ouvrage édité en partenariat avec le <strong>Service d’incendie et de secours du département du Rhône et de la métropole de Lyon (SDMIS) </strong>et le <strong>Musée des sapeurs-pompiers Lyon-Rhône.<br />
</strong></p>
<p><em><br />
</em><em>Ouvert en 1990, « Musée de France » depuis 2005, le <strong><a href="http://museepompiers.com/">Musée des sapeurs-pompiers</a> </strong>à La Duchère évoque l’histoire des sapeurs-pompiers de Lyon et du Rhône. De nombreuses activités à destination des publics adultes et enfants sont organisées. Jacques Périer, référent histoire au Musée, a contribué à l’écriture de ce livre.</em></p>
