{"id":9601,"date":"2023-12-13T16:29:30","date_gmt":"2023-12-13T15:29:30","guid":{"rendered":"https:\/\/www.editions-libel.fr\/maison-edition\/?post_type=product&#038;p=9601"},"modified":"2026-04-23T10:15:11","modified_gmt":"2026-04-23T08:15:11","slug":"education-nationale","status":"publish","type":"product","link":"https:\/\/www.editions-libel.fr\/maison-edition\/boutique\/education-nationale\/","title":{"rendered":"\u00c9ducation nationale"},"content":{"rendered":"[vc_row][vc_column][vc_column_text]<a href=\"https:\/\/heyzine.com\/flip-book\/508899e398.html\" target=\"_blank\" rel=\"noopener\"><span style=\"text-decoration: underline;\">Feuilleter un extrait<\/span><\/a><br \/>\n<a href=\"https:\/\/www.editions-libel.fr\/maison-edition\/wp-content\/uploads\/DP_LIBEL_EDUCATION-NATIONALE.pdf\" target=\"_blank\" rel=\"noopener\"><span style=\"text-decoration: underline;\">Dossier de presse<\/span><\/a><br \/>\n<a href=\"https:\/\/www.editions-libel.fr\/maison-edition\/wp-content\/uploads\/NOTICE_LIBEL_EDUCATION-NATIONALE-1.pdf\" target=\"_blank\" rel=\"noopener\"><span style=\"text-decoration: underline;\">Notice libraire<\/span><\/a>[\/vc_column_text][\/vc_column][\/vc_row][vc_row][vc_column][vc_column_text]\n<h4><a href=\"https:\/\/www.editions-libel.fr\/maison-edition\/2024\/01\/17\/education-nationale-presse\/\" target=\"_blank\" rel=\"noopener\"><strong>On en parle !<\/strong><\/a><\/h4>\n<p><strong>Le Petit Bulletin <\/strong>&#8211; 12 f\u00e9vrier 2025 \u203a <a href=\"https:\/\/www.petit-bulletin.fr\/lyon\/article-79366-service-public-rencontre-avec-francois-hien.html#\" target=\"_blank\" rel=\"noopener\">Lire l&rsquo;article<\/a><br \/>\n<strong>France Culture <\/strong>&#8211; 25 mars 2024 \u203a <a href=\"https:\/\/www.radiofrance.fr\/franceculture\/podcasts\/etre-et-savoir\/quand-le-theatre-s-empare-des-maux-de-l-ecole-6418219\" target=\"_blank\" rel=\"noopener\">\u00c9couter l&rsquo;\u00e9mission<\/a><br \/>\n<strong>Le Monde <\/strong>&#8211; 31 janvier 2024 \u203a <a href=\"https:\/\/www.lemonde.fr\/culture\/article\/2024\/01\/31\/avec-la-piece-education-nationale-de-francois-hien-l-ecole-publique-tout-entiere-monte-sur-scene_6214100_3246.html\" target=\"_blank\" rel=\"noopener\">Lire l&rsquo;article<\/a><br \/>\n<strong>T\u00e9l\u00e9rama <\/strong>&#8211; 17 janvier 2024 \u203a <a href=\"https:\/\/www.editions-libel.fr\/maison-edition\/wp-content\/uploads\/IMG_7699-scaled.jpg\" target=\"_blank\" rel=\"noopener\">Lire l&rsquo;article<\/a>[\/vc_column_text][\/vc_column][\/vc_row]\n","protected":false},"excerpt":{"rendered":"<div id=\"tab-2c94af60-a783-10\" class=\"wpb_tab ui-tabs-panel wpb_ui-tabs-hide vc_clearfix ui-widget-content ui-corner-bottom\" role=\"tabpanel\" aria-labelledby=\"ui-id-1\" aria-hidden=\"false\">\n<div class=\"wpb_text_column wpb_content_element \">\n<div class=\"wpb_wrapper\">\n<p><a class=\"ebook\" href=\"https:\/\/www.editions-fablyo.fr\/produit\/education-nationale\/\" target=\"_blank\" rel=\"noopener noreferrer\"><img decoding=\"async\" style=\"width: 30px;\" src=\"https:\/\/www.editions-libel.fr\/maison-edition\/picto-fablyo-rose.svg\" \/>Ebook disponible ici<\/a><\/p>\n<div id=\"tab-2c94af60-a783-10\" class=\"wpb_tab ui-tabs-panel wpb_ui-tabs-hide vc_clearfix ui-widget-content ui-corner-bottom\" role=\"tabpanel\" aria-labelledby=\"ui-id-1\" aria-hidden=\"false\">\n<div class=\"wpb_text_column wpb_content_element \">\n<div class=\"wpb_wrapper\">\n<p class=\"p1\">Le lyc\u00e9e Jean-Zay, dans la ville imaginaire de Virieux-en-Vezon. Un nouveau proviseur prend la t\u00eate de l\u2019\u00e9tablissement, secou\u00e9 l\u2019ann\u00e9e pr\u00e9c\u00e9dente par des incidents violents. Sur fond d\u2019appr\u00e9hension, plusieurs fils narratifs se tissent. Le climat scolaire se tend. Face au projet de dotation pour l\u2019ann\u00e9e \u00e0 venir, les personnels d\u00e9cident d\u2019une gr\u00e8ve. Tandis qu\u2019ils sont pris de vitesse par des agitations, un grand mouvement d\u2019occupation se met en place au c\u0153ur du lyc\u00e9e.<\/p>\n<p class=\"p1\"><em>La pi\u00e8ce <\/em>\u00c9ducation nationale<em>, \u00e9crite en r\u00e9sidence en \u00e9tablissement scolaire et mobilisant de nombreux \u00e9l\u00e8ves, chronique la vie d\u2019un lyc\u00e9e et raconte l\u2019histoire d\u2019une lutte collective. Documentant l\u2019\u00e9tat du service public d\u2019enseignement \u00e0 l\u2019or\u00e9e des ann\u00e9es 2020, elle dresse le portrait de travailleurs pris dans des mouvements de fond sur lesquels ils cherchent \u00e0 retrouver prise. Fran\u00e7ois Hien et Sabine Collardey proposent ici une \u00e9dition du texte enrichie de recherches dramaturgiques, de mat\u00e9riaux d\u2019enqu\u00eate, d\u2019esquisses th\u00e9oriques, de r\u00e9cits d\u2019exp\u00e9rimentations\u2026 \u00c0 ce titre, le livre sera utile \u00e0 celles et ceux qui aiment le th\u00e9\u00e2tre, comme \u00e0 celles et ceux qui s\u2019int\u00e9ressent aux questions \u00e9ducatives.<\/em><\/p>\n<p><strong><span style=\"color: #eb8367;\"><b>\u00c9galement paru dans la collection : <\/b><\/span><a href=\"https:\/\/www.editions-libel.fr\/maison-edition\/boutique\/la-revolte-des-canuts\/\" target=\"_blank\" rel=\"noopener\"><em>\u00c9chos de la fabrique<\/em><\/a><em>, <a href=\"https:\/\/www.editions-libel.fr\/maison-edition\/boutique\/mort-dune-montagne\/\" target=\"_blank\" rel=\"noopener\">Mort d&rsquo;une montagne<\/a><\/em>, <em><a href=\"https:\/\/www.editions-libel.fr\/maison-edition\/boutique\/le-chat\/\" target=\"_blank\" rel=\"noopener\">Le Chat<\/a>\u00a0<\/em>&amp; <a href=\"https:\/\/www.editions-libel.fr\/maison-edition\/boutique\/le-signalement\/\" target=\"_blank\" rel=\"noopener\"><em>Le Signalement<\/em><\/a>.<\/strong><strong><em>\u00a0<\/em><\/strong><\/p>\n<\/div>\n<\/div>\n<\/div>\n<\/div>\n<\/div>\n<\/div>\n","protected":false},"featured_media":9610,"template":"","meta":[],"product_cat":[89,77,82,70,25],"product_tag":[108,96,134,135],"class_list":["post-9601","product","type-product","status-publish","has-post-thumbnail","hentry","product_cat-collection-theatre","product_cat-histoire-2","product_cat-libel","product_cat-litterature","product_cat-societe","product_tag-education","product_tag-politique","product_tag-theatre","product_tag-violences"],"_links":{"self":[{"href":"https:\/\/www.editions-libel.fr\/maison-edition\/wp-json\/wp\/v2\/product\/9601","targetHints":{"allow":["GET"]}}],"collection":[{"href":"https:\/\/www.editions-libel.fr\/maison-edition\/wp-json\/wp\/v2\/product"}],"about":[{"href":"https:\/\/www.editions-libel.fr\/maison-edition\/wp-json\/wp\/v2\/types\/product"}],"wp:featuredmedia":[{"embeddable":true,"href":"https:\/\/www.editions-libel.fr\/maison-edition\/wp-json\/wp\/v2\/media\/9610"}],"wp:attachment":[{"href":"https:\/\/www.editions-libel.fr\/maison-edition\/wp-json\/wp\/v2\/media?parent=9601"}],"wp:term":[{"taxonomy":"product_cat","embeddable":true,"href":"https:\/\/www.editions-libel.fr\/maison-edition\/wp-json\/wp\/v2\/product_cat?post=9601"},{"taxonomy":"product_tag","embeddable":true,"href":"https:\/\/www.editions-libel.fr\/maison-edition\/wp-json\/wp\/v2\/product_tag?post=9601"}],"curies":[{"name":"wp","href":"https:\/\/api.w.org\/{rel}","templated":true}]}}

Éducation nationale

[vc_row][vc_column][vc_column_text]<a href="https://heyzine.com/flip-book/508899e398.html" target="_blank" rel="noopener"><span style="text-decoration: underline;">Feuilleter un extrait</span></a><br />
<a href="https://www.editions-libel.fr/maison-edition/wp-content/uploads/DP_LIBEL_EDUCATION-NATIONALE.pdf" target="_blank" rel="noopener"><span style="text-decoration: underline;">Dossier de presse</span></a><br />
<a href="https://www.editions-libel.fr/maison-edition/wp-content/uploads/NOTICE_LIBEL_EDUCATION-NATIONALE-1.pdf" target="_blank" rel="noopener"><span style="text-decoration: underline;">Notice libraire</span></a>[/vc_column_text][/vc_column][/vc_row][vc_row][vc_column][vc_column_text]
<h4><a href="https://www.editions-libel.fr/maison-edition/2024/01/17/education-nationale-presse/" target="_blank" rel="noopener"><strong>On en parle !</strong></a></h4>
<p><strong>Le Petit Bulletin </strong>&#8211; 12 février 2025 › <a href="https://www.petit-bulletin.fr/lyon/article-79366-service-public-rencontre-avec-francois-hien.html#" target="_blank" rel="noopener">Lire l&rsquo;article</a><br />
<strong>France Culture </strong>&#8211; 25 mars 2024 › <a href="https://www.radiofrance.fr/franceculture/podcasts/etre-et-savoir/quand-le-theatre-s-empare-des-maux-de-l-ecole-6418219" target="_blank" rel="noopener">Écouter l&rsquo;émission</a><br />
<strong>Le Monde </strong>&#8211; 31 janvier 2024 › <a href="https://www.lemonde.fr/culture/article/2024/01/31/avec-la-piece-education-nationale-de-francois-hien-l-ecole-publique-tout-entiere-monte-sur-scene_6214100_3246.html" target="_blank" rel="noopener">Lire l&rsquo;article</a><br />
<strong>Télérama </strong>&#8211; 17 janvier 2024 › <a href="https://www.editions-libel.fr/maison-edition/wp-content/uploads/IMG_7699-scaled.jpg" target="_blank" rel="noopener">Lire l&rsquo;article</a>[/vc_column_text][/vc_column][/vc_row]

<div id="tab-2c94af60-a783-10" class="wpb_tab ui-tabs-panel wpb_ui-tabs-hide vc_clearfix ui-widget-content ui-corner-bottom" role="tabpanel" aria-labelledby="ui-id-1" aria-hidden="false">
<div class="wpb_text_column wpb_content_element ">
<div class="wpb_wrapper">
<p><a class="ebook" href="https://www.editions-fablyo.fr/produit/education-nationale/" target="_blank" rel="noopener noreferrer"><img decoding="async" style="width: 30px;" src="https://www.editions-libel.fr/maison-edition/picto-fablyo-rose.svg" />Ebook disponible ici</a></p>
<div id="tab-2c94af60-a783-10" class="wpb_tab ui-tabs-panel wpb_ui-tabs-hide vc_clearfix ui-widget-content ui-corner-bottom" role="tabpanel" aria-labelledby="ui-id-1" aria-hidden="false">
<div class="wpb_text_column wpb_content_element ">
<div class="wpb_wrapper">
<p class="p1">Le lycée Jean-Zay, dans la ville imaginaire de Virieux-en-Vezon. Un nouveau proviseur prend la tête de l’établissement, secoué l’année précédente par des incidents violents. Sur fond d’appréhension, plusieurs fils narratifs se tissent. Le climat scolaire se tend. Face au projet de dotation pour l’année à venir, les personnels décident d’une grève. Tandis qu’ils sont pris de vitesse par des agitations, un grand mouvement d’occupation se met en place au cœur du lycée.</p>
<p class="p1"><em>La pièce </em>Éducation nationale<em>, écrite en résidence en établissement scolaire et mobilisant de nombreux élèves, chronique la vie d’un lycée et raconte l’histoire d’une lutte collective. Documentant l’état du service public d’enseignement à l’orée des années 2020, elle dresse le portrait de travailleurs pris dans des mouvements de fond sur lesquels ils cherchent à retrouver prise. François Hien et Sabine Collardey proposent ici une édition du texte enrichie de recherches dramaturgiques, de matériaux d’enquête, d’esquisses théoriques, de récits d’expérimentations… À ce titre, le livre sera utile à celles et ceux qui aiment le théâtre, comme à celles et ceux qui s’intéressent aux questions éducatives.</em></p>
<p><strong><span style="color: #eb8367;"><b>Également paru dans la collection : </b></span><a href="https://www.editions-libel.fr/maison-edition/boutique/la-revolte-des-canuts/" target="_blank" rel="noopener"><em>Échos de la fabrique</em></a><em>, <a href="https://www.editions-libel.fr/maison-edition/boutique/mort-dune-montagne/" target="_blank" rel="noopener">Mort d&rsquo;une montagne</a></em>, <em><a href="https://www.editions-libel.fr/maison-edition/boutique/le-chat/" target="_blank" rel="noopener">Le Chat</a> </em>&amp; <a href="https://www.editions-libel.fr/maison-edition/boutique/le-signalement/" target="_blank" rel="noopener"><em>Le Signalement</em></a>.</strong><strong><em> </em></strong></p>
</div>
</div>
</div>
</div>
</div>
</div>
