{"id":959,"date":"2015-11-03T08:02:05","date_gmt":"2015-11-03T07:02:05","guid":{"rendered":"http:\/\/www.editions-libel.fr\/2016\/?post_type=product&#038;p=959"},"modified":"2025-12-12T12:13:11","modified_gmt":"2025-12-12T11:13:11","slug":"la-drome-et-la-grande-guerre","status":"publish","type":"product","link":"https:\/\/www.editions-libel.fr\/maison-edition\/boutique\/la-drome-et-la-grande-guerre\/","title":{"rendered":"La Dr\u00f4me et la Grande Guerre"},"content":{"rendered":"[vc_row][vc_column][vc_column_text]<span style=\"text-decoration: underline;\"><a href=\"https:\/\/heyzine.com\/flip-book\/4579832fe5.html\" target=\"_blank\" rel=\"noopener noreferrer\">Feuilleter un extrait<\/a><br \/>\n<a href=\"https:\/\/www.editions-libel.fr\/maison-edition\/wp-content\/uploads\/DROME-SOMMAIRE-OK.pdf\" target=\"_blank\" rel=\"noopener noreferrer\">Voir le sommaire<\/a><\/span><br \/>\n<span style=\"text-decoration: underline;\"><a href=\"https:\/\/www.editions-libel.fr\/maison-edition\/wp-content\/uploads\/2015\/10\/PRESSE-DROME.pdf\" target=\"_blank\" rel=\"noopener noreferrer\">Dossier de presse<\/a><\/span><br \/>\n<span style=\"text-decoration: underline;\"><a href=\"https:\/\/www.editions-libel.fr\/maison-edition\/wp-content\/uploads\/2015\/10\/NOTICE-DROME.pdf\" target=\"_blank\" rel=\"noopener noreferrer\">Notice libraire<\/a><\/span>[\/vc_column_text][\/vc_column][\/vc_row]\n","protected":false},"excerpt":{"rendered":"<p><strong>Un d\u00e9partement du \u00ab\u00a0Front de l&rsquo;arri\u00e8re\u00a0\u00bb<\/strong> [Collectif]<strong><br \/>\n<\/strong>Au c\u0153ur de la vie des populations civiles dr\u00f4moises entre 1914 et 1918. La vie municipale et les r\u00e9fugi\u00e9s, les infirmiers et le ravitaillement, les spectacles en temps de guerre et les comm\u00e9morations sont autant de th\u00e8mes trait\u00e9s dans ce livre r\u00e9f\u00e9rence pour le Centenaire de 1914-1918.<\/p>\n<p>Ouvrage \u00e9dit\u00e9 en partenariat avec le <strong>Comit\u00e9 d\u00e9partemental pour l\u2019histoire de la Grande Guerre de la Dr\u00f4me<\/strong> (CDH 14-18) \u00e0 l&rsquo;issue du colloque de Valence organis\u00e9 en octobre 2014.<\/p>\n<p><em><br \/>\nLe <strong><a href=\"http:\/\/www.cdh14-18.fr\/\">Comit\u00e9 d\u00e9partemental pour l\u2019histoire de la Grande Guerre de la Dr\u00f4me<\/a><\/strong>, association constitu\u00e9e en 2012, a pour but d&rsquo;am\u00e9liorer la connaissance de l\u2019histoire des territoires et des populations dans le Sud-Est de la France en associant chercheurs et citoyens autour d&rsquo;\u00e9v\u00e9nements et publications.\u00a0<\/em><\/p>\n","protected":false},"featured_media":5684,"template":"","meta":[],"product_cat":[77,82,15,16,43,23],"product_tag":[103,129,110],"class_list":["post-959","product","type-product","status-publish","has-post-thumbnail","hentry","product_cat-histoire-2","product_cat-libel","product_cat-histoire","product_cat-histoire-des-conflits","product_cat-patrimoines","product_cat-regionalisme","product_tag-memoire-des-conflits","product_tag-metier","product_tag-patrimoine"],"_links":{"self":[{"href":"https:\/\/www.editions-libel.fr\/maison-edition\/wp-json\/wp\/v2\/product\/959","targetHints":{"allow":["GET"]}}],"collection":[{"href":"https:\/\/www.editions-libel.fr\/maison-edition\/wp-json\/wp\/v2\/product"}],"about":[{"href":"https:\/\/www.editions-libel.fr\/maison-edition\/wp-json\/wp\/v2\/types\/product"}],"wp:featuredmedia":[{"embeddable":true,"href":"https:\/\/www.editions-libel.fr\/maison-edition\/wp-json\/wp\/v2\/media\/5684"}],"wp:attachment":[{"href":"https:\/\/www.editions-libel.fr\/maison-edition\/wp-json\/wp\/v2\/media?parent=959"}],"wp:term":[{"taxonomy":"product_cat","embeddable":true,"href":"https:\/\/www.editions-libel.fr\/maison-edition\/wp-json\/wp\/v2\/product_cat?post=959"},{"taxonomy":"product_tag","embeddable":true,"href":"https:\/\/www.editions-libel.fr\/maison-edition\/wp-json\/wp\/v2\/product_tag?post=959"}],"curies":[{"name":"wp","href":"https:\/\/api.w.org\/{rel}","templated":true}]}}

La Drôme et la Grande Guerre

<p><strong>Un département du « Front de l&rsquo;arrière »</strong> [Collectif]<strong><br />
</strong>Au cœur de la vie des populations civiles drômoises entre 1914 et 1918. La vie municipale et les réfugiés, les infirmiers et le ravitaillement, les spectacles en temps de guerre et les commémorations sont autant de thèmes traités dans ce livre référence pour le Centenaire de 1914-1918.</p>
<p>Ouvrage édité en partenariat avec le <strong>Comité départemental pour l’histoire de la Grande Guerre de la Drôme</strong> (CDH 14-18) à l&rsquo;issue du colloque de Valence organisé en octobre 2014.</p>
<p><em><br />
Le <strong><a href="http://www.cdh14-18.fr/">Comité départemental pour l’histoire de la Grande Guerre de la Drôme</a></strong>, association constituée en 2012, a pour but d&rsquo;améliorer la connaissance de l’histoire des territoires et des populations dans le Sud-Est de la France en associant chercheurs et citoyens autour d&rsquo;événements et publications. </em></p>
