{"id":957,"date":"2015-10-20T07:47:56","date_gmt":"2015-10-20T06:47:56","guid":{"rendered":"http:\/\/www.editions-libel.fr\/2016\/?post_type=product&#038;p=957"},"modified":"2025-12-12T12:13:55","modified_gmt":"2025-12-12T11:13:55","slug":"lyon-vallee-de-la-chimie","status":"publish","type":"product","link":"https:\/\/www.editions-libel.fr\/maison-edition\/boutique\/lyon-vallee-de-la-chimie\/","title":{"rendered":"Lyon, vall\u00e9e de la chimie"},"content":{"rendered":"[vc_row][vc_column][vc_column_text]<span style=\"text-decoration: underline;\"><a href=\"https:\/\/heyzine.com\/flip-book\/21c92a329b.html\" target=\"_blank\" rel=\"noopener noreferrer\">Feuilleter un extrait<\/a><br \/>\n<a href=\"https:\/\/www.editions-libel.fr\/maison-edition\/wp-content\/uploads\/Chimie-SOMMAIRE.pdf\" target=\"_blank\" rel=\"noopener noreferrer\">Voir le sommaire<\/a><\/span><br \/>\n<span style=\"text-decoration: underline;\"><a href=\"https:\/\/www.editions-libel.fr\/maison-edition\/wp-content\/uploads\/2015\/10\/PRESSE-CHIMIE.pdf\" target=\"_blank\" rel=\"noopener noreferrer\">Dossier de presse<\/a><\/span><br \/>\n<span style=\"text-decoration: underline;\"><a href=\"https:\/\/www.editions-libel.fr\/maison-edition\/wp-content\/uploads\/2015\/10\/NOTICE-CHIMIE.pdf\" target=\"_blank\" rel=\"noopener noreferrer\">Notice libraire<\/a><\/span>[\/vc_column_text][\/vc_column][\/vc_row]\n","protected":false},"excerpt":{"rendered":"<p><strong><span style=\"color: #cc0000;\"><b>\u00c9puis\u00e9<\/b><\/span><br \/>\nTravers\u00e9e d&rsquo;un paysage industriel<\/strong><br \/>\nUn urbaniste, une experte du monde associatif et un photographe explorent le territoire qui compose la vall\u00e9e de la chimie au sud de Lyon. Entre usines actives ou d\u00e9saffect\u00e9es et jardins partag\u00e9s, ils \u00e9clairent ses liens au travail et \u00e0 l\u2019industrie et proposent une vision \u00e0 hauteur d\u2019hommes, face aux chemin\u00e9es industrielles.<\/p>\n<p><strong>\u00c9galement disponibles dans la collection <a href=\"https:\/\/www.editions-libel.fr\/maison-edition\/categorie-produit\/collection-lignes-de-villes\/\" target=\"_blank\" rel=\"noopener noreferrer\">Lignes de vi[ll]es<\/a><\/strong><\/p>\n","protected":false},"featured_media":7038,"template":"","meta":[],"product_cat":[71,77,82,8,17,43,21,25,26,44],"product_tag":[92,124,95,94,119],"class_list":["post-957","product","type-product","status-publish","has-post-thumbnail","hentry","product_cat-arts","product_cat-histoire-2","product_cat-libel","product_cat-epuises","product_cat-lyon","product_cat-patrimoines","product_cat-photographie","product_cat-societe","product_cat-urbanisme","product_cat-collection-lignes-de-villes","product_tag-ecologie","product_tag-energie","product_tag-lyon","product_tag-sciences","product_tag-urbanisme"],"_links":{"self":[{"href":"https:\/\/www.editions-libel.fr\/maison-edition\/wp-json\/wp\/v2\/product\/957","targetHints":{"allow":["GET"]}}],"collection":[{"href":"https:\/\/www.editions-libel.fr\/maison-edition\/wp-json\/wp\/v2\/product"}],"about":[{"href":"https:\/\/www.editions-libel.fr\/maison-edition\/wp-json\/wp\/v2\/types\/product"}],"wp:featuredmedia":[{"embeddable":true,"href":"https:\/\/www.editions-libel.fr\/maison-edition\/wp-json\/wp\/v2\/media\/7038"}],"wp:attachment":[{"href":"https:\/\/www.editions-libel.fr\/maison-edition\/wp-json\/wp\/v2\/media?parent=957"}],"wp:term":[{"taxonomy":"product_cat","embeddable":true,"href":"https:\/\/www.editions-libel.fr\/maison-edition\/wp-json\/wp\/v2\/product_cat?post=957"},{"taxonomy":"product_tag","embeddable":true,"href":"https:\/\/www.editions-libel.fr\/maison-edition\/wp-json\/wp\/v2\/product_tag?post=957"}],"curies":[{"name":"wp","href":"https:\/\/api.w.org\/{rel}","templated":true}]}}

Lyon, vallée de la chimie

<p><strong><span style="color: #cc0000;"><b>Épuisé</b></span><br />
Traversée d&rsquo;un paysage industriel</strong><br />
Un urbaniste, une experte du monde associatif et un photographe explorent le territoire qui compose la vallée de la chimie au sud de Lyon. Entre usines actives ou désaffectées et jardins partagés, ils éclairent ses liens au travail et à l’industrie et proposent une vision à hauteur d’hommes, face aux cheminées industrielles.</p>
<p><strong>Également disponibles dans la collection <a href="https://www.editions-libel.fr/maison-edition/categorie-produit/collection-lignes-de-villes/" target="_blank" rel="noopener noreferrer">Lignes de vi[ll]es</a></strong></p>
