{"id":952,"date":"2013-11-16T07:40:28","date_gmt":"2013-11-16T06:40:28","guid":{"rendered":"http:\/\/www.editions-libel.fr\/2016\/?post_type=product&#038;p=952"},"modified":"2025-12-12T12:18:51","modified_gmt":"2025-12-12T11:18:51","slug":"pour-vous-mesdames","status":"publish","type":"product","link":"https:\/\/www.editions-libel.fr\/maison-edition\/boutique\/pour-vous-mesdames\/","title":{"rendered":"Pour vous, Mesdames !"},"content":{"rendered":"[vc_row][vc_column][vc_column_text]<span style=\"text-decoration: underline;\"><a href=\"https:\/\/heyzine.com\/flip-book\/04ac922651.html\" target=\"_blank\" rel=\"noopener noreferrer\">Feuilleter un extrait<\/a><\/span><br \/>\n<span style=\"text-decoration: underline;\"><a href=\"https:\/\/www.editions-libel.fr\/maison-edition\/wp-content\/uploads\/2015\/10\/PRESSE-POUR-VOUSpdf.pdf\" target=\"_blank\" rel=\"noopener noreferrer\">Dossier de presse<\/a><\/span><br \/>\n<span style=\"text-decoration: underline;\"><a href=\"https:\/\/www.editions-libel.fr\/maison-edition\/wp-content\/uploads\/2015\/10\/NOTICE_MODE.pdf\" target=\"_blank\" rel=\"noopener noreferrer\">Notice libraire<\/a><\/span>[\/vc_column_text][\/vc_column][\/vc_row]\n","protected":false},"excerpt":{"rendered":"<p><strong>La mode en temps de guerre <\/strong>[Collectif]<\/p>\n<p><strong><span style=\"color: #cc0000;\">\u00c9puis\u00e9<\/span><\/strong><\/p>\n<p>\u00ab\u00a0<em>J\u2019avais coup\u00e9 cette jupe dans le pantalon de mon p\u00e8re.<\/em> \u00bb Enjeu culturel et \u00e9conomique majeur en temps de guerre, se v\u00eatir est aussi un souci quotidien pour des millions de femmes. Par leurs v\u00eatements et accessoires, elles cherchent \u00e0 conserver dignit\u00e9 et \u00e9l\u00e9gance en p\u00e9riode de privation. Une incursion in\u00e9dite dans le quotidien des Fran\u00e7aises pendant l\u2019Occupation.<\/p>\n<p>Ouvrage dirig\u00e9 par <strong>Isabelle Dor\u00e9-Riv\u00e9<\/strong>, \u00e0 l\u2019occasion de l\u2019exposition \u00e9ponyme pr\u00e9sent\u00e9e au <strong>CHRD<\/strong>.<\/p>\n<p><em><br \/>\nLe <a href=\"http:\/\/www.chrd.lyon.fr\/\" target=\"_blank\" rel=\"noopener noreferrer\"><strong>Centre d\u2019Histoire de la R\u00e9sistance et de la D\u00e9portation <\/strong><\/a>pr\u00e9sente depuis 2012 une exposition permanente sur la Seconde Guerre mondiale \u00e0 Lyon. Au fil d\u2019expositions temporaires, il permet de d\u00e9couvrir la vie des populations et des victimes du conflit. Le CHRD propose \u00e9galement des expositions temporaires photographiques en lien avec l\u2019actualit\u00e9.<\/em><\/p>\n","protected":false},"featured_media":9803,"template":"","meta":[],"product_cat":[82,8,15,16,17,19,21],"product_tag":[132,95,103,99],"class_list":["post-952","product","type-product","status-publish","has-post-thumbnail","hentry","product_cat-libel","product_cat-epuises","product_cat-histoire","product_cat-histoire-des-conflits","product_cat-lyon","product_cat-mode","product_cat-photographie","product_tag-culture","product_tag-lyon","product_tag-memoire-des-conflits","product_tag-savoir-faire"],"_links":{"self":[{"href":"https:\/\/www.editions-libel.fr\/maison-edition\/wp-json\/wp\/v2\/product\/952","targetHints":{"allow":["GET"]}}],"collection":[{"href":"https:\/\/www.editions-libel.fr\/maison-edition\/wp-json\/wp\/v2\/product"}],"about":[{"href":"https:\/\/www.editions-libel.fr\/maison-edition\/wp-json\/wp\/v2\/types\/product"}],"wp:featuredmedia":[{"embeddable":true,"href":"https:\/\/www.editions-libel.fr\/maison-edition\/wp-json\/wp\/v2\/media\/9803"}],"wp:attachment":[{"href":"https:\/\/www.editions-libel.fr\/maison-edition\/wp-json\/wp\/v2\/media?parent=952"}],"wp:term":[{"taxonomy":"product_cat","embeddable":true,"href":"https:\/\/www.editions-libel.fr\/maison-edition\/wp-json\/wp\/v2\/product_cat?post=952"},{"taxonomy":"product_tag","embeddable":true,"href":"https:\/\/www.editions-libel.fr\/maison-edition\/wp-json\/wp\/v2\/product_tag?post=952"}],"curies":[{"name":"wp","href":"https:\/\/api.w.org\/{rel}","templated":true}]}}

<p><strong>La mode en temps de guerre </strong>[Collectif]</p>
<p><strong><span style="color: #cc0000;">Épuisé</span></strong></p>
<p>« <em>J’avais coupé cette jupe dans le pantalon de mon père.</em> » Enjeu culturel et économique majeur en temps de guerre, se vêtir est aussi un souci quotidien pour des millions de femmes. Par leurs vêtements et accessoires, elles cherchent à conserver dignité et élégance en période de privation. Une incursion inédite dans le quotidien des Françaises pendant l’Occupation.</p>
<p>Ouvrage dirigé par <strong>Isabelle Doré-Rivé</strong>, à l’occasion de l’exposition éponyme présentée au <strong>CHRD</strong>.</p>
<p><em><br />
Le <a href="http://www.chrd.lyon.fr/" target="_blank" rel="noopener noreferrer"><strong>Centre d’Histoire de la Résistance et de la Déportation </strong></a>présente depuis 2012 une exposition permanente sur la Seconde Guerre mondiale à Lyon. Au fil d’expositions temporaires, il permet de découvrir la vie des populations et des victimes du conflit. Le CHRD propose également des expositions temporaires photographiques en lien avec l’actualité.</em></p>
