{"id":948,"date":"2013-03-21T07:33:05","date_gmt":"2013-03-21T06:33:05","guid":{"rendered":"http:\/\/www.editions-libel.fr\/2016\/?post_type=product&#038;p=948"},"modified":"2025-12-12T12:23:17","modified_gmt":"2025-12-12T11:23:17","slug":"les-dessous-de-lisere","status":"publish","type":"product","link":"https:\/\/www.editions-libel.fr\/maison-edition\/boutique\/les-dessous-de-lisere\/","title":{"rendered":"Les dessous de l\u2019Is\u00e8re"},"content":{"rendered":"[vc_row][vc_column][vc_column_text]<span style=\"text-decoration: underline;\"><a href=\"https:\/\/heyzine.com\/flip-book\/696b4b7620.html\" target=\"_blank\" rel=\"noopener noreferrer\">Feuilleter un extrait<\/a><\/span><br \/>\n<span style=\"text-decoration: underline;\"><a href=\"https:\/\/www.editions-libel.fr\/maison-edition\/wp-content\/uploads\/2015\/10\/PRESSE-DESSOUS.pdf\" target=\"_blank\" rel=\"noopener noreferrer\">Dossier de presse<\/a><\/span><br \/>\n<span style=\"text-decoration: underline;\"><a href=\"https:\/\/www.editions-libel.fr\/maison-edition\/wp-content\/uploads\/2015\/10\/NOTICE_DESSOUS.pdf\" target=\"_blank\" rel=\"noopener noreferrer\">Notice libraire<\/a><\/span><\/p>\n<p>&nbsp;<\/p>\n<p><strong>On en parle :\u00a0<\/strong>[\/vc_column_text][\/vc_column][\/vc_row][vc_row][vc_column][vc_column_text]<em>Tr\u00e8s beau livre bien emball\u00e9 pour le transport et l&rsquo;int\u00e9rieur juste top avec des superbes photos. Je le conseille fortement \u00e0 celles qui sont passionn\u00e9es de mode et de lingerie.<\/em><br \/>\nClient\u00b7e AMAZON[\/vc_column_text][\/vc_column][\/vc_row]\n","protected":false},"excerpt":{"rendered":"<p><strong>Une histoire de la lingerie f\u00e9minine<\/strong> [Collectif]<strong><br \/>\n<\/strong>D\u00e8s la fin du XIX<sup>e <\/sup>si\u00e8cle, \u00e0 Grenoble et ses alentours, les entreprises de lingerie fleurissent. Valis\u00e8re, LOU ou Playtex emploient une main-d\u2019\u0153uvre f\u00e9minine qualifi\u00e9e et innovent dans la production de gaines, soutiens-gorge et culottes\u2026 Une histoire de l\u2019industrie, de la mode et des femmes au XX<sup>e <\/sup>si\u00e8cle.<\/p>\n<p>Ouvrage dirig\u00e9 par <strong>Chantal Spillemaecker<\/strong> et <strong>Franck Philippeaux<\/strong>, \u00e0 l\u2019occasion de l\u2019exposition \u00e9ponyme pr\u00e9sent\u00e9e au <strong>Mus\u00e9e dauphinois<\/strong>.<\/p>\n<p><em><br \/>\nLe <a href=\"http:\/\/www.musee-dauphinois.fr\/\" target=\"_blank\" rel=\"noopener noreferrer\"><strong>Mus\u00e9e dauphinois<\/strong><\/a>, situ\u00e9 \u00e0 Grenoble, est le mus\u00e9e d\u2019histoire et des soci\u00e9t\u00e9s du territoire du Dauphin\u00e9. Dans des expositions temporaires \u201c\u00e9v\u00e9nement\u201c, il revient sur des faits marquants pour la population is\u00e9roise et propose une d\u00e9marche participative aux habitants.<br \/>\n<\/em><\/p>\n","protected":false},"featured_media":5696,"template":"","meta":[],"product_cat":[71,77,82,15,19,43,23],"product_tag":[111,129,99],"class_list":["post-948","product","type-product","status-publish","has-post-thumbnail","hentry","product_cat-arts","product_cat-histoire-2","product_cat-libel","product_cat-histoire","product_cat-mode","product_cat-patrimoines","product_cat-regionalisme","product_tag-histoire","product_tag-metier","product_tag-savoir-faire"],"_links":{"self":[{"href":"https:\/\/www.editions-libel.fr\/maison-edition\/wp-json\/wp\/v2\/product\/948","targetHints":{"allow":["GET"]}}],"collection":[{"href":"https:\/\/www.editions-libel.fr\/maison-edition\/wp-json\/wp\/v2\/product"}],"about":[{"href":"https:\/\/www.editions-libel.fr\/maison-edition\/wp-json\/wp\/v2\/types\/product"}],"wp:featuredmedia":[{"embeddable":true,"href":"https:\/\/www.editions-libel.fr\/maison-edition\/wp-json\/wp\/v2\/media\/5696"}],"wp:attachment":[{"href":"https:\/\/www.editions-libel.fr\/maison-edition\/wp-json\/wp\/v2\/media?parent=948"}],"wp:term":[{"taxonomy":"product_cat","embeddable":true,"href":"https:\/\/www.editions-libel.fr\/maison-edition\/wp-json\/wp\/v2\/product_cat?post=948"},{"taxonomy":"product_tag","embeddable":true,"href":"https:\/\/www.editions-libel.fr\/maison-edition\/wp-json\/wp\/v2\/product_tag?post=948"}],"curies":[{"name":"wp","href":"https:\/\/api.w.org\/{rel}","templated":true}]}}

Les dessous de l’Isère

[vc_row][vc_column][vc_column_text]<span style="text-decoration: underline;"><a href="https://heyzine.com/flip-book/696b4b7620.html" target="_blank" rel="noopener noreferrer">Feuilleter un extrait</a></span><br />
<span style="text-decoration: underline;"><a href="https://www.editions-libel.fr/maison-edition/wp-content/uploads/2015/10/PRESSE-DESSOUS.pdf" target="_blank" rel="noopener noreferrer">Dossier de presse</a></span><br />
<span style="text-decoration: underline;"><a href="https://www.editions-libel.fr/maison-edition/wp-content/uploads/2015/10/NOTICE_DESSOUS.pdf" target="_blank" rel="noopener noreferrer">Notice libraire</a></span></p>
<p>&nbsp;</p>
<p><strong>On en parle : </strong>[/vc_column_text][/vc_column][/vc_row][vc_row][vc_column][vc_column_text]<em>Très beau livre bien emballé pour le transport et l&rsquo;intérieur juste top avec des superbes photos. Je le conseille fortement à celles qui sont passionnées de mode et de lingerie.</em><br />
Client·e AMAZON[/vc_column_text][/vc_column][/vc_row]

<p><strong>Une histoire de la lingerie féminine</strong> [Collectif]<strong><br />
</strong>Dès la fin du XIX<sup>e </sup>siècle, à Grenoble et ses alentours, les entreprises de lingerie fleurissent. Valisère, LOU ou Playtex emploient une main-d’œuvre féminine qualifiée et innovent dans la production de gaines, soutiens-gorge et culottes… Une histoire de l’industrie, de la mode et des femmes au XX<sup>e </sup>siècle.</p>
<p>Ouvrage dirigé par <strong>Chantal Spillemaecker</strong> et <strong>Franck Philippeaux</strong>, à l’occasion de l’exposition éponyme présentée au <strong>Musée dauphinois</strong>.</p>
<p><em><br />
Le <a href="http://www.musee-dauphinois.fr/" target="_blank" rel="noopener noreferrer"><strong>Musée dauphinois</strong></a>, situé à Grenoble, est le musée d’histoire et des sociétés du territoire du Dauphiné. Dans des expositions temporaires “événement“, il revient sur des faits marquants pour la population iséroise et propose une démarche participative aux habitants.<br />
</em></p>
