{"id":946,"date":"2012-12-15T07:28:17","date_gmt":"2012-12-15T06:28:17","guid":{"rendered":"http:\/\/www.editions-libel.fr\/2016\/?post_type=product&#038;p=946"},"modified":"2025-12-12T12:25:42","modified_gmt":"2025-12-12T11:25:42","slug":"vox-populy","status":"publish","type":"product","link":"https:\/\/www.editions-libel.fr\/maison-edition\/boutique\/vox-populy\/","title":{"rendered":"Vox Populy"},"content":{"rendered":"[vc_row][vc_column][vc_column_text]<span style=\"text-decoration: underline;\"><a href=\"https:\/\/heyzine.com\/flip-book\/80fb2a1291.html\" target=\"_blank\" rel=\"noopener noreferrer\">Feuilleter un extrait<\/a><\/span><br \/>\n<span style=\"text-decoration: underline;\"><a href=\"https:\/\/www.editions-libel.fr\/maison-edition\/wp-content\/uploads\/2015\/10\/PRESSE-VOX-POPULY.pdf\" target=\"_blank\" rel=\"noopener noreferrer\">Dossier de presse<\/a><\/span><br \/>\n<span style=\"text-decoration: underline;\"><a href=\"https:\/\/www.editions-libel.fr\/maison-edition\/wp-content\/uploads\/2015\/10\/notice-voxpopuly.pdf\" target=\"_blank\" rel=\"noopener noreferrer\">Notice libraire<\/a><\/span>[\/vc_column_text][\/vc_column][\/vc_row]\n","protected":false},"excerpt":{"rendered":"<p><strong>Radiographie du vote lyonnais \u00e0 la Pr\u00e9sidentielle de 2012 <\/strong>[Collectif]<strong><br \/>\n<\/strong>Pendant la campagne pour l\u2019\u00e9lection pr\u00e9sidentielle de 2012, enseignants et \u00e9tudiants de Sciences Po Lyon ont rencontr\u00e9 des habitants de la M\u00e9tropole de Lyon afin de comprendre leurs intentions de vote en regard de leur lieu de vie et de leur histoire personnelle.<br \/>\nUne enqu\u00eate sociologique in\u00e9dite sur le rapport \u00e0 la politique des habitants du Grand Lyon.<\/p>\n<p><em><span class=\"prix_en_baisse\">Les \u00e9tudiant.es :<br \/>\nAlexandre Barrand, Sidonie Bonnet Bel Arbi, Xavier Doumenjou, Camille Kirn, Louise Larrat, Faustine Masson, Tania Meghe, H\u00e9l\u00e8ne Rouchard, Caroline Ronzon, Lucile Rossat, Florian Augustin, Evelyne Barbaza, Pascaline Kroell, No\u00e9mie Monti, Thomas Vandeburie, Max Verlhac, Lauriane Cl\u00e9ment, Manon Manzanares, Jean-Pierre Mourenas, Marion Vallot, Charlotte Vampo, Elsa Velex, Maxence B\u00e9du, Emma Bellou\u00e8re, Chlo\u00e9 Bernard, Julien Favier, Caroline Fouvet, Lumir Lapray, Antoine Maurice, Lydie Ronfard, Oriane Dabrowski, Sophie Gremillet, Nina Lemahieu, Fanny Valendru, Annie Orsi\u00e8res, Arthur Botto, Fleur Coquard\u200e, Tiphaine Guiffault\u200e,\u00a0 Marion Lang, Tom Nasr, Maxime Paile, Madeleine Rey, Camille Reymond, Camille Sut\u200e.<\/span><\/em><\/p>\n<p><span class=\"prix_en_baisse\">Ouvrage dirig\u00e9 par <strong><a href=\"https:\/\/www.editions-libel.fr\/maison-edition\/author-book\/anouk-flamant\/\" target=\"_blank\" rel=\"noopener noreferrer\">Anouk Flamant<\/a>, <a href=\"https:\/\/www.editions-libel.fr\/maison-edition\/author-book\/renaud-payre\/\" target=\"_blank\" rel=\"noopener noreferrer\">Renaud Payre<\/a>, Olivier Qu\u00e9r\u00e9, Mili Spahic et Julie Vaslin<\/strong> et \u00e9dit\u00e9 en partenariat avec <a href=\"https:\/\/www.sciencespo-lyon.fr\/\" target=\"_blank\" rel=\"noopener noreferrer\"><strong>Sciences Po Lyon<\/strong><\/a>.<\/span><\/p>\n<p>Pour assurer sa publication, l\u2019ouvrage <em>Vox Populy. Radiographie du vote lyonnais \u00e0 la Pr\u00e9sidentielle de 2012\u00a0<\/em>a fait l\u2019objet d\u2019un financement participatif sur la plateforme KissKissBankBank : <a href=\"http:\/\/www.kisskissbankbank.com\/vox-populy\" target=\"_blank\" rel=\"noopener noreferrer\">www.kisskissbankbank.com\/vox-populy<\/a><br \/>\nQue les 121 contributeurs en soient remerci\u00e9s !<\/p>\n<span class=\"collapseomatic \" id=\"id69f722ea11226\"  tabindex=\"0\" title=\"Voir plus\"    >Voir plus<\/span><div id=\"target-id69f722ea11226\" class=\"collapseomatic_content \"><br \/>\nVincent Cordier, Cl\u00e9ment Le Ludec, Laurence Rossat, Andr\u00e9 Sut, Simon Martinez, Jean-Antoine Z, Dominique Sabot, Pierre Obrecht, John Doe, Florine Colombet, Fabien Perrussel, Pierre-Alain Millet, Sylviane Botto, Val\u00e9rie Augustin, Pierre Duando, Seb Fitte, Anouk Flamant, Alain de Moncan, L\u00e9a Retournard, Alain Bezard, Camilo Argibay, Bernadette Gr\u00e9millet, Olivia Vuillermet, Henri Jacot, Mili Spahic, JM Pillon, Olivier Qu\u00e9r\u00e9, Christine Fontanel, Fanny Viot, Marion Pohl, Emmanuel Martinais, Fr\u00e9d\u00e9rique Girardot, Michel Roux, Elisa Chaillot, Audrey Gr\u00e9millet, Marie-Reine Jaz\u00e9, Caroline Chateau, Cl\u00e9ment Coste, Fran\u00e7ois Laplanche-Servigne, Jonas Kaminski, Yves Lapray, Fran\u00e0ois Journet, Christine Flamant, Simon de Cyr\u00e8ne, S\u00e9bastien Chambe, Fabienne Berger-Forray, Laurence Pezet, Wendy Atkinson, Josep Jansana, Sabine Rozier, Josep Pons-Miquel, Sylvie Perret, Jean-Paul Ferrieux, Camille Touzard, Virginie Gremillet, Genevi\u00e8ve Maurice, Simon Desgouttes, Yvan Botto, Dominique Borius, Catherine Bellouere-Mazet, Virginie Arslan, Pascal Odienne, Antoine Maurice, Pauline Skarsgard Fognini, Pierre Doumenjou, Sophie Gr\u00e9millet, Bernard Gr\u00e9millet, Eliane Beaup\u00e8re, C\u00e9line Crespy, Jacqueline Sut, Solange Sut, Jean-Pierre Vatinel, Dani\u00e8le Cl\u00e9ment, Gwenola Le Naour, Michel Nasr, Rachel Vanneuville, J\u00e9r\u00f4me Augustin, Jean-Philippe Dubail, Camille Sut, Yannick Dubail, Jorge Argibay, Gaspard Flamant, Louis Claret, Pierre-Marie Qu\u00e9r\u00e9, Christine Vaslin, Philippe Vaslin, Nina Lemahieu, Claire Gilioli, Olivier Chauveau, Agathe Qu\u00e9r\u00e9, Jean-Charles Flamant, Lucieistanbul, Jacques Guinet, Michel Sut, H\u00e9l\u00e8ne Rouchard, Eric Pouchol, D\u00e9lia Vatinel, Maurice Qu\u00e9r\u00e9, Michel Baranger, Jean-Marie Qu\u00e9r\u00e9, Am\u00e9lie Pouchol, Mathilde Valendru, Marcel Lemahieu, Oriane Dabrowski, Lydie Ronfard, Philippe Guinet, Raphael Fretigny, Camille Lafay, Christine Cecchini, Marine Pennet, Florence Valendru, Antoine Idier, Ms Bertille, Fran\u00e7ois Trimouille, Ren\u00e9e Greusard, Anne Verjus, Lucile Berland, Clara Nicolas, Thomas Vanderburie, Tom Nasr, Martijn Pineau.<\/p>\n<p><\/div>\n","protected":false},"featured_media":5414,"template":"","meta":[],"product_cat":[82,17,21,25],"product_tag":[108,111,95,96],"class_list":["post-946","product","type-product","status-publish","has-post-thumbnail","hentry","product_cat-libel","product_cat-lyon","product_cat-photographie","product_cat-societe","product_tag-education","product_tag-histoire","product_tag-lyon","product_tag-politique"],"_links":{"self":[{"href":"https:\/\/www.editions-libel.fr\/maison-edition\/wp-json\/wp\/v2\/product\/946","targetHints":{"allow":["GET"]}}],"collection":[{"href":"https:\/\/www.editions-libel.fr\/maison-edition\/wp-json\/wp\/v2\/product"}],"about":[{"href":"https:\/\/www.editions-libel.fr\/maison-edition\/wp-json\/wp\/v2\/types\/product"}],"wp:featuredmedia":[{"embeddable":true,"href":"https:\/\/www.editions-libel.fr\/maison-edition\/wp-json\/wp\/v2\/media\/5414"}],"wp:attachment":[{"href":"https:\/\/www.editions-libel.fr\/maison-edition\/wp-json\/wp\/v2\/media?parent=946"}],"wp:term":[{"taxonomy":"product_cat","embeddable":true,"href":"https:\/\/www.editions-libel.fr\/maison-edition\/wp-json\/wp\/v2\/product_cat?post=946"},{"taxonomy":"product_tag","embeddable":true,"href":"https:\/\/www.editions-libel.fr\/maison-edition\/wp-json\/wp\/v2\/product_tag?post=946"}],"curies":[{"name":"wp","href":"https:\/\/api.w.org\/{rel}","templated":true}]}}

<p><strong>Radiographie du vote lyonnais à la Présidentielle de 2012 </strong>[Collectif]<strong><br />
</strong>Pendant la campagne pour l’élection présidentielle de 2012, enseignants et étudiants de Sciences Po Lyon ont rencontré des habitants de la Métropole de Lyon afin de comprendre leurs intentions de vote en regard de leur lieu de vie et de leur histoire personnelle.<br />
Une enquête sociologique inédite sur le rapport à la politique des habitants du Grand Lyon.</p>
<p><em><span class="prix_en_baisse">Les étudiant.es :<br />
Alexandre Barrand, Sidonie Bonnet Bel Arbi, Xavier Doumenjou, Camille Kirn, Louise Larrat, Faustine Masson, Tania Meghe, Hélène Rouchard, Caroline Ronzon, Lucile Rossat, Florian Augustin, Evelyne Barbaza, Pascaline Kroell, Noémie Monti, Thomas Vandeburie, Max Verlhac, Lauriane Clément, Manon Manzanares, Jean-Pierre Mourenas, Marion Vallot, Charlotte Vampo, Elsa Velex, Maxence Bédu, Emma Bellouère, Chloé Bernard, Julien Favier, Caroline Fouvet, Lumir Lapray, Antoine Maurice, Lydie Ronfard, Oriane Dabrowski, Sophie Gremillet, Nina Lemahieu, Fanny Valendru, Annie Orsières, Arthur Botto, Fleur Coquard‎, Tiphaine Guiffault‎,  Marion Lang, Tom Nasr, Maxime Paile, Madeleine Rey, Camille Reymond, Camille Sut‎.</span></em></p>
<p><span class="prix_en_baisse">Ouvrage dirigé par <strong><a href="https://www.editions-libel.fr/maison-edition/author-book/anouk-flamant/" target="_blank" rel="noopener noreferrer">Anouk Flamant</a>, <a href="https://www.editions-libel.fr/maison-edition/author-book/renaud-payre/" target="_blank" rel="noopener noreferrer">Renaud Payre</a>, Olivier Quéré, Mili Spahic et Julie Vaslin</strong> et édité en partenariat avec <a href="https://www.sciencespo-lyon.fr/" target="_blank" rel="noopener noreferrer"><strong>Sciences Po Lyon</strong></a>.</span></p>
<p>Pour assurer sa publication, l’ouvrage <em>Vox Populy. Radiographie du vote lyonnais à la Présidentielle de 2012 </em>a fait l’objet d’un financement participatif sur la plateforme KissKissBankBank : <a href="http://www.kisskissbankbank.com/vox-populy" target="_blank" rel="noopener noreferrer">www.kisskissbankbank.com/vox-populy</a><br />
Que les 121 contributeurs en soient remerciés !</p>
<span class="collapseomatic " id="id69f722ea11226"  tabindex="0" title="Voir plus"    >Voir plus</span><div id="target-id69f722ea11226" class="collapseomatic_content "><br />
Vincent Cordier, Clément Le Ludec, Laurence Rossat, André Sut, Simon Martinez, Jean-Antoine Z, Dominique Sabot, Pierre Obrecht, John Doe, Florine Colombet, Fabien Perrussel, Pierre-Alain Millet, Sylviane Botto, Valérie Augustin, Pierre Duando, Seb Fitte, Anouk Flamant, Alain de Moncan, Léa Retournard, Alain Bezard, Camilo Argibay, Bernadette Grémillet, Olivia Vuillermet, Henri Jacot, Mili Spahic, JM Pillon, Olivier Quéré, Christine Fontanel, Fanny Viot, Marion Pohl, Emmanuel Martinais, Frédérique Girardot, Michel Roux, Elisa Chaillot, Audrey Grémillet, Marie-Reine Jazé, Caroline Chateau, Clément Coste, François Laplanche-Servigne, Jonas Kaminski, Yves Lapray, Franàois Journet, Christine Flamant, Simon de Cyrène, Sébastien Chambe, Fabienne Berger-Forray, Laurence Pezet, Wendy Atkinson, Josep Jansana, Sabine Rozier, Josep Pons-Miquel, Sylvie Perret, Jean-Paul Ferrieux, Camille Touzard, Virginie Gremillet, Geneviève Maurice, Simon Desgouttes, Yvan Botto, Dominique Borius, Catherine Bellouere-Mazet, Virginie Arslan, Pascal Odienne, Antoine Maurice, Pauline Skarsgard Fognini, Pierre Doumenjou, Sophie Grémillet, Bernard Grémillet, Eliane Beaupère, Céline Crespy, Jacqueline Sut, Solange Sut, Jean-Pierre Vatinel, Danièle Clément, Gwenola Le Naour, Michel Nasr, Rachel Vanneuville, Jérôme Augustin, Jean-Philippe Dubail, Camille Sut, Yannick Dubail, Jorge Argibay, Gaspard Flamant, Louis Claret, Pierre-Marie Quéré, Christine Vaslin, Philippe Vaslin, Nina Lemahieu, Claire Gilioli, Olivier Chauveau, Agathe Quéré, Jean-Charles Flamant, Lucieistanbul, Jacques Guinet, Michel Sut, Hélène Rouchard, Eric Pouchol, Délia Vatinel, Maurice Quéré, Michel Baranger, Jean-Marie Quéré, Amélie Pouchol, Mathilde Valendru, Marcel Lemahieu, Oriane Dabrowski, Lydie Ronfard, Philippe Guinet, Raphael Fretigny, Camille Lafay, Christine Cecchini, Marine Pennet, Florence Valendru, Antoine Idier, Ms Bertille, François Trimouille, Renée Greusard, Anne Verjus, Lucile Berland, Clara Nicolas, Thomas Vanderburie, Tom Nasr, Martijn Pineau.</p>
<p></div>
