{"id":934,"date":"2011-06-05T13:09:47","date_gmt":"2011-06-05T12:09:47","guid":{"rendered":"http:\/\/www.editions-libel.fr\/2016\/?post_type=product&#038;p=934"},"modified":"2025-12-12T16:42:12","modified_gmt":"2025-12-12T15:42:12","slug":"un-siecle-decologie-a-luniversite-de-grenoble","status":"publish","type":"product","link":"https:\/\/www.editions-libel.fr\/maison-edition\/boutique\/un-siecle-decologie-a-luniversite-de-grenoble\/","title":{"rendered":"Un si\u00e8cle d&rsquo;\u00e9cologie \u00e0 l&rsquo;Universit\u00e9 de Grenoble"},"content":{"rendered":"[vc_row][vc_column][vc_column_text]<span style=\"text-decoration: underline;\"><a href=\"https:\/\/heyzine.com\/flip-book\/dcca185831.html\" target=\"_blank\" rel=\"noopener noreferrer\">Feuilleter un extrait<\/a><\/span><br \/>\n<span style=\"text-decoration: underline;\"><a href=\"https:\/\/www.editions-libel.fr\/maison-edition\/wp-content\/uploads\/CP-unsiecledecologie.pdf\" target=\"_blank\" rel=\"noopener noreferrer\">Communiqu\u00e9 de presse<\/a><\/span><br \/>\n<span style=\"text-decoration: underline;\"><a href=\"https:\/\/www.editions-libel.fr\/maison-edition\/wp-content\/uploads\/2015\/10\/notice-ecologie2.pdf\" target=\"_blank\" rel=\"noopener noreferrer\">Notice libraire<\/a><\/span>[\/vc_column_text][\/vc_column][\/vc_row]\n","protected":false},"excerpt":{"rendered":"<p>Ancien professeur \u00e0 l\u2019Universit\u00e9 de Grenoble, Jean Bouvet nous raconte l\u2019histoire d\u2019un laboratoire de la Facult\u00e9 des sciences dont les d\u00e9couvertes, notamment dans l\u2019\u00e9tude du milieu des eaux douces et de la montagne, ont contribu\u00e9 au d\u00e9veloppement de l\u2019\u00e9cologie \u00e0 une \u00e9poque o\u00f9 concepts et m\u00e9thodologies modernes n\u2019avaient pas \u00e9clos.<\/p>\n<p>Ouvrage \u00e9dit\u00e9 en partenariat avec l&rsquo;<strong>Universit\u00e9 Joseph Fourier de Grenoble<\/strong>.<\/p>\n","protected":false},"featured_media":5704,"template":"","meta":[],"product_cat":[77,82,43,23,24],"product_tag":[92,108,127,91,94],"class_list":["post-934","product","type-product","status-publish","has-post-thumbnail","hentry","product_cat-histoire-2","product_cat-libel","product_cat-patrimoines","product_cat-regionalisme","product_cat-sciences","product_tag-ecologie","product_tag-education","product_tag-geographie","product_tag-montagne","product_tag-sciences"],"_links":{"self":[{"href":"https:\/\/www.editions-libel.fr\/maison-edition\/wp-json\/wp\/v2\/product\/934","targetHints":{"allow":["GET"]}}],"collection":[{"href":"https:\/\/www.editions-libel.fr\/maison-edition\/wp-json\/wp\/v2\/product"}],"about":[{"href":"https:\/\/www.editions-libel.fr\/maison-edition\/wp-json\/wp\/v2\/types\/product"}],"wp:featuredmedia":[{"embeddable":true,"href":"https:\/\/www.editions-libel.fr\/maison-edition\/wp-json\/wp\/v2\/media\/5704"}],"wp:attachment":[{"href":"https:\/\/www.editions-libel.fr\/maison-edition\/wp-json\/wp\/v2\/media?parent=934"}],"wp:term":[{"taxonomy":"product_cat","embeddable":true,"href":"https:\/\/www.editions-libel.fr\/maison-edition\/wp-json\/wp\/v2\/product_cat?post=934"},{"taxonomy":"product_tag","embeddable":true,"href":"https:\/\/www.editions-libel.fr\/maison-edition\/wp-json\/wp\/v2\/product_tag?post=934"}],"curies":[{"name":"wp","href":"https:\/\/api.w.org\/{rel}","templated":true}]}}