{"id":933,"date":"2010-11-10T13:05:31","date_gmt":"2010-11-10T12:05:31","guid":{"rendered":"http:\/\/www.editions-libel.fr\/2016\/?post_type=product&#038;p=933"},"modified":"2025-12-12T16:45:25","modified_gmt":"2025-12-12T15:45:25","slug":"de-gre-ou-de-force","status":"publish","type":"product","link":"https:\/\/www.editions-libel.fr\/maison-edition\/boutique\/de-gre-ou-de-force\/","title":{"rendered":"De gr\u00e9 ou de force"},"content":{"rendered":"<p>Second volet des comm\u00e9morations des d\u00e9placements de la population mosellane durant la Seconde Guerre mondiale, <em>De gr\u00e9 ou de force\u00a0<\/em>t\u00e9moigne de l\u2019expulsion du territoire subie par 100 000 Mosellans \u00e0 partir de 1940, alors que la Moselle, comme les d\u00e9partements alsaciens, est annex\u00e9e par l\u2019Allemagne victorieuse.[vc_row][vc_column][vc_column_text]<span style=\"text-decoration: underline;\"><a href=\"https:\/\/heyzine.com\/flip-book\/eb395cb957.html\" target=\"_blank\" rel=\"noopener noreferrer\">Feuilleter un extrait<\/a><br \/>\n<a href=\"https:\/\/www.editions-libel.fr\/maison-edition\/wp-content\/uploads\/DGODF-SOMMAIRE.pdf\" target=\"_blank\" rel=\"noopener noreferrer\">Voir le sommaire<\/a><\/span><br \/>\n<span style=\"text-decoration: underline;\"><a href=\"https:\/\/www.editions-libel.fr\/maison-edition\/wp-content\/uploads\/2015\/10\/PRESSE-DGODF.pdf\" target=\"_blank\" rel=\"noopener noreferrer\">Dossier de presse<\/a><\/span><br \/>\n<span style=\"text-decoration: underline;\"><a href=\"https:\/\/www.editions-libel.fr\/maison-edition\/wp-content\/uploads\/2015\/10\/notice_DGODF.pdf\" target=\"_blank\" rel=\"noopener noreferrer\">Notice libraire<\/a><\/span>[\/vc_column_text][\/vc_column][\/vc_row]\n","protected":false},"excerpt":{"rendered":"<p><strong><span style=\"color: #cc0000;\"><b>\u00c9puis\u00e9<br \/>\n<\/b><\/span><\/strong><strong>L&rsquo;expulsion des Mosellans 1940-1945 <\/strong>[Collectif]<strong><br \/>\n<\/strong>Second volet des comm\u00e9morations des d\u00e9placements de la population mosellane durant la Seconde Guerre mondiale, <em>De gr\u00e9 ou de force\u00a0<\/em>t\u00e9moigne de l\u2019expulsion du territoire subie par 100 000 Mosellans \u00e0 partir de 1940, alors que la Moselle, comme les d\u00e9partements alsaciens, est annex\u00e9e par l\u2019Allemagne victorieuse.<\/p>\n<p>Ouvrage dirig\u00e9 par <strong>Beno\u00eet Charenton, Jean-\u00c9ric Iung et Philippe Wilmouth<\/strong>, \u00e0 l\u2019occasion de l\u2019exposition \u00e9ponyme pr\u00e9sent\u00e9e aux <strong>Archives d\u00e9partementales de la Moselle<\/strong>.<\/p>\n<p><em><br \/>\nLes <strong><a href=\"http:\/\/www.archives57.com\/\" target=\"_blank\" rel=\"noopener noreferrer\">Archives d\u00e9partementales de la Moselle<\/a>\u00a0<\/strong>collectent, conservent, classent et communiquent des documents issus de fonds publics et priv\u00e9s. Ces derni\u00e8res ann\u00e9es, elles ont consacr\u00e9 un cycle d\u2019expositions sur la vie des Mosellans pendant la Seconde Guerre mondiale.<\/em><\/p>\n","protected":false},"featured_media":6772,"template":"","meta":[],"product_cat":[82,8,15,16,23],"product_tag":[132,127,103],"class_list":["post-933","product","type-product","status-publish","has-post-thumbnail","hentry","product_cat-libel","product_cat-epuises","product_cat-histoire","product_cat-histoire-des-conflits","product_cat-regionalisme","product_tag-culture","product_tag-geographie","product_tag-memoire-des-conflits"],"_links":{"self":[{"href":"https:\/\/www.editions-libel.fr\/maison-edition\/wp-json\/wp\/v2\/product\/933","targetHints":{"allow":["GET"]}}],"collection":[{"href":"https:\/\/www.editions-libel.fr\/maison-edition\/wp-json\/wp\/v2\/product"}],"about":[{"href":"https:\/\/www.editions-libel.fr\/maison-edition\/wp-json\/wp\/v2\/types\/product"}],"wp:featuredmedia":[{"embeddable":true,"href":"https:\/\/www.editions-libel.fr\/maison-edition\/wp-json\/wp\/v2\/media\/6772"}],"wp:attachment":[{"href":"https:\/\/www.editions-libel.fr\/maison-edition\/wp-json\/wp\/v2\/media?parent=933"}],"wp:term":[{"taxonomy":"product_cat","embeddable":true,"href":"https:\/\/www.editions-libel.fr\/maison-edition\/wp-json\/wp\/v2\/product_cat?post=933"},{"taxonomy":"product_tag","embeddable":true,"href":"https:\/\/www.editions-libel.fr\/maison-edition\/wp-json\/wp\/v2\/product_tag?post=933"}],"curies":[{"name":"wp","href":"https:\/\/api.w.org\/{rel}","templated":true}]}}

De gré ou de force

<p>Second volet des commémorations des déplacements de la population mosellane durant la Seconde Guerre mondiale, <em>De gré ou de force </em>témoigne de l’expulsion du territoire subie par 100 000 Mosellans à partir de 1940, alors que la Moselle, comme les départements alsaciens, est annexée par l’Allemagne victorieuse.[vc_row][vc_column][vc_column_text]<span style="text-decoration: underline;"><a href="https://heyzine.com/flip-book/eb395cb957.html" target="_blank" rel="noopener noreferrer">Feuilleter un extrait</a><br />
<a href="https://www.editions-libel.fr/maison-edition/wp-content/uploads/DGODF-SOMMAIRE.pdf" target="_blank" rel="noopener noreferrer">Voir le sommaire</a></span><br />
<span style="text-decoration: underline;"><a href="https://www.editions-libel.fr/maison-edition/wp-content/uploads/2015/10/PRESSE-DGODF.pdf" target="_blank" rel="noopener noreferrer">Dossier de presse</a></span><br />
<span style="text-decoration: underline;"><a href="https://www.editions-libel.fr/maison-edition/wp-content/uploads/2015/10/notice_DGODF.pdf" target="_blank" rel="noopener noreferrer">Notice libraire</a></span>[/vc_column_text][/vc_column][/vc_row]

<p><strong><span style="color: #cc0000;"><b>Épuisé<br />
</b></span></strong><strong>L&rsquo;expulsion des Mosellans 1940-1945 </strong>[Collectif]<strong><br />
</strong>Second volet des commémorations des déplacements de la population mosellane durant la Seconde Guerre mondiale, <em>De gré ou de force </em>témoigne de l’expulsion du territoire subie par 100 000 Mosellans à partir de 1940, alors que la Moselle, comme les départements alsaciens, est annexée par l’Allemagne victorieuse.</p>
<p>Ouvrage dirigé par <strong>Benoît Charenton, Jean-Éric Iung et Philippe Wilmouth</strong>, à l’occasion de l’exposition éponyme présentée aux <strong>Archives départementales de la Moselle</strong>.</p>
<p><em><br />
Les <strong><a href="http://www.archives57.com/" target="_blank" rel="noopener noreferrer">Archives départementales de la Moselle</a> </strong>collectent, conservent, classent et communiquent des documents issus de fonds publics et privés. Ces dernières années, elles ont consacré un cycle d’expositions sur la vie des Mosellans pendant la Seconde Guerre mondiale.</em></p>
