{"id":927,"date":"2009-11-10T12:42:14","date_gmt":"2009-11-10T11:42:14","guid":{"rendered":"http:\/\/www.editions-libel.fr\/2016\/?post_type=product&#038;p=927"},"modified":"2025-12-12T16:48:53","modified_gmt":"2025-12-12T15:48:53","slug":"juste-avant-le-courant","status":"publish","type":"product","link":"https:\/\/www.editions-libel.fr\/maison-edition\/boutique\/juste-avant-le-courant\/","title":{"rendered":"Juste avant le courant"},"content":{"rendered":"[vc_row][vc_column][vc_column_text]<span style=\"text-decoration: underline;\"><a href=\"https:\/\/heyzine.com\/flip-book\/200d003d3f.html\" target=\"_blank\" rel=\"noopener noreferrer\">Feuilleter un extrait<\/a><\/span><br \/>\n<span style=\"text-decoration: underline;\"><a href=\"https:\/\/www.editions-libel.fr\/maison-edition\/wp-content\/uploads\/2015\/10\/DDP_Justeavantlecourant.pdf\" target=\"_blank\" rel=\"noopener noreferrer\">Dossier de presse<\/a><\/span><br \/>\n<span style=\"text-decoration: underline;\"><a href=\"https:\/\/www.editions-libel.fr\/maison-edition\/wp-content\/uploads\/2015\/10\/LIBEL_notice_TSV.pdf\" target=\"_blank\" rel=\"noopener noreferrer\">Notice libraire<\/a><\/span>[\/vc_column_text][\/vc_column][\/vc_row]\n","protected":false},"excerpt":{"rendered":"<p>Le photographe Fr\u00e9d\u00e9ric Bellay a pass\u00e9 plusieurs mois dans les ateliers de l\u2019entreprise presque centenaire TSV (Transformateurs Solutions V\u00e9nissieux), sp\u00e9cialis\u00e9e dans la maintenance de transformateurs \u00e9lectriques. Ses images nous parlent des machines, colosses de cuivre et de kraft, et des hommes au travail. Dans l\u2019intimit\u00e9 de la f\u00e9e \u00e9lectricit\u00e9.<\/p>\n","protected":false},"featured_media":5716,"template":"","meta":[],"product_cat":[71,82,17,43,21,23],"product_tag":[95,129,110,122,99],"class_list":["post-927","product","type-product","status-publish","has-post-thumbnail","hentry","product_cat-arts","product_cat-libel","product_cat-lyon","product_cat-patrimoines","product_cat-photographie","product_cat-regionalisme","product_tag-lyon","product_tag-metier","product_tag-patrimoine","product_tag-photographie","product_tag-savoir-faire"],"_links":{"self":[{"href":"https:\/\/www.editions-libel.fr\/maison-edition\/wp-json\/wp\/v2\/product\/927","targetHints":{"allow":["GET"]}}],"collection":[{"href":"https:\/\/www.editions-libel.fr\/maison-edition\/wp-json\/wp\/v2\/product"}],"about":[{"href":"https:\/\/www.editions-libel.fr\/maison-edition\/wp-json\/wp\/v2\/types\/product"}],"wp:featuredmedia":[{"embeddable":true,"href":"https:\/\/www.editions-libel.fr\/maison-edition\/wp-json\/wp\/v2\/media\/5716"}],"wp:attachment":[{"href":"https:\/\/www.editions-libel.fr\/maison-edition\/wp-json\/wp\/v2\/media?parent=927"}],"wp:term":[{"taxonomy":"product_cat","embeddable":true,"href":"https:\/\/www.editions-libel.fr\/maison-edition\/wp-json\/wp\/v2\/product_cat?post=927"},{"taxonomy":"product_tag","embeddable":true,"href":"https:\/\/www.editions-libel.fr\/maison-edition\/wp-json\/wp\/v2\/product_tag?post=927"}],"curies":[{"name":"wp","href":"https:\/\/api.w.org\/{rel}","templated":true}]}}

<p>Le photographe Frédéric Bellay a passé plusieurs mois dans les ateliers de l’entreprise presque centenaire TSV (Transformateurs Solutions Vénissieux), spécialisée dans la maintenance de transformateurs électriques. Ses images nous parlent des machines, colosses de cuivre et de kraft, et des hommes au travail. Dans l’intimité de la fée électricité.</p>
