{"id":9181,"date":"2023-04-26T11:43:30","date_gmt":"2023-04-26T09:43:30","guid":{"rendered":"https:\/\/www.editions-libel.fr\/maison-edition\/?post_type=product&#038;p=9181"},"modified":"2026-03-19T14:32:01","modified_gmt":"2026-03-19T13:32:01","slug":"dix-ans-de-reconstruction-du-tohoku-apres-la-triple-catastrophe-du-11-mars-2011","status":"publish","type":"product","link":"https:\/\/www.editions-libel.fr\/maison-edition\/boutique\/dix-ans-de-reconstruction-du-tohoku-apres-la-triple-catastrophe-du-11-mars-2011\/","title":{"rendered":"Dix ans de reconstruction du T\u00f4hoku apr\u00e8s la triple catastrophe du  11 mars 2011"},"content":{"rendered":"[vc_row][vc_column][vc_column_text]<a href=\"https:\/\/heyzine.com\/flip-book\/ebec91453b.html\" target=\"_blank\" rel=\"noopener\"><span style=\"text-decoration: underline;\">Feuilleter un extrait<\/span><\/a><br \/>\n<a href=\"https:\/\/www.editions-libel.fr\/maison-edition\/wp-content\/uploads\/COMMUNIQUE_LIBEL_TOHOKU.pdf\" target=\"_blank\" rel=\"noopener\"><span style=\"text-decoration: underline;\">Dossier de presse<\/span><\/a><br \/>\n<a href=\"https:\/\/www.editions-libel.fr\/maison-edition\/wp-content\/uploads\/NOTICE_LIBEL_TOHOKU.pdf\" target=\"_blank\" rel=\"noopener\"><span style=\"text-decoration: underline;\">Notice libraire<\/span><\/a>[\/vc_column_text][\/vc_column][\/vc_row]\n","protected":false},"excerpt":{"rendered":"<p><a class=\"ebook\" href=\"https:\/\/www.editions-fablyo.fr\/produit\/dix-ans-de-reconstruction-du-tohoku-apres-la-triple-catastrophe-du-11-mars-2011\/\" target=\"_blank\" rel=\"noopener noreferrer\"><img decoding=\"async\" style=\"width: 30px;\" src=\"https:\/\/www.editions-libel.fr\/maison-edition\/picto-fablyo-rose.svg\" \/>Ebook disponible ici<\/a><\/p>\n<p><strong><span style=\"color: #eb8367;\">Prix du m\u00e9moire de Sciences Po Lyon 2021<\/span><\/strong><\/p>\n<p class=\"p1\"><strong><b>Approche g\u00e9opolitique et sociologique d\u2019un d\u00e9sastre in\u00e9dit<\/b><\/strong><\/p>\n<p class=\"p1\">Le 11 mars 2011, \u00e0 14 h 46, le plus puissant s\u00e9isme de l\u2019histoire du Japon se d\u00e9clenche au large de la r\u00e9gion du T\u00f4hoku. Il cause un tsunami d\u00e9vastateur, tuant plus de 22\u2009000 personnes et d\u00e9truisant un nombre incalculable d\u2019infrastructures. Quelques jours plus tard, une s\u00e9rie d\u2019explosions \u00e0 la centrale de Fukushima Daiichi plonge le Japon dans sa plus grande catastrophe nucl\u00e9aire depuis 1945.<\/p>\n<p class=\"p1\">Cette triple catastrophe, souvent r\u00e9duite \u00e0 la seule mention de \u00ab\u2009Fukushima\u2009\u00bb par les m\u00e9dias occidentaux, a laiss\u00e9 de profondes traces au sein de la soci\u00e9t\u00e9 japonaise. Qu\u2019il s\u2019agisse de la c\u00f4te du Sanriku, la plus gravement touch\u00e9e par le tsunami, ou des zones contamin\u00e9es par la radioactivit\u00e9 en pr\u00e9fecture de Fukushima, les politiques de gestion de la catastrophe fond\u00e9es sur le paradigme de la \u00ab\u2009r\u00e9silience\u2009\u00bb et sur \u00ab\u2009l\u2019ignorance organis\u00e9e\u2009\u00bb ont eu de graves cons\u00e9quences sociales. En 2011, tout est \u00e0 reconstruire : les infrastructures, mais aussi les individus et les communaut\u00e9s.<\/p>\n<div>\n<p class=\"bodytext\"><strong>Ouvrage co\u00e9dit\u00e9 avec Sciences Po Lyon.\u00a0<\/strong><\/p>\n<p><strong><span style=\"color: #eb8367;\">\u00c9galement \u00e9dit\u00e9s dans la collection <\/span>: <em><a href=\"https:\/\/www.editions-libel.fr\/maison-edition\/boutique\/art-cloche-yonna-soltner\/\">Art-Cloche. Les oubli\u00e9s de l&rsquo;histoire ?<\/a>,\u00a0<a href=\"https:\/\/www.editions-libel.fr\/maison-edition\/boutique\/rwanda-1994-et-instrumentalisation-du-corps-des-femmes\/\">Rwanda 1994 et instrumentalisation du corps des femmes<\/a><\/em>, <em><a href=\"https:\/\/www.editions-libel.fr\/maison-edition\/boutique\/les-ecosystemes-ont-ils-des-droits\/\">Les \u00e9cosyst\u00e8mes ont-ils des droits ?<\/a><\/em>, <em><a href=\"https:\/\/www.editions-libel.fr\/maison-edition\/boutique\/quitte-a-etre-mere-autant-etre-lesbienne\/\">\u00ab Quitte \u00e0 \u00eatre m\u00e8re, autant \u00eatre lesbienne \u00bb<\/a><\/em><\/strong> <strong>, <\/strong><em><a href=\"https:\/\/www.editions-libel.fr\/maison-edition\/boutique\/energie-citoyenne-synergie-locale\/\"><strong>\u00c9nergie citoyenne, synergie locale<\/strong><\/a><\/em> <strong><em>et<\/em><em> <a href=\"https:\/\/www.editions-libel.fr\/maison-edition\/boutique\/la-politique-en-tribune\/\">La politique en tribune.<\/a><\/em><\/strong><\/p>\n<\/div>\n","protected":false},"featured_media":9189,"template":"","meta":[],"product_cat":[88,77,82,15,22,25],"product_tag":[108,127,111,103,96],"class_list":["post-9181","product","type-product","status-publish","has-post-thumbnail","hentry","product_cat-collection-sciences-po","product_cat-histoire-2","product_cat-libel","product_cat-histoire","product_cat-recit","product_cat-societe","product_tag-education","product_tag-geographie","product_tag-histoire","product_tag-memoire-des-conflits","product_tag-politique"],"_links":{"self":[{"href":"https:\/\/www.editions-libel.fr\/maison-edition\/wp-json\/wp\/v2\/product\/9181","targetHints":{"allow":["GET"]}}],"collection":[{"href":"https:\/\/www.editions-libel.fr\/maison-edition\/wp-json\/wp\/v2\/product"}],"about":[{"href":"https:\/\/www.editions-libel.fr\/maison-edition\/wp-json\/wp\/v2\/types\/product"}],"wp:featuredmedia":[{"embeddable":true,"href":"https:\/\/www.editions-libel.fr\/maison-edition\/wp-json\/wp\/v2\/media\/9189"}],"wp:attachment":[{"href":"https:\/\/www.editions-libel.fr\/maison-edition\/wp-json\/wp\/v2\/media?parent=9181"}],"wp:term":[{"taxonomy":"product_cat","embeddable":true,"href":"https:\/\/www.editions-libel.fr\/maison-edition\/wp-json\/wp\/v2\/product_cat?post=9181"},{"taxonomy":"product_tag","embeddable":true,"href":"https:\/\/www.editions-libel.fr\/maison-edition\/wp-json\/wp\/v2\/product_tag?post=9181"}],"curies":[{"name":"wp","href":"https:\/\/api.w.org\/{rel}","templated":true}]}}