{"id":8635,"date":"2022-10-19T10:15:39","date_gmt":"2022-10-19T08:15:39","guid":{"rendered":"https:\/\/www.editions-libel.fr\/maison-edition\/?post_type=product&#038;p=8635"},"modified":"2025-12-05T14:25:28","modified_gmt":"2025-12-05T13:25:28","slug":"egyptomania","status":"publish","type":"product","link":"https:\/\/www.editions-libel.fr\/maison-edition\/boutique\/egyptomania\/","title":{"rendered":"\u00c9gyptomania"},"content":{"rendered":"[vc_row][vc_column][vc_column_text]<a href=\"https:\/\/heyzine.com\/flip-book\/1f8989b18a.html\" target=\"_blank\" rel=\"noopener\"><span style=\"text-decoration: underline;\">F<\/span><span style=\"text-decoration: underline;\">euilleter un extrait<\/span><\/a><br \/>\n<a href=\"https:\/\/www.editions-libel.fr\/maison-edition\/wp-content\/uploads\/DP_LIBEL-EGYPTO.pdf\" target=\"_blank\" rel=\"noopener\"><span style=\"text-decoration: underline;\">Dossier de presse<\/span><\/a><br \/>\n<a href=\"https:\/\/www.editions-libel.fr\/maison-edition\/wp-content\/uploads\/NOTICE_LIBEL_EGYPTO.pdf\" target=\"_blank\" rel=\"noopener\"><span style=\"text-decoration: underline;\">N<\/span><span style=\"text-decoration: underline;\">otice libraire<\/span><\/a>[\/vc_column_text][\/vc_column][\/vc_row]\n","protected":false},"excerpt":{"rendered":"<div id=\"tab-2c94af60-a783-10\" class=\"wpb_tab ui-tabs-panel wpb_ui-tabs-hide vc_clearfix ui-widget-content ui-corner-bottom\" role=\"tabpanel\" aria-labelledby=\"ui-id-1\" aria-hidden=\"false\">\n<div class=\"wpb_text_column wpb_content_element \">\n<div class=\"wpb_wrapper\">\n<h5><strong>La collection Jean-Marcel Humbert<\/strong><b><\/b><\/h5>\n<p>Depuis plus de deux si\u00e8cles l\u2019\u00c9gypte ancienne est une source d\u2019inspiration in\u00e9puisable dans les domaines artistiques, m\u00e9diatiques et \u00e9conomiques. Les soci\u00e9t\u00e9s occidentales s\u2019approprient le mod\u00e8le antique, symbole du grandiose, de l\u2019immortalit\u00e9, de l\u2019irrationnel et du myst\u00e8re. La culture des pharaons et reines du Nil sert au divertissement, au voyage dans le temps et l\u2019espace, \u00e0 la d\u00e9lectation dans l\u2019horreur, \u00e0 l\u2019affirmation de l\u2019appartenance \u00e0 une communaut\u00e9 ou\u2026 \u00e0 la vente de biens de consommation.<br \/>\nRiches de nombreux documents et objets originaux issus des collections de Jean-Marcel Humbert, conservateur g\u00e9n\u00e9ral honoraire du patrimoine et expert de l&rsquo;\u00e9gyptomanie, cet ouvrage et l&rsquo;exposition qu&rsquo;il accompagne illustrent cette fascination plus vive que jamais pour l&rsquo;\u00c9gypte !<\/p>\n<p><strong><span style=\"color: #ff9900;\">Cet ouvrage accompagne<\/span> <a href=\"https:\/\/musees.isere.fr\/expo\/musee-dauphinois-egyptomania-la-collection-jean-marcel-humbert\" target=\"_blank\" rel=\"noopener\">l\u2019exposition<\/a> <span style=\"color: #ff9900;\">\u00e9ponyme pr\u00e9sent\u00e9e au mus\u00e9e Dauphinois \u00e0 Grenoble du 5 novembre 2022 au 27 novembre 2023<\/span><\/strong><\/p>\n<p><strong><em>\u00a0<\/em><\/strong><\/p>\n<\/div>\n<\/div>\n<\/div>\n","protected":false},"featured_media":8793,"template":"","meta":[],"product_cat":[71,77,82,13,15,43,25],"product_tag":[97,117,111,131],"class_list":["post-8635","product","type-product","status-publish","has-post-thumbnail","hentry","product_cat-arts","product_cat-histoire-2","product_cat-libel","product_cat-beaux-arts","product_cat-histoire","product_cat-patrimoines","product_cat-societe","product_tag-archeologie","product_tag-art","product_tag-histoire","product_tag-musee"],"_links":{"self":[{"href":"https:\/\/www.editions-libel.fr\/maison-edition\/wp-json\/wp\/v2\/product\/8635","targetHints":{"allow":["GET"]}}],"collection":[{"href":"https:\/\/www.editions-libel.fr\/maison-edition\/wp-json\/wp\/v2\/product"}],"about":[{"href":"https:\/\/www.editions-libel.fr\/maison-edition\/wp-json\/wp\/v2\/types\/product"}],"wp:featuredmedia":[{"embeddable":true,"href":"https:\/\/www.editions-libel.fr\/maison-edition\/wp-json\/wp\/v2\/media\/8793"}],"wp:attachment":[{"href":"https:\/\/www.editions-libel.fr\/maison-edition\/wp-json\/wp\/v2\/media?parent=8635"}],"wp:term":[{"taxonomy":"product_cat","embeddable":true,"href":"https:\/\/www.editions-libel.fr\/maison-edition\/wp-json\/wp\/v2\/product_cat?post=8635"},{"taxonomy":"product_tag","embeddable":true,"href":"https:\/\/www.editions-libel.fr\/maison-edition\/wp-json\/wp\/v2\/product_tag?post=8635"}],"curies":[{"name":"wp","href":"https:\/\/api.w.org\/{rel}","templated":true}]}}