{"id":8607,"date":"2022-10-05T10:33:25","date_gmt":"2022-10-05T08:33:25","guid":{"rendered":"https:\/\/www.editions-libel.fr\/maison-edition\/?post_type=product&#038;p=8607"},"modified":"2025-12-05T14:28:32","modified_gmt":"2025-12-05T13:28:32","slug":"portrait","status":"publish","type":"product","link":"https:\/\/www.editions-libel.fr\/maison-edition\/boutique\/portrait\/","title":{"rendered":"Portrait"},"content":{"rendered":"[vc_row][vc_column][vc_column_text]<a href=\"https:\/\/heyzine.com\/flip-book\/15362c3cea.html\" target=\"_blank\" rel=\"noopener\"><span style=\"text-decoration: underline;\">F<\/span><span style=\"text-decoration: underline;\">euilleter un extrait<\/span><\/a><br \/>\n<a href=\"https:\/\/www.editions-libel.fr\/maison-edition\/wp-content\/uploads\/DP_LIBEL-PORTRAIT.pdf\" target=\"_blank\" rel=\"noopener\"><span style=\"text-decoration: underline;\">Dossier de presse<\/span><\/a><br \/>\n<a href=\"https:\/\/www.editions-libel.fr\/maison-edition\/wp-content\/uploads\/NOTICE_LIBEL_PORTRAIT-CHRD.pdf\" target=\"_blank\" rel=\"noopener\"><span style=\"text-decoration: underline;\">N<\/span><span style=\"text-decoration: underline;\">otice libraire<\/span><\/a>[\/vc_column_text][\/vc_column][\/vc_row]\n","protected":false},"excerpt":{"rendered":"<div id=\"tab-2c94af60-a783-10\" class=\"wpb_tab ui-tabs-panel wpb_ui-tabs-hide vc_clearfix ui-widget-content ui-corner-bottom\" role=\"tabpanel\" aria-labelledby=\"ui-id-1\" aria-hidden=\"false\">\n<div class=\"wpb_text_column wpb_content_element \">\n<h5 class=\"wpb_wrapper\"><strong>des collections du Centre d&rsquo;Histoire de la R\u00e9sistance et de la <\/strong>D\u00e9portation<\/h5>\n<p class=\"wpb_wrapper\">En janvier 2022 ouvrait l\u2019exposition Visages, imagin\u00e9e pour accompagner la c\u00e9l\u00e9bration des trente ans du CHRD (Lyon). Pour la premi\u00e8re fois, le mus\u00e9e ambitionnait de d\u00e9voiler ses \u00ab chefs-d\u2019\u0153uvre \u00bb au fil d\u2019un parcours organis\u00e9 sur la th\u00e9matique du visage, comme r\u00e9v\u00e9lateur des trajectoires individuelles et collectives dont les mus\u00e9es de la R\u00e9sistance et de la D\u00e9portation se font l\u2019\u00e9cho. L\u2019ouvrage Portrait des collections livre l\u2019album souvenir de cette plong\u00e9e unique dans les archives remarquables du CHRD. Richement illustr\u00e9, il rend compte, \u00e0 travers la vari\u00e9t\u00e9 des pi\u00e8ces qu\u2019il pr\u00e9sente, de l\u2019histoire du mus\u00e9e et de ses \u00e9volutions.<\/p>\n<p>&nbsp;<\/p>\n<p><strong><em>\u00a0<\/em><\/strong><\/p>\n<\/div>\n<\/div>\n","protected":false},"featured_media":8608,"template":"","meta":[],"product_cat":[77,82,15,16,17,43,23,25],"product_tag":[117,95,103,131],"class_list":["post-8607","product","type-product","status-publish","has-post-thumbnail","hentry","product_cat-histoire-2","product_cat-libel","product_cat-histoire","product_cat-histoire-des-conflits","product_cat-lyon","product_cat-patrimoines","product_cat-regionalisme","product_cat-societe","product_tag-art","product_tag-lyon","product_tag-memoire-des-conflits","product_tag-musee"],"_links":{"self":[{"href":"https:\/\/www.editions-libel.fr\/maison-edition\/wp-json\/wp\/v2\/product\/8607","targetHints":{"allow":["GET"]}}],"collection":[{"href":"https:\/\/www.editions-libel.fr\/maison-edition\/wp-json\/wp\/v2\/product"}],"about":[{"href":"https:\/\/www.editions-libel.fr\/maison-edition\/wp-json\/wp\/v2\/types\/product"}],"wp:featuredmedia":[{"embeddable":true,"href":"https:\/\/www.editions-libel.fr\/maison-edition\/wp-json\/wp\/v2\/media\/8608"}],"wp:attachment":[{"href":"https:\/\/www.editions-libel.fr\/maison-edition\/wp-json\/wp\/v2\/media?parent=8607"}],"wp:term":[{"taxonomy":"product_cat","embeddable":true,"href":"https:\/\/www.editions-libel.fr\/maison-edition\/wp-json\/wp\/v2\/product_cat?post=8607"},{"taxonomy":"product_tag","embeddable":true,"href":"https:\/\/www.editions-libel.fr\/maison-edition\/wp-json\/wp\/v2\/product_tag?post=8607"}],"curies":[{"name":"wp","href":"https:\/\/api.w.org\/{rel}","templated":true}]}}

<div id="tab-2c94af60-a783-10" class="wpb_tab ui-tabs-panel wpb_ui-tabs-hide vc_clearfix ui-widget-content ui-corner-bottom" role="tabpanel" aria-labelledby="ui-id-1" aria-hidden="false">
<div class="wpb_text_column wpb_content_element ">
<h5 class="wpb_wrapper"><strong>des collections du Centre d&rsquo;Histoire de la Résistance et de la </strong>Déportation</h5>
<p class="wpb_wrapper">En janvier 2022 ouvrait l’exposition Visages, imaginée pour accompagner la célébration des trente ans du CHRD (Lyon). Pour la première fois, le musée ambitionnait de dévoiler ses « chefs-d’œuvre » au fil d’un parcours organisé sur la thématique du visage, comme révélateur des trajectoires individuelles et collectives dont les musées de la Résistance et de la Déportation se font l’écho. L’ouvrage Portrait des collections livre l’album souvenir de cette plongée unique dans les archives remarquables du CHRD. Richement illustré, il rend compte, à travers la variété des pièces qu’il présente, de l’histoire du musée et de ses évolutions.</p>
<p>&nbsp;</p>
<p><strong><em> </em></strong></p>
</div>
</div>
