{"id":8583,"date":"2022-09-27T15:46:46","date_gmt":"2022-09-27T13:46:46","guid":{"rendered":"https:\/\/www.editions-libel.fr\/maison-edition\/?post_type=product&#038;p=8583"},"modified":"2025-12-05T14:33:21","modified_gmt":"2025-12-05T13:33:21","slug":"inventaire","status":"publish","type":"product","link":"https:\/\/www.editions-libel.fr\/maison-edition\/boutique\/inventaire\/","title":{"rendered":"Inventaire"},"content":{"rendered":"[vc_row][vc_column][vc_column_text]<span style=\"text-decoration: underline;\"><a href=\"https:\/\/heyzine.com\/flip-book\/72a77bc6a0.html\" target=\"_blank\" rel=\"noopener\">Feuilleter un extrait<\/a><\/span><br \/>\n<a href=\"https:\/\/www.editions-libel.fr\/maison-edition\/wp-content\/uploads\/DP_LIBEL-INVENTAIRE-OK.pdf\" target=\"_blank\" rel=\"noopener\"><span style=\"text-decoration: underline;\">Dossier de presse<\/span><\/a><br \/>\n<span style=\"text-decoration: underline;\"><a href=\"https:\/\/www.editions-libel.fr\/maison-edition\/wp-content\/uploads\/NOTICE_LIBEL_INVENTAIRE.pdf\" target=\"_blank\" rel=\"noopener\">Notice libraire<\/a><\/span>[\/vc_column_text][\/vc_column][\/vc_row]\n","protected":false},"excerpt":{"rendered":"<div id=\"tab-2c94af60-a783-10\" class=\"wpb_tab ui-tabs-panel wpb_ui-tabs-hide vc_clearfix ui-widget-content ui-corner-bottom\" role=\"tabpanel\" aria-labelledby=\"ui-id-1\" aria-hidden=\"false\">\n<div class=\"wpb_text_column wpb_content_element \">\n<div class=\"wpb_wrapper\">\n<p><strong>\u00a0<\/strong><\/p>\n<p>Apr\u00e8s<em> Eaux fortes<\/em>, publi\u00e9 fin 2018 et aujourd\u2019hui \u00e9puis\u00e9, les \u00e9ditions Libel publient <em>Inventaire<\/em>, du graveur Philippe Tardy \u2013 en privil\u00e9giant cette fois l\u2019intime et le petit format. L\u2019ouvrage, v\u00e9ritable \u00ab livre d\u2019artiste \u00bb, sign\u00e9 de la main de l\u2019auteur et riche d\u2019une iconographie exceptionnelle, propose un voyage dans son univers foisonnant et prot\u00e9iforme. Il est pr\u00e9fac\u00e9 par l\u2019\u00e9crivain Jean-Yves Loude, voyageur devant l\u2019\u00c9ternel et grand amateur de propositions artistiques modestes et g\u00e9niales\u2026<\/p>\n<p><strong><em><span style=\"color: #ff9900;\"><b>\u00c9galement disponible :<\/b><\/span> <a href=\"https:\/\/www.editions-libel.fr\/maison-edition\/boutique\/inventaire-edition-limitee\/\">l&rsquo;\u00e9dition limit\u00e9e num\u00e9rot\u00e9e, sign\u00e9e et accompagn\u00e9e d\u2019une gravure originale\u00a0<\/a><\/em><\/strong><\/p>\n<\/div>\n<\/div>\n<\/div>\n","protected":false},"featured_media":8563,"template":"","meta":[],"product_cat":[71,82,9,12,13],"product_tag":[117,95,137],"class_list":["post-8583","product","type-product","status-publish","has-post-thumbnail","hentry","product_cat-arts","product_cat-libel","product_cat-series-limitees","product_cat-art-contemporain","product_cat-beaux-arts","product_tag-art","product_tag-lyon","product_tag-voyage"],"_links":{"self":[{"href":"https:\/\/www.editions-libel.fr\/maison-edition\/wp-json\/wp\/v2\/product\/8583","targetHints":{"allow":["GET"]}}],"collection":[{"href":"https:\/\/www.editions-libel.fr\/maison-edition\/wp-json\/wp\/v2\/product"}],"about":[{"href":"https:\/\/www.editions-libel.fr\/maison-edition\/wp-json\/wp\/v2\/types\/product"}],"wp:featuredmedia":[{"embeddable":true,"href":"https:\/\/www.editions-libel.fr\/maison-edition\/wp-json\/wp\/v2\/media\/8563"}],"wp:attachment":[{"href":"https:\/\/www.editions-libel.fr\/maison-edition\/wp-json\/wp\/v2\/media?parent=8583"}],"wp:term":[{"taxonomy":"product_cat","embeddable":true,"href":"https:\/\/www.editions-libel.fr\/maison-edition\/wp-json\/wp\/v2\/product_cat?post=8583"},{"taxonomy":"product_tag","embeddable":true,"href":"https:\/\/www.editions-libel.fr\/maison-edition\/wp-json\/wp\/v2\/product_tag?post=8583"}],"curies":[{"name":"wp","href":"https:\/\/api.w.org\/{rel}","templated":true}]}}

<div id="tab-2c94af60-a783-10" class="wpb_tab ui-tabs-panel wpb_ui-tabs-hide vc_clearfix ui-widget-content ui-corner-bottom" role="tabpanel" aria-labelledby="ui-id-1" aria-hidden="false">
<div class="wpb_text_column wpb_content_element ">
<div class="wpb_wrapper">
<p><strong> </strong></p>
<p>Après<em> Eaux fortes</em>, publié fin 2018 et aujourd’hui épuisé, les éditions Libel publient <em>Inventaire</em>, du graveur Philippe Tardy – en privilégiant cette fois l’intime et le petit format. L’ouvrage, véritable « livre d’artiste », signé de la main de l’auteur et riche d’une iconographie exceptionnelle, propose un voyage dans son univers foisonnant et protéiforme. Il est préfacé par l’écrivain Jean-Yves Loude, voyageur devant l’Éternel et grand amateur de propositions artistiques modestes et géniales…</p>
<p><strong><em><span style="color: #ff9900;"><b>Également disponible :</b></span> <a href="https://www.editions-libel.fr/maison-edition/boutique/inventaire-edition-limitee/">l&rsquo;édition limitée numérotée, signée et accompagnée d’une gravure originale </a></em></strong></p>
</div>
</div>
</div>
