{"id":8459,"date":"2022-07-25T14:43:53","date_gmt":"2022-07-25T12:43:53","guid":{"rendered":"https:\/\/www.editions-libel.fr\/maison-edition\/?post_type=product&#038;p=8459"},"modified":"2025-12-19T12:10:20","modified_gmt":"2025-12-19T11:10:20","slug":"le-lettre-de-la-croix-rousse","status":"publish","type":"product","link":"https:\/\/www.editions-libel.fr\/maison-edition\/boutique\/le-lettre-de-la-croix-rousse\/","title":{"rendered":"Le Lettr\u00e9 de la Croix-Rousse"},"content":{"rendered":"[vc_row][vc_column][vc_column_text]<a href=\"https:\/\/heyzine.com\/flip-book\/e740c14434.html\" target=\"_blank\" rel=\"noopener\"><span style=\"text-decoration: underline;\">F<\/span><span style=\"text-decoration: underline;\">euilleter un extrait<\/span><\/a><br \/>\n<a href=\"https:\/\/www.editions-libel.fr\/maison-edition\/wp-content\/uploads\/DP_LIBEL-ABECEDAIRE-BDEF.pdf\" target=\"_blank\" rel=\"noopener\"><span style=\"text-decoration: underline;\">Dossier de presse<\/span><\/a><br \/>\n<a href=\"https:\/\/www.editions-libel.fr\/maison-edition\/wp-content\/uploads\/NOTICE_LIBEL_ABECEDAIRE_OK.pdf\" target=\"_blank\" rel=\"noopener\"><span style=\"text-decoration: underline;\">N<\/span><span style=\"text-decoration: underline;\">otice libraire<\/span><\/a>[\/vc_column_text][\/vc_column][\/vc_row]\n","protected":false},"excerpt":{"rendered":"<div id=\"tab-2c94af60-a783-10\" class=\"wpb_tab ui-tabs-panel wpb_ui-tabs-hide vc_clearfix ui-widget-content ui-corner-bottom\" role=\"tabpanel\" aria-labelledby=\"ui-id-1\" aria-hidden=\"false\">\n<div class=\"wpb_text_column wpb_content_element \">\n<div class=\"wpb_wrapper\">\n<h5><strong><span style=\"color: #ff0000;\"><b><br \/>\n<\/b><\/span><br \/>\nLibre ab\u00e9c\u00e9daire<\/strong><\/h5>\n<p>L\u2019ab\u00e9c\u00e9daire libre et canant des amoureux de la Croix-Rousse.<\/p>\n<p>Dans les pas de l\u2019illustre Nizier du Puitspelu, <em>Le Lettr\u00e9 de la Croix-Rousse<\/em> propose une bambane in\u00e9dite dans le c\u0153ur historique de la soierie lyonnaise. De l&rsquo;Amphith\u00e9\u00e2tre des Trois Gaules aux Voraces, cet alphabet sensible \u00e9gr\u00e8ne plus de 150 articles racontant l&rsquo;histoire, les savoir-faire, mais aussi la m\u00e9moire, et l\u2019imaginaire de la \u00a0\u00bb colline qui travaille\u00a0\u00bb. Ses auteurs, tous ministres de la R\u00e9publique des Canuts, convoquent \u00e9rudition et passion pour dresser le portrait chinois d&rsquo;un quartier embl\u00e9matique de Lyon.<\/p>\n<p>&nbsp;<\/p>\n<p><strong><em>\u00a0<\/em><\/strong><\/p>\n<\/div>\n<\/div>\n<\/div>\n","protected":false},"featured_media":10777,"template":"","meta":[],"product_cat":[77,82,15,17,43,23,25],"product_tag":[118,132,111,95,123],"class_list":["post-8459","product","type-product","status-publish","has-post-thumbnail","hentry","product_cat-histoire-2","product_cat-libel","product_cat-histoire","product_cat-lyon","product_cat-patrimoines","product_cat-regionalisme","product_cat-societe","product_tag-croquis","product_tag-culture","product_tag-histoire","product_tag-lyon","product_tag-ville"],"_links":{"self":[{"href":"https:\/\/www.editions-libel.fr\/maison-edition\/wp-json\/wp\/v2\/product\/8459","targetHints":{"allow":["GET"]}}],"collection":[{"href":"https:\/\/www.editions-libel.fr\/maison-edition\/wp-json\/wp\/v2\/product"}],"about":[{"href":"https:\/\/www.editions-libel.fr\/maison-edition\/wp-json\/wp\/v2\/types\/product"}],"wp:featuredmedia":[{"embeddable":true,"href":"https:\/\/www.editions-libel.fr\/maison-edition\/wp-json\/wp\/v2\/media\/10777"}],"wp:attachment":[{"href":"https:\/\/www.editions-libel.fr\/maison-edition\/wp-json\/wp\/v2\/media?parent=8459"}],"wp:term":[{"taxonomy":"product_cat","embeddable":true,"href":"https:\/\/www.editions-libel.fr\/maison-edition\/wp-json\/wp\/v2\/product_cat?post=8459"},{"taxonomy":"product_tag","embeddable":true,"href":"https:\/\/www.editions-libel.fr\/maison-edition\/wp-json\/wp\/v2\/product_tag?post=8459"}],"curies":[{"name":"wp","href":"https:\/\/api.w.org\/{rel}","templated":true}]}}

Le Lettré de la Croix-Rousse

<div id="tab-2c94af60-a783-10" class="wpb_tab ui-tabs-panel wpb_ui-tabs-hide vc_clearfix ui-widget-content ui-corner-bottom" role="tabpanel" aria-labelledby="ui-id-1" aria-hidden="false">
<div class="wpb_text_column wpb_content_element ">
<div class="wpb_wrapper">
<h5><strong><span style="color: #ff0000;"><b><br />
</b></span><br />
Libre abécédaire</strong></h5>
<p>L’abécédaire libre et canant des amoureux de la Croix-Rousse.</p>
<p>Dans les pas de l’illustre Nizier du Puitspelu, <em>Le Lettré de la Croix-Rousse</em> propose une bambane inédite dans le cœur historique de la soierie lyonnaise. De l&rsquo;Amphithéâtre des Trois Gaules aux Voraces, cet alphabet sensible égrène plus de 150 articles racontant l&rsquo;histoire, les savoir-faire, mais aussi la mémoire, et l’imaginaire de la  » colline qui travaille ». Ses auteurs, tous ministres de la République des Canuts, convoquent érudition et passion pour dresser le portrait chinois d&rsquo;un quartier emblématique de Lyon.</p>
<p>&nbsp;</p>
<p><strong><em> </em></strong></p>
</div>
</div>
</div>
