{"id":8407,"date":"2022-06-20T15:25:18","date_gmt":"2022-06-20T13:25:18","guid":{"rendered":"https:\/\/www.editions-libel.fr\/maison-edition\/?post_type=product&#038;p=8407"},"modified":"2025-12-05T14:39:03","modified_gmt":"2025-12-05T13:39:03","slug":"hubert-munier-sublimer-le-reel-peintre-lyonnais-hyperrealisme","status":"publish","type":"product","link":"https:\/\/www.editions-libel.fr\/maison-edition\/boutique\/hubert-munier-sublimer-le-reel-peintre-lyonnais-hyperrealisme\/","title":{"rendered":"Hubert Munier"},"content":{"rendered":"[vc_row][vc_column][vc_column_text]<a href=\"https:\/\/heyzine.com\/flip-book\/a87fbee27a.html\" target=\"_blank\" rel=\"noopener\"><span style=\"text-decoration: underline;\">F<\/span><span style=\"text-decoration: underline;\">euilleter un extrait<\/span><\/a><br \/>\n<a href=\"https:\/\/www.editions-libel.fr\/maison-edition\/wp-content\/uploads\/DP_LIBEL-Munier.pdf\" target=\"_blank\" rel=\"noopener\"><span style=\"text-decoration: underline;\">Dossier de presse<\/span><\/a><br \/>\n<a href=\"https:\/\/www.editions-libel.fr\/maison-edition\/wp-content\/uploads\/NOTICE_LIBEL_MUNIER.pdf\" target=\"_blank\" rel=\"noopener\"><span style=\"text-decoration: underline;\">N<\/span><span style=\"text-decoration: underline;\">otice libraire<\/span><\/a>[\/vc_column_text][\/vc_column][\/vc_row]\n","protected":false},"excerpt":{"rendered":"<div id=\"tab-2c94af60-a783-10\" class=\"wpb_tab ui-tabs-panel wpb_ui-tabs-hide vc_clearfix ui-widget-content ui-corner-bottom\" role=\"tabpanel\" aria-labelledby=\"ui-id-1\" aria-hidden=\"false\">\n<div class=\"wpb_text_column wpb_content_element \">\n<div class=\"wpb_wrapper\">\n<p><strong>Sublimer le r\u00e9el<br \/>\n<\/strong><\/p>\n<p class=\"p1\">C\u2019est l\u2019histoire d\u2019un homme qui se r\u00e9fugia dans la peinture et la beaut\u00e9 pour se gu\u00e9rir d\u2019une enfance caboss\u00e9e. Convaincu qu\u2019il laisserait une trace dans l\u2019histoire de l\u2019Art, Hubert Munier s\u2019assit sur une chaise, face \u00e0 une toile, et n\u2019en bougea plus, tant occup\u00e9 \u00e0 capter les messages secrets de la Nature, au-del\u00e0 du visible. N\u00e9 \u00e0 Besan\u00e7on en 1948, rep\u00e9r\u00e9 pour son g\u00e9nie du dessin, Munier s\u2019installa en r\u00e9gion beaujolaise pour accomplir son \u0153uvre de silence et d\u2019infinie patience. Peintre r\u00e9aliste hors de son temps, h\u00e9ritier de Caspar David Friedrich, il poursuivit les interrogations des romantiques allemands, des penseurs du Sublime, soucieux de traduire la sacralit\u00e9 des falaises, l\u2019exemplarit\u00e9 des arbres, la sagesse de visages creus\u00e9s par l\u2019existence.<\/p>\n<p><strong><em>\u00a0<\/em><\/strong><\/p>\n<\/div>\n<\/div>\n<\/div>\n","protected":false},"featured_media":8396,"template":"","meta":[],"product_cat":[71,82,13,17,43,23],"product_tag":[117,111,95,110],"class_list":["post-8407","product","type-product","status-publish","has-post-thumbnail","hentry","product_cat-arts","product_cat-libel","product_cat-beaux-arts","product_cat-lyon","product_cat-patrimoines","product_cat-regionalisme","product_tag-art","product_tag-histoire","product_tag-lyon","product_tag-patrimoine"],"_links":{"self":[{"href":"https:\/\/www.editions-libel.fr\/maison-edition\/wp-json\/wp\/v2\/product\/8407","targetHints":{"allow":["GET"]}}],"collection":[{"href":"https:\/\/www.editions-libel.fr\/maison-edition\/wp-json\/wp\/v2\/product"}],"about":[{"href":"https:\/\/www.editions-libel.fr\/maison-edition\/wp-json\/wp\/v2\/types\/product"}],"wp:featuredmedia":[{"embeddable":true,"href":"https:\/\/www.editions-libel.fr\/maison-edition\/wp-json\/wp\/v2\/media\/8396"}],"wp:attachment":[{"href":"https:\/\/www.editions-libel.fr\/maison-edition\/wp-json\/wp\/v2\/media?parent=8407"}],"wp:term":[{"taxonomy":"product_cat","embeddable":true,"href":"https:\/\/www.editions-libel.fr\/maison-edition\/wp-json\/wp\/v2\/product_cat?post=8407"},{"taxonomy":"product_tag","embeddable":true,"href":"https:\/\/www.editions-libel.fr\/maison-edition\/wp-json\/wp\/v2\/product_tag?post=8407"}],"curies":[{"name":"wp","href":"https:\/\/api.w.org\/{rel}","templated":true}]}}

<div id="tab-2c94af60-a783-10" class="wpb_tab ui-tabs-panel wpb_ui-tabs-hide vc_clearfix ui-widget-content ui-corner-bottom" role="tabpanel" aria-labelledby="ui-id-1" aria-hidden="false">
<div class="wpb_text_column wpb_content_element ">
<div class="wpb_wrapper">
<p><strong>Sublimer le réel<br />
</strong></p>
<p class="p1">C’est l’histoire d’un homme qui se réfugia dans la peinture et la beauté pour se guérir d’une enfance cabossée. Convaincu qu’il laisserait une trace dans l’histoire de l’Art, Hubert Munier s’assit sur une chaise, face à une toile, et n’en bougea plus, tant occupé à capter les messages secrets de la Nature, au-delà du visible. Né à Besançon en 1948, repéré pour son génie du dessin, Munier s’installa en région beaujolaise pour accomplir son œuvre de silence et d’infinie patience. Peintre réaliste hors de son temps, héritier de Caspar David Friedrich, il poursuivit les interrogations des romantiques allemands, des penseurs du Sublime, soucieux de traduire la sacralité des falaises, l’exemplarité des arbres, la sagesse de visages creusés par l’existence.</p>
<p><strong><em> </em></strong></p>
</div>
</div>
</div>
