{"id":7641,"date":"2021-03-30T14:46:30","date_gmt":"2021-03-30T12:46:30","guid":{"rendered":"https:\/\/www.editions-libel.fr\/maison-edition\/?post_type=product&#038;p=7641"},"modified":"2026-02-09T10:01:53","modified_gmt":"2026-02-09T09:01:53","slug":"dieu-merci","status":"publish","type":"product","link":"https:\/\/www.editions-libel.fr\/maison-edition\/boutique\/dieu-merci\/","title":{"rendered":"Dieu Merci"},"content":{"rendered":"[vc_row][vc_column][vc_column_text]<a href=\"https:\/\/heyzine.com\/flip-book\/f15e0e5d12.html\" target=\"_blank\" rel=\"noopener noreferrer\"><span style=\"text-decoration: underline;\">Feuilleter un extrait<\/span><\/a><br \/>\n<a href=\"https:\/\/www.editions-libel.fr\/maison-edition\/wp-content\/uploads\/DP_LIBEL-DIEU-MERCI-OK.pdf\" target=\"_blank\" rel=\"noopener noreferrer\"><span style=\"text-decoration: underline;\">Dossier de presse<\/span><\/a><br \/>\n<a href=\"https:\/\/www.editions-libel.fr\/maison-edition\/wp-content\/uploads\/NOTICE_LIBEL_DIEU-MERCI.pdf\" target=\"_blank\" rel=\"noopener noreferrer\"><span style=\"text-decoration: underline;\">Notice libraire<\/span><\/a><br \/>\n<a href=\"https:\/\/www.pug.fr\/produit\/2030\/9782706151606\/migrants-catholiques-en-france\" target=\"_blank\" rel=\"noopener\"><span style=\"text-decoration: underline;\">Pour aller plus loin<\/span><\/a><\/p>\n[\/vc_column_text][\/vc_column][\/vc_row]\n","protected":false},"excerpt":{"rendered":"<div id=\"tab-2c94af60-a783-10\" class=\"wpb_tab ui-tabs-panel wpb_ui-tabs-hide vc_clearfix ui-widget-content ui-corner-bottom\" role=\"tabpanel\" aria-labelledby=\"ui-id-1\" aria-hidden=\"false\">\n<div class=\"wpb_text_column wpb_content_element \">\n<div class=\"wpb_wrapper\"><b><\/b><strong>Expressions catholiques africaines et cr\u00e9oles<br \/>\n<\/strong><\/p>\n<p class=\"p1\">\u00ab Dieu Merci \u00bb est une expression fr\u00e9quemment utilis\u00e9e par les catholiques cr\u00e9oles et africains qui traduit leur all\u00e9geance au divin au coeur d\u2019une vie soumise aux al\u00e9as. En situation de migration, ils continuent de chercher sa b\u00e9n\u00e9diction, sa protection et la lib\u00e9ration des maux de leur existence lorsque ceux-ci prennent la forme de la maladie, du ch\u00f4mage, de l\u2019exclusion, ou de difficult\u00e9s personnelles et familiales. \u00ab Dieu Merci \u00bb et \u00ab Merci Dieu \u00bb manifestent leur reconnaissance \u00e0 son \u00e9gard.<\/p>\n<p>&nbsp;<\/p>\n<\/div>\n<\/div>\n<\/div>\n","protected":false},"featured_media":7646,"template":"","meta":[],"product_cat":[71,77,82,21,22,25],"product_tag":[132,111,98,137],"class_list":["post-7641","product","type-product","status-publish","has-post-thumbnail","hentry","product_cat-arts","product_cat-histoire-2","product_cat-libel","product_cat-photographie","product_cat-recit","product_cat-societe","product_tag-culture","product_tag-histoire","product_tag-spiritualite","product_tag-voyage"],"_links":{"self":[{"href":"https:\/\/www.editions-libel.fr\/maison-edition\/wp-json\/wp\/v2\/product\/7641","targetHints":{"allow":["GET"]}}],"collection":[{"href":"https:\/\/www.editions-libel.fr\/maison-edition\/wp-json\/wp\/v2\/product"}],"about":[{"href":"https:\/\/www.editions-libel.fr\/maison-edition\/wp-json\/wp\/v2\/types\/product"}],"wp:featuredmedia":[{"embeddable":true,"href":"https:\/\/www.editions-libel.fr\/maison-edition\/wp-json\/wp\/v2\/media\/7646"}],"wp:attachment":[{"href":"https:\/\/www.editions-libel.fr\/maison-edition\/wp-json\/wp\/v2\/media?parent=7641"}],"wp:term":[{"taxonomy":"product_cat","embeddable":true,"href":"https:\/\/www.editions-libel.fr\/maison-edition\/wp-json\/wp\/v2\/product_cat?post=7641"},{"taxonomy":"product_tag","embeddable":true,"href":"https:\/\/www.editions-libel.fr\/maison-edition\/wp-json\/wp\/v2\/product_tag?post=7641"}],"curies":[{"name":"wp","href":"https:\/\/api.w.org\/{rel}","templated":true}]}}

<div id="tab-2c94af60-a783-10" class="wpb_tab ui-tabs-panel wpb_ui-tabs-hide vc_clearfix ui-widget-content ui-corner-bottom" role="tabpanel" aria-labelledby="ui-id-1" aria-hidden="false">
<div class="wpb_text_column wpb_content_element ">
<div class="wpb_wrapper"><b></b><strong>Expressions catholiques africaines et créoles<br />
</strong></p>
<p class="p1">« Dieu Merci » est une expression fréquemment utilisée par les catholiques créoles et africains qui traduit leur allégeance au divin au coeur d’une vie soumise aux aléas. En situation de migration, ils continuent de chercher sa bénédiction, sa protection et la libération des maux de leur existence lorsque ceux-ci prennent la forme de la maladie, du chômage, de l’exclusion, ou de difficultés personnelles et familiales. « Dieu Merci » et « Merci Dieu » manifestent leur reconnaissance à son égard.</p>
<p>&nbsp;</p>
</div>
</div>
</div>
