{"id":7248,"date":"2020-11-09T16:26:00","date_gmt":"2020-11-09T15:26:00","guid":{"rendered":"https:\/\/www.editions-libel.fr\/maison-edition\/?post_type=product&#038;p=7248"},"modified":"2025-12-19T11:39:49","modified_gmt":"2025-12-19T10:39:49","slug":"trabouler","status":"publish","type":"product","link":"https:\/\/www.editions-libel.fr\/maison-edition\/boutique\/trabouler\/","title":{"rendered":"Trabouler"},"content":{"rendered":"[vc_row][vc_column][vc_column_text]<a href=\"https:\/\/heyzine.com\/flip-book\/441d70589b.html\" target=\"_blank\" rel=\"noopener noreferrer\"><span style=\"text-decoration: underline;\">Feuilleter un extrait<\/span><\/a><br \/>\n<a href=\"https:\/\/www.editions-libel.fr\/maison-edition\/wp-content\/uploads\/COMMUNIQUE-TRABOULER_LIBEL.pdf\" target=\"_blank\" rel=\"noopener noreferrer\"><span style=\"text-decoration: underline;\">Communiqu\u00e9 de presse<\/span><\/a><br \/>\n<a href=\"https:\/\/www.editions-libel.fr\/maison-edition\/wp-content\/uploads\/NOTICE_LIBEL_TRABOULER.pdf\" target=\"_blank\" rel=\"noopener noreferrer\"><span style=\"text-decoration: underline;\">Notice libraire<\/span><\/a><\/p>\n<p><em>Cet ouvrage est publi\u00e9 avec le soutien du CNL &amp; de la R\u00e9gion Auvergne-Rh\u00f4ne-Alpes.<\/em>[\/vc_column_text][\/vc_column][\/vc_row]\n","protected":false},"excerpt":{"rendered":"<div id=\"tab-2c94af60-a783-10\" class=\"wpb_tab ui-tabs-panel wpb_ui-tabs-hide vc_clearfix ui-widget-content ui-corner-bottom\" role=\"tabpanel\" aria-labelledby=\"ui-id-1\" aria-hidden=\"false\">\n<div class=\"wpb_text_column wpb_content_element \">\n<div class=\"wpb_wrapper\">\n<p><strong><span style=\"color: red;\">Seulement sur notre site : pour tout achat de l&rsquo;ouvrage, une reproduction d&rsquo;art offerte !<\/span><\/strong><\/p>\n<p class=\"p1\">Fachri Maulana, \u00e9tudiant originaire d\u2019Indon\u00e9sie, dipl\u00f4m\u00e9 en dessin et en architecture, part un \u00e9t\u00e9 \u00e0 la d\u00e9couverte des traboules, ces \u00ab all\u00e9es de traverse \u00bb si embl\u00e9matiques de la ville de Lyon. Loin des repr\u00e9sentations touristiques habituelles, son exploration de la Croix-Rousse et du Vieux Lyon donne naissance \u00e0 une balade graphique singuli\u00e8re et sensible.<\/p>\n<p><strong>Pour toute commande de l&rsquo;ouvrage, dans la limite des stocks disponibles, recevez-le accompagn\u00e9 d&rsquo;une aquarelle de l&rsquo;artiste issue de l&rsquo;ouvrage (digigraphie Epson, format 13 x 18 cm). Deux illustrations sont au choix : <span style=\"text-decoration: underline;\"><a href=\"https:\/\/www.editions-libel.fr\/maison-edition\/wp-content\/uploads\/grande-cote.jpg\" target=\"_blank\" rel=\"noopener noreferrer\">La Mont\u00e9e de la Grande-C\u00f4te <\/a><\/span><span style=\"text-decoration: underline;\">ou <\/span><a style=\"font-weight: bold;\" href=\"https:\/\/www.editions-libel.fr\/maison-edition\/wp-content\/uploads\/hotel-bullioud.jpg\" target=\"_blank\" rel=\"noopener noreferrer\"><span style=\"text-decoration: underline;\">l&rsquo;H\u00f4tel Bullioud<\/span><\/a><br \/>\n<\/strong><\/p>\n<\/div>\n<\/div>\n<\/div>\n","protected":false},"featured_media":7636,"template":"","meta":[],"product_cat":[71,77,82,84,9,11,12,13,15,17,43,23],"product_tag":[101,132,111,95,123,137],"class_list":["post-7248","product","type-product","status-publish","has-post-thumbnail","hentry","product_cat-arts","product_cat-histoire-2","product_cat-libel","product_cat-offres-speciales","product_cat-series-limitees","product_cat-architecture","product_cat-art-contemporain","product_cat-beaux-arts","product_cat-histoire","product_cat-lyon","product_cat-patrimoines","product_cat-regionalisme","product_tag-bande-dessinee","product_tag-culture","product_tag-histoire","product_tag-lyon","product_tag-ville","product_tag-voyage"],"_links":{"self":[{"href":"https:\/\/www.editions-libel.fr\/maison-edition\/wp-json\/wp\/v2\/product\/7248","targetHints":{"allow":["GET"]}}],"collection":[{"href":"https:\/\/www.editions-libel.fr\/maison-edition\/wp-json\/wp\/v2\/product"}],"about":[{"href":"https:\/\/www.editions-libel.fr\/maison-edition\/wp-json\/wp\/v2\/types\/product"}],"wp:featuredmedia":[{"embeddable":true,"href":"https:\/\/www.editions-libel.fr\/maison-edition\/wp-json\/wp\/v2\/media\/7636"}],"wp:attachment":[{"href":"https:\/\/www.editions-libel.fr\/maison-edition\/wp-json\/wp\/v2\/media?parent=7248"}],"wp:term":[{"taxonomy":"product_cat","embeddable":true,"href":"https:\/\/www.editions-libel.fr\/maison-edition\/wp-json\/wp\/v2\/product_cat?post=7248"},{"taxonomy":"product_tag","embeddable":true,"href":"https:\/\/www.editions-libel.fr\/maison-edition\/wp-json\/wp\/v2\/product_tag?post=7248"}],"curies":[{"name":"wp","href":"https:\/\/api.w.org\/{rel}","templated":true}]}}