{"id":6458,"date":"2019-09-25T09:26:59","date_gmt":"2019-09-25T07:26:59","guid":{"rendered":"https:\/\/www.editions-libel.fr\/maison-edition\/?post_type=product&#038;p=6458"},"modified":"2025-12-11T16:13:37","modified_gmt":"2025-12-11T15:13:37","slug":"le-grand-hotel-dieu-de-lyon-2","status":"publish","type":"product","link":"https:\/\/www.editions-libel.fr\/maison-edition\/boutique\/le-grand-hotel-dieu-de-lyon-2\/","title":{"rendered":"Le Grand H\u00f4tel-Dieu de Lyon"},"content":{"rendered":"[vc_row][vc_column][vc_column_text]<span style=\"text-decoration: underline;\"><a href=\"https:\/\/heyzine.com\/flip-book\/75c6e9553f.html\" target=\"_blank\" rel=\"noopener noreferrer\">Feuilleter un extrait<\/a><\/span><br \/>\n<a href=\"https:\/\/www.editions-libel.fr\/maison-edition\/wp-content\/uploads\/DP_CHANTIER.pdf\" target=\"_blank\" rel=\"noopener noreferrer\"><span style=\"text-decoration: underline;\">Dossier de presse<\/span><\/a><br \/>\n<span style=\"text-decoration: underline;\"><a href=\"https:\/\/www.editions-libel.fr\/maison-edition\/wp-content\/uploads\/NL_GHD-Carnet-de-chantier-2.pdf\" target=\"_blank\" rel=\"noopener noreferrer\">Notice libraire<\/a><\/span><\/p>\n<p>&nbsp;<\/p>\n<p><strong>On en parle :<\/strong>[\/vc_column_text][\/vc_column][\/vc_row][vc_row][vc_column][vc_tta_pageable no_fill_content_area=\u00a0\u00bb1&Prime; active_section=\u00a0\u00bb1&Prime; pagination_color=\u00a0\u00bborange\u00a0\u00bb][vc_tta_section title=\u00a0\u00bbSection 2&Prime; tab_id=\u00a0\u00bb1590494165526-8be26415-96cb\u00a0\u00bb][vc_column_text]<em>Une visite exceptionnelle dans les coulisses d\u2019un chantier exceptionnel \u00e0 laquelle les lyonnais sont convi\u00e9s de fort belle fa\u00e7on.<\/em><br \/>\nVincent Ramet, photographe[\/vc_column_text][\/vc_tta_section][vc_tta_section title=\u00a0\u00bbSection 1&Prime; tab_id=\u00a0\u00bb1590494165512-0501d7c4-fe0e\u00a0\u00bb][vc_column_text]<em>Un livre majeur et incontournable sur la restructuration de l\u2019H\u00f4tel-Dieu. Magnifique travail.<\/em><br \/>\nJean-Dominique Durand[\/vc_column_text][\/vc_tta_section][vc_tta_section title=\u00a0\u00bbSection 1&Prime; tab_id=\u00a0\u00bb1590494314865-11995397-dd22&Prime;][vc_column_text]<em>Restituer la parole du politique et du sculpteur de pierre au m\u00eame niveau : pari r\u00e9ussi par l&rsquo;\u00e9diteur !\u00a0<\/em><br \/>\nLe Progr\u00e8s[\/vc_column_text][\/vc_tta_section][\/vc_tta_pageable][\/vc_column][\/vc_row]\n","protected":false},"excerpt":{"rendered":"<p><strong><span style=\"color: #cc0000;\"><b>Prix en baisse !<\/b><\/span><\/strong><\/p>\n<p><strong>Carnet de chantier<\/strong><\/p>\n<p>Faisant suite au<i><b> Carnet de l\u2019avant <\/b><\/i>paru en 2016, ce nouveau volume raconte le projet et ses enjeux tout en d\u00e9voilant les secrets cach\u00e9s par les palissades de chantier, de 2012 jusqu\u2019\u00e0 l\u2019ouverture du site en 2018. Riche de plus de 400 pages, co-\u00e9crit par Nathalie Cayuela et Anne-Fran\u00e7oise Sarger, illustr\u00e9 des images du photographe Vincent Ramet et de pr\u00e9cieux documents, ce beau livre donne la parole aux diff\u00e9rents acteurs de ce projet hors norme et pr\u00e9sente \u00e0 la fois le site avant et apr\u00e8s, le chantier sous toutes ses coutures, et bien s\u00fbr le site achev\u00e9.<\/p>\n","protected":false},"featured_media":6636,"template":"","meta":[],"product_cat":[71,77,82,11,15,17,43,23,26],"product_tag":[109,95,110,99,119,123],"class_list":["post-6458","product","type-product","status-publish","has-post-thumbnail","hentry","product_cat-arts","product_cat-histoire-2","product_cat-libel","product_cat-architecture","product_cat-histoire","product_cat-lyon","product_cat-patrimoines","product_cat-regionalisme","product_cat-urbanisme","product_tag-architecture","product_tag-lyon","product_tag-patrimoine","product_tag-savoir-faire","product_tag-urbanisme","product_tag-ville"],"_links":{"self":[{"href":"https:\/\/www.editions-libel.fr\/maison-edition\/wp-json\/wp\/v2\/product\/6458","targetHints":{"allow":["GET"]}}],"collection":[{"href":"https:\/\/www.editions-libel.fr\/maison-edition\/wp-json\/wp\/v2\/product"}],"about":[{"href":"https:\/\/www.editions-libel.fr\/maison-edition\/wp-json\/wp\/v2\/types\/product"}],"wp:featuredmedia":[{"embeddable":true,"href":"https:\/\/www.editions-libel.fr\/maison-edition\/wp-json\/wp\/v2\/media\/6636"}],"wp:attachment":[{"href":"https:\/\/www.editions-libel.fr\/maison-edition\/wp-json\/wp\/v2\/media?parent=6458"}],"wp:term":[{"taxonomy":"product_cat","embeddable":true,"href":"https:\/\/www.editions-libel.fr\/maison-edition\/wp-json\/wp\/v2\/product_cat?post=6458"},{"taxonomy":"product_tag","embeddable":true,"href":"https:\/\/www.editions-libel.fr\/maison-edition\/wp-json\/wp\/v2\/product_tag?post=6458"}],"curies":[{"name":"wp","href":"https:\/\/api.w.org\/{rel}","templated":true}]}}