{"id":6448,"date":"2019-09-23T11:48:43","date_gmt":"2019-09-23T09:48:43","guid":{"rendered":"https:\/\/www.editions-libel.fr\/maison-edition\/?post_type=product&#038;p=6448"},"modified":"2025-12-11T16:17:06","modified_gmt":"2025-12-11T15:17:06","slug":"des-republicains","status":"publish","type":"product","link":"https:\/\/www.editions-libel.fr\/maison-edition\/boutique\/des-republicains\/","title":{"rendered":"Des R\u00e9publicains"},"content":{"rendered":"[vc_row][vc_column][vc_column_text]<span style=\"text-decoration: underline;\"><a href=\"https:\/\/heyzine.com\/flip-book\/f01b654af3.html\" target=\"_blank\" rel=\"noopener noreferrer\">Feuilleter un extrait<\/a><\/span><br \/>\n<a href=\"https:\/\/www.editions-libel.fr\/maison-edition\/wp-content\/uploads\/DP_RASPAIL-bdef.pdf\" target=\"_blank\" rel=\"noopener noreferrer\"><span style=\"text-decoration: underline;\">Dossier de presse<\/span><\/a><br \/>\n<span style=\"text-decoration: underline;\"><a href=\"https:\/\/www.editions-libel.fr\/maison-edition\/wp-content\/uploads\/NOTICE_LIBEL_RASPAIL.pdf\" target=\"_blank\" rel=\"noopener noreferrer\">Notice libraire<\/a><\/span><\/p>\n<p>&nbsp;<\/p>\n<p><strong>On en parle :<\/strong>[\/vc_column_text][\/vc_column][\/vc_row][vc_row][vc_column][vc_tta_pageable no_fill_content_area=\u00a0\u00bb1&Prime; active_section=\u00a0\u00bb1&Prime; pagination_color=\u00a0\u00bborange\u00a0\u00bb][vc_tta_section title=\u00a0\u00bbSection\u00a0\u00bb tab_id=\u00a0\u00bb1681214365432-bc9ca4db-5544&Prime;][vc_column_text]<em>\u00ab\u00a0D\u00e8s les premi\u00e8res pages, on entre dans le vif du sujet avec la d\u00e9couverte de la famille Raspail et notamment du p\u00e8re,\u00a0Fran\u00e7ois-Vincent, figure du socialisme.\u00a0\u00bb<br \/>\n<\/em>Fabrice sur <a href=\"https:\/\/www.babelio.com\/livres\/Frobert-Des-Republicains\/1273568\/critiques\/3368383\" target=\"_blank\" rel=\"noopener\">Babelio<\/a>[\/vc_column_text][\/vc_tta_section][vc_tta_section title=\u00a0\u00bbSection\u00a0\u00bb tab_id=\u00a0\u00bb1681214495837-3cf09b14-f7b7&Prime;][vc_column_text]<em>\u00ab\u00a0Ludovic Frobert\u00a0nous donne \u00e0 voir une histoire politique et sociale du 19\u00e8me si\u00e8cle, et c&rsquo;est passionnant.\u00a0\u00bb<br \/>\n<\/em>Il_voyage sur <a href=\"https:\/\/www.babelio.com\/livres\/Frobert-Des-Republicains\/1273568\/critiques\/3376386\" target=\"_blank\" rel=\"noopener\">Babelio<\/a>[\/vc_column_text][\/vc_tta_section][vc_tta_section title=\u00a0\u00bbSection\u00a0\u00bb tab_id=\u00a0\u00bb1681214601972-92580cf9-87bd\u00a0\u00bb][vc_column_text]<em>\u00ab\u00a0<\/em>Des R\u00e9publicains<em>, voyage dans l&rsquo;histoire intense, subtil et \u00e9mouvant en fait la vivante et vibrante d\u00e9monstration. Magnifique.\u00a0\u00bb<br \/>\n<\/em>Marc sur <a href=\"https:\/\/www.babelio.com\/livres\/Frobert-Des-Republicains\/1273568\/critiques\/3383882\" target=\"_blank\" rel=\"noopener\">Babelio<\/a>[\/vc_column_text][\/vc_tta_section][vc_tta_section title=\u00a0\u00bbSection 1&Prime; tab_id=\u00a0\u00bb1590494485651-fde89663-673d\u00a0\u00bb][vc_column_text]<em>Je salue cette exhumation affectueuse des Raspail comme \u00e9tant un acte historien salutaire (&#8230;). Un grand merci \u00e0 ce jeune historien.<\/em><br \/>\nJean Ch\u00e9rasse (Vingtras)[\/vc_column_text][\/vc_tta_section][\/vc_tta_pageable][\/vc_column][\/vc_row]\n","protected":false},"excerpt":{"rendered":"<div id=\"tab-2c94af60-a783-10\" class=\"wpb_tab ui-tabs-panel wpb_ui-tabs-hide vc_clearfix ui-widget-content ui-corner-bottom\" role=\"tabpanel\" aria-labelledby=\"ui-id-1\" aria-hidden=\"false\">\n<div class=\"wpb_text_column wpb_content_element \">\n<div class=\"wpb_wrapper\"><!-- Bouton Ebook --><br \/>\n<a class=\"ebook\" href=\"https:\/\/www.editions-fablyo.fr\/produit\/des-republicains\/\" target=\"_blank\" rel=\"noopener noreferrer\"><img decoding=\"async\" style=\"width: 30px;\" src=\"https:\/\/www.editions-libel.fr\/maison-edition\/picto-fablyo-rose.svg\" \/>Ebook disponible ici<\/a><br \/>\n<!-- \/ Bouton Ebook --><br \/>\n<strong><span style=\"color: #cc0000;\"><b><br \/>\n<\/b><\/span><\/strong><strong>ou Le Roman vrai des Raspail<\/strong>\u00ab\u00a0En retrait, align\u00e9s tous les quatre sous cette vilaine pluie, nous l\u2019observons l\u00e9g\u00e8rement de biais, lui, notre p\u00e8re, seul, maintenant fig\u00e9. Benjamin, Camille, \u00c9mile, Xavier, les quatre fr\u00e8res, soud\u00e9s, nous assistons en r\u00e9alit\u00e9 \u00e0 son enterrement \u00e0 lui, Fran\u00e7ois-Vincent Raspail. Alors m\u00eame qu\u2019en ce 17 d\u00e9cembre 1876 au P\u00e8re-Lachaise nous menons pourtant en terre notre s\u0153ur, Marie. C\u2019est la partie tragique de l\u2019histoire des Raspail, de notre petite R\u00e9publique des Raspail. Et moi, Benjamin, je vais tenter d\u2019en raconter toute l\u2019histoire.<br \/>\nCar, de cette histoire, j\u2019en ai \u00e9t\u00e9 sans doute le plus attentif t\u00e9moin, en ai v\u00e9cu tous les \u00e9pisodes, en ai recueilli patiemment toutes les traces, glan\u00e9 tous les souvenirs, not\u00e9 toutes les p\u00e9rip\u00e9ties. J\u2019en ferai donc ici le roman, mais un roman vrai.\u00a0\u00bb<em>Cet ouvrage a \u00e9t\u00e9 publi\u00e9 avec le soutien de la R\u00e9gion Auvergne-Rh\u00f4ne-Alpes<\/em><\/div>\n<\/div>\n<\/div>\n","protected":false},"featured_media":6449,"template":"","meta":[],"product_cat":[77,82,70,15,17,25],"product_tag":[111,95,110,96,133],"class_list":["post-6448","product","type-product","status-publish","has-post-thumbnail","hentry","product_cat-histoire-2","product_cat-libel","product_cat-litterature","product_cat-histoire","product_cat-lyon","product_cat-societe","product_tag-histoire","product_tag-lyon","product_tag-patrimoine","product_tag-politique","product_tag-roman"],"_links":{"self":[{"href":"https:\/\/www.editions-libel.fr\/maison-edition\/wp-json\/wp\/v2\/product\/6448","targetHints":{"allow":["GET"]}}],"collection":[{"href":"https:\/\/www.editions-libel.fr\/maison-edition\/wp-json\/wp\/v2\/product"}],"about":[{"href":"https:\/\/www.editions-libel.fr\/maison-edition\/wp-json\/wp\/v2\/types\/product"}],"wp:featuredmedia":[{"embeddable":true,"href":"https:\/\/www.editions-libel.fr\/maison-edition\/wp-json\/wp\/v2\/media\/6449"}],"wp:attachment":[{"href":"https:\/\/www.editions-libel.fr\/maison-edition\/wp-json\/wp\/v2\/media?parent=6448"}],"wp:term":[{"taxonomy":"product_cat","embeddable":true,"href":"https:\/\/www.editions-libel.fr\/maison-edition\/wp-json\/wp\/v2\/product_cat?post=6448"},{"taxonomy":"product_tag","embeddable":true,"href":"https:\/\/www.editions-libel.fr\/maison-edition\/wp-json\/wp\/v2\/product_tag?post=6448"}],"curies":[{"name":"wp","href":"https:\/\/api.w.org\/{rel}","templated":true}]}}

Des Républicains

[vc_row][vc_column][vc_column_text]<span style="text-decoration: underline;"><a href="https://heyzine.com/flip-book/f01b654af3.html" target="_blank" rel="noopener noreferrer">Feuilleter un extrait</a></span><br />
<a href="https://www.editions-libel.fr/maison-edition/wp-content/uploads/DP_RASPAIL-bdef.pdf" target="_blank" rel="noopener noreferrer"><span style="text-decoration: underline;">Dossier de presse</span></a><br />
<span style="text-decoration: underline;"><a href="https://www.editions-libel.fr/maison-edition/wp-content/uploads/NOTICE_LIBEL_RASPAIL.pdf" target="_blank" rel="noopener noreferrer">Notice libraire</a></span></p>
<p>&nbsp;</p>
<p><strong>On en parle :</strong>[/vc_column_text][/vc_column][/vc_row][vc_row][vc_column][vc_tta_pageable no_fill_content_area= »1&Prime; active_section= »1&Prime; pagination_color= »orange »][vc_tta_section title= »Section » tab_id= »1681214365432-bc9ca4db-5544&Prime;][vc_column_text]<em>« Dès les premières pages, on entre dans le vif du sujet avec la découverte de la famille Raspail et notamment du père, François-Vincent, figure du socialisme. »<br />
</em>Fabrice sur <a href="https://www.babelio.com/livres/Frobert-Des-Republicains/1273568/critiques/3368383" target="_blank" rel="noopener">Babelio</a>[/vc_column_text][/vc_tta_section][vc_tta_section title= »Section » tab_id= »1681214495837-3cf09b14-f7b7&Prime;][vc_column_text]<em>« Ludovic Frobert nous donne à voir une histoire politique et sociale du 19ème siècle, et c&rsquo;est passionnant. »<br />
</em>Il_voyage sur <a href="https://www.babelio.com/livres/Frobert-Des-Republicains/1273568/critiques/3376386" target="_blank" rel="noopener">Babelio</a>[/vc_column_text][/vc_tta_section][vc_tta_section title= »Section » tab_id= »1681214601972-92580cf9-87bd »][vc_column_text]<em>« </em>Des Républicains<em>, voyage dans l&rsquo;histoire intense, subtil et émouvant en fait la vivante et vibrante démonstration. Magnifique. »<br />
</em>Marc sur <a href="https://www.babelio.com/livres/Frobert-Des-Republicains/1273568/critiques/3383882" target="_blank" rel="noopener">Babelio</a>[/vc_column_text][/vc_tta_section][vc_tta_section title= »Section 1&Prime; tab_id= »1590494485651-fde89663-673d »][vc_column_text]<em>Je salue cette exhumation affectueuse des Raspail comme étant un acte historien salutaire (&#8230;). Un grand merci à ce jeune historien.</em><br />
Jean Chérasse (Vingtras)[/vc_column_text][/vc_tta_section][/vc_tta_pageable][/vc_column][/vc_row]

<div id="tab-2c94af60-a783-10" class="wpb_tab ui-tabs-panel wpb_ui-tabs-hide vc_clearfix ui-widget-content ui-corner-bottom" role="tabpanel" aria-labelledby="ui-id-1" aria-hidden="false">
<div class="wpb_text_column wpb_content_element ">
<div class="wpb_wrapper"><!-- Bouton Ebook --><br />
<a class="ebook" href="https://www.editions-fablyo.fr/produit/des-republicains/" target="_blank" rel="noopener noreferrer"><img decoding="async" style="width: 30px;" src="https://www.editions-libel.fr/maison-edition/picto-fablyo-rose.svg" />Ebook disponible ici</a><br />
<!-- / Bouton Ebook --><br />
<strong><span style="color: #cc0000;"><b><br />
</b></span></strong><strong>ou Le Roman vrai des Raspail</strong>« En retrait, alignés tous les quatre sous cette vilaine pluie, nous l’observons légèrement de biais, lui, notre père, seul, maintenant figé. Benjamin, Camille, Émile, Xavier, les quatre frères, soudés, nous assistons en réalité à son enterrement à lui, François-Vincent Raspail. Alors même qu’en ce 17 décembre 1876 au Père-Lachaise nous menons pourtant en terre notre sœur, Marie. C’est la partie tragique de l’histoire des Raspail, de notre petite République des Raspail. Et moi, Benjamin, je vais tenter d’en raconter toute l’histoire.<br />
Car, de cette histoire, j’en ai été sans doute le plus attentif témoin, en ai vécu tous les épisodes, en ai recueilli patiemment toutes les traces, glané tous les souvenirs, noté toutes les péripéties. J’en ferai donc ici le roman, mais un roman vrai. »<em>Cet ouvrage a été publié avec le soutien de la Région Auvergne-Rhône-Alpes</em></div>
</div>
</div>
