{"id":3830,"date":"2018-05-07T15:03:48","date_gmt":"2018-05-07T14:03:48","guid":{"rendered":"http:\/\/www.editions-libel.fr\/maison-edition\/boutique\/lyon-une-universite-dans-sa-ville\/"},"modified":"2025-12-11T16:59:14","modified_gmt":"2025-12-11T15:59:14","slug":"lyon-une-universite-dans-sa-ville","status":"publish","type":"product","link":"https:\/\/www.editions-libel.fr\/maison-edition\/boutique\/lyon-une-universite-dans-sa-ville\/","title":{"rendered":"Lyon, une universit\u00e9 dans sa ville"},"content":{"rendered":"[vc_row][vc_column][vc_column_text]<span style=\"text-decoration: underline;\"><a href=\"https:\/\/heyzine.com\/flip-book\/7facdda5f2.html\" target=\"_blank\" rel=\"noopener noreferrer\">Feuilleter un extrait<\/a><br \/>\n<a href=\"https:\/\/www.editions-libel.fr\/maison-edition\/wp-content\/uploads\/UNIVERSITE-SOMMAIRE.pdf\" target=\"_blank\" rel=\"noopener noreferrer\">Voir le sommaire<\/a><\/span><br \/>\n<span style=\"text-decoration: underline;\"><a href=\"https:\/\/www.editions-libel.fr\/maison-edition\/wp-content\/uploads\/DP_Lyon-une-universite-dans-sa-ville.pdf\" target=\"_blank\" rel=\"noopener noreferrer\">Dossier de presse<\/a><\/span><br \/>\n<span style=\"text-decoration: underline;\"><a href=\"https:\/\/www.editions-libel.fr\/maison-edition\/wp-content\/uploads\/Notice_UNIVERSITE%CC%81.pdf\" target=\"_blank\" rel=\"noopener noreferrer\">Notice libraire<\/a><\/span><\/p>\n<p>&nbsp;<\/p>\n<p><strong>On en parle :<\/strong>[\/vc_column_text][\/vc_column][\/vc_row][vc_row][vc_column][vc_tta_pageable no_fill_content_area=\u00a0\u00bb1&Prime; active_section=\u00a0\u00bb1&Prime; pagination_color=\u00a0\u00bborange\u00a0\u00bb][vc_tta_section title=\u00a0\u00bbSection 1&Prime; tab_id=\u00a0\u00bb1591088232026-42e8253e-6076&Prime;][vc_column_text]<em>Pour moi, tout est parfait : couverture sobre comme il convient \u00e0 un ouvrage universitaire, pr\u00e9sentation du texte \u00e9l\u00e9gante et claire, qui facilite la lecture. Je tiens \u00e0 vous adresser toutes mes f\u00e9licitations pour ce beau travail d&rsquo;\u00e9diteur.\u00a0<\/em><br \/>\nPhilippe Jaussaud, auteur[\/vc_column_text][\/vc_tta_section][\/vc_tta_pageable][\/vc_column][\/vc_row]\n","protected":false},"excerpt":{"rendered":"<p>[Collectif]<br \/>\nCet ouvrage collectif relate la mise en place et la croissance, non seulement de l\u2019universit\u00e9, mais aussi des nombreux autres \u00e9tablissements d\u2019enseignement sup\u00e9rieur pr\u00e9sents \u00e0 Lyon, Saint-\u00c9tienne et Bourg-en-Bresse. Sont abord\u00e9s tous les aspects, historiques aussi bien que scientifiques : les \u00a0conditions de cr\u00e9ation et de d\u00e9veloppement des institutions, les grandes figures lyonnaises ou d\u2019adoption, la richesse des collections, la vari\u00e9t\u00e9 des<span class=\"Apple-converted-space\">\u00a0 <\/span>b\u00e2timents ainsi que les particularit\u00e9s du d\u00e9veloppement international.<\/p>\n<p class=\"p1\">Toute la richesse d\u2019un monde en mutation, au travers de cinquante articles et autant d\u2019auteurs.<\/p>\n<p>Textes r\u00e9unis par <strong>Olivier Aurenche<\/strong>, <strong>Christian Bange<\/strong>, <strong>Georges Barale<\/strong>, <strong>Guy Bertholon<\/strong>, <strong>Nicole Dockes-Lallement<\/strong>, <strong>Philippe Jaussaud<\/strong> et <strong>Daniel Moulinet. <\/strong>Ouvrage \u00e9dit\u00e9 en partenariat avec <a href=\"https:\/\/www.universite-lyon.fr\/\"><strong>l&rsquo;Universit\u00e9 de Lyon<\/strong><\/a>.<\/p>\n","protected":false},"featured_media":5318,"template":"","meta":[],"product_cat":[77,82,15,17,43,25],"product_tag":[108,111,95,110,96,94],"class_list":["post-3830","product","type-product","status-publish","has-post-thumbnail","hentry","product_cat-histoire-2","product_cat-libel","product_cat-histoire","product_cat-lyon","product_cat-patrimoines","product_cat-societe","product_tag-education","product_tag-histoire","product_tag-lyon","product_tag-patrimoine","product_tag-politique","product_tag-sciences"],"_links":{"self":[{"href":"https:\/\/www.editions-libel.fr\/maison-edition\/wp-json\/wp\/v2\/product\/3830","targetHints":{"allow":["GET"]}}],"collection":[{"href":"https:\/\/www.editions-libel.fr\/maison-edition\/wp-json\/wp\/v2\/product"}],"about":[{"href":"https:\/\/www.editions-libel.fr\/maison-edition\/wp-json\/wp\/v2\/types\/product"}],"wp:featuredmedia":[{"embeddable":true,"href":"https:\/\/www.editions-libel.fr\/maison-edition\/wp-json\/wp\/v2\/media\/5318"}],"wp:attachment":[{"href":"https:\/\/www.editions-libel.fr\/maison-edition\/wp-json\/wp\/v2\/media?parent=3830"}],"wp:term":[{"taxonomy":"product_cat","embeddable":true,"href":"https:\/\/www.editions-libel.fr\/maison-edition\/wp-json\/wp\/v2\/product_cat?post=3830"},{"taxonomy":"product_tag","embeddable":true,"href":"https:\/\/www.editions-libel.fr\/maison-edition\/wp-json\/wp\/v2\/product_tag?post=3830"}],"curies":[{"name":"wp","href":"https:\/\/api.w.org\/{rel}","templated":true}]}}

Lyon, une université dans sa ville

[vc_row][vc_column][vc_column_text]<span style="text-decoration: underline;"><a href="https://heyzine.com/flip-book/7facdda5f2.html" target="_blank" rel="noopener noreferrer">Feuilleter un extrait</a><br />
<a href="https://www.editions-libel.fr/maison-edition/wp-content/uploads/UNIVERSITE-SOMMAIRE.pdf" target="_blank" rel="noopener noreferrer">Voir le sommaire</a></span><br />
<span style="text-decoration: underline;"><a href="https://www.editions-libel.fr/maison-edition/wp-content/uploads/DP_Lyon-une-universite-dans-sa-ville.pdf" target="_blank" rel="noopener noreferrer">Dossier de presse</a></span><br />
<span style="text-decoration: underline;"><a href="https://www.editions-libel.fr/maison-edition/wp-content/uploads/Notice_UNIVERSITE%CC%81.pdf" target="_blank" rel="noopener noreferrer">Notice libraire</a></span></p>
<p>&nbsp;</p>
<p><strong>On en parle :</strong>[/vc_column_text][/vc_column][/vc_row][vc_row][vc_column][vc_tta_pageable no_fill_content_area= »1&Prime; active_section= »1&Prime; pagination_color= »orange »][vc_tta_section title= »Section 1&Prime; tab_id= »1591088232026-42e8253e-6076&Prime;][vc_column_text]<em>Pour moi, tout est parfait : couverture sobre comme il convient à un ouvrage universitaire, présentation du texte élégante et claire, qui facilite la lecture. Je tiens à vous adresser toutes mes félicitations pour ce beau travail d&rsquo;éditeur. </em><br />
Philippe Jaussaud, auteur[/vc_column_text][/vc_tta_section][/vc_tta_pageable][/vc_column][/vc_row]

<p>[Collectif]<br />
Cet ouvrage collectif relate la mise en place et la croissance, non seulement de l’université, mais aussi des nombreux autres établissements d’enseignement supérieur présents à Lyon, Saint-Étienne et Bourg-en-Bresse. Sont abordés tous les aspects, historiques aussi bien que scientifiques : les  conditions de création et de développement des institutions, les grandes figures lyonnaises ou d’adoption, la richesse des collections, la variété des<span class="Apple-converted-space">  </span>bâtiments ainsi que les particularités du développement international.</p>
<p class="p1">Toute la richesse d’un monde en mutation, au travers de cinquante articles et autant d’auteurs.</p>
<p>Textes réunis par <strong>Olivier Aurenche</strong>, <strong>Christian Bange</strong>, <strong>Georges Barale</strong>, <strong>Guy Bertholon</strong>, <strong>Nicole Dockes-Lallement</strong>, <strong>Philippe Jaussaud</strong> et <strong>Daniel Moulinet. </strong>Ouvrage édité en partenariat avec <a href="https://www.universite-lyon.fr/"><strong>l&rsquo;Université de Lyon</strong></a>.</p>
