{"id":3730,"date":"2018-03-27T08:04:05","date_gmt":"2018-03-27T07:04:05","guid":{"rendered":"http:\/\/www.editions-libel.fr\/maison-edition\/boutique\/nicolas-dieterle\/"},"modified":"2025-12-11T17:01:05","modified_gmt":"2025-12-11T16:01:05","slug":"nicolas-dieterle","status":"publish","type":"product","link":"https:\/\/www.editions-libel.fr\/maison-edition\/boutique\/nicolas-dieterle\/","title":{"rendered":"Nicolas Dieterl\u00e9"},"content":{"rendered":"[vc_row][vc_column][vc_column_text]<span style=\"text-decoration: underline;\"><a href=\"https:\/\/heyzine.com\/flip-book\/02645b475d.html\" target=\"_blank\" rel=\"noopener noreferrer\">Feuilleter un extrait<\/a><br \/>\n<\/span><span style=\"text-decoration: underline;\"><a href=\"https:\/\/www.editions-libel.fr\/maison-edition\/wp-content\/uploads\/DP_DIETERLE-1.pdf\" target=\"_blank\" rel=\"noopener noreferrer\">Dossier de presse<\/a><\/span><br \/>\n<span style=\"text-decoration: underline;\"><a href=\"https:\/\/www.editions-libel.fr\/maison-edition\/wp-content\/uploads\/Notice_DIETERLE.pdf\" target=\"_blank\" rel=\"noopener noreferrer\">Notice libraire<\/a><\/span>[\/vc_column_text][\/vc_column][\/vc_row]\n","protected":false},"excerpt":{"rendered":"<p><strong><span style=\"color: #cc0000;\"><b>Derniers exemplaires<br \/>\n<\/b><\/span><\/strong><strong>La po\u00e9tique du trait<br \/>\n<\/strong>Ce floril\u00e8ge propose de d\u00e9couvrir une s\u00e9lection de peintures et dessins parmi l&rsquo;importante \u0153uvre que Nicolas Dieterl\u00e9 a laiss\u00e9e derri\u00e8re lui. Ponctu\u00e9 de r\u00e9flexions po\u00e9tiques issues des carnets de l&rsquo;artiste, il propose \u00e9galement un texte in\u00e9dit de <b>L\u00f3r\u00e1nd Hegyi<\/b>, ancien directeur du Mus\u00e9e d&rsquo;Art Moderne de Saint-\u00c9tienne qui l&rsquo;avait expos\u00e9 en 2016.\u00a0Disparu en septembre 2000, Nicolas Dieterl\u00e9 est aujourd&rsquo;hui r\u00e9guli\u00e8rement expos\u00e9 &#8211; plusieurs de ses oeuvres faisant notamment partie de la<b> Collection Agn\u00e8s b.<\/b> &#8211; \u00a0et est repr\u00e9sent\u00e9 par la <strong>Galerie Moisan<\/strong> \u00e0 Paris.<\/p>\n<p><em><span class=\"s1\"><br \/>\nEn 2007 est n\u00e9e l\u2019association <a href=\"http:\/\/www.pierre-et-oiseau.fr\/wp\/\" target=\"_blank\" rel=\"noopener noreferrer\"><strong>La pierre et l\u2019oiseau <\/strong><\/a>\u00e0 l\u2019initiative d\u2019Anne P\u00f4l Kassis, professeure de litt\u00e9rature \u00e0 l\u2019Universit\u00e9 Sorbonne Nouvelle. Son but est de faire conna\u00eetre l\u2019oeuvre de Nicolas Dieterl\u00e9 et de contribuer \u00e0 la d\u00e9couverte de nouvelles expressions artistiques. <\/span>Ce livre est paru \u00e0 l\u2019initiative de cette association et des proches de l\u2019artiste.<\/em><\/p>\n","protected":false},"featured_media":5348,"template":"","meta":[],"product_cat":[71,79,82,12,13],"product_tag":[117,118,132,111,129,110],"class_list":["post-3730","product","type-product","status-publish","has-post-thumbnail","hentry","product_cat-arts","product_cat-derniers-exemplaires","product_cat-libel","product_cat-art-contemporain","product_cat-beaux-arts","product_tag-art","product_tag-croquis","product_tag-culture","product_tag-histoire","product_tag-metier","product_tag-patrimoine"],"_links":{"self":[{"href":"https:\/\/www.editions-libel.fr\/maison-edition\/wp-json\/wp\/v2\/product\/3730","targetHints":{"allow":["GET"]}}],"collection":[{"href":"https:\/\/www.editions-libel.fr\/maison-edition\/wp-json\/wp\/v2\/product"}],"about":[{"href":"https:\/\/www.editions-libel.fr\/maison-edition\/wp-json\/wp\/v2\/types\/product"}],"wp:featuredmedia":[{"embeddable":true,"href":"https:\/\/www.editions-libel.fr\/maison-edition\/wp-json\/wp\/v2\/media\/5348"}],"wp:attachment":[{"href":"https:\/\/www.editions-libel.fr\/maison-edition\/wp-json\/wp\/v2\/media?parent=3730"}],"wp:term":[{"taxonomy":"product_cat","embeddable":true,"href":"https:\/\/www.editions-libel.fr\/maison-edition\/wp-json\/wp\/v2\/product_cat?post=3730"},{"taxonomy":"product_tag","embeddable":true,"href":"https:\/\/www.editions-libel.fr\/maison-edition\/wp-json\/wp\/v2\/product_tag?post=3730"}],"curies":[{"name":"wp","href":"https:\/\/api.w.org\/{rel}","templated":true}]}}