{"id":3551,"date":"2018-01-10T11:20:34","date_gmt":"2018-01-10T10:20:34","guid":{"rendered":"http:\/\/www.editions-libel.fr\/maison-edition\/boutique\/seuil-edition-collector\/"},"modified":"2025-12-12T11:43:03","modified_gmt":"2025-12-12T10:43:03","slug":"le-pays-des-etangs-autour-de-rechicourt-le-chateau","status":"publish","type":"product","link":"https:\/\/www.editions-libel.fr\/maison-edition\/boutique\/le-pays-des-etangs-autour-de-rechicourt-le-chateau\/","title":{"rendered":"Le pays des \u00e9tangs"},"content":{"rendered":"[vc_row][vc_column][vc_column_text]<span style=\"text-decoration: underline;\"><a href=\"https:\/\/heyzine.com\/flip-book\/975e020c3e.html\" target=\"_blank\" rel=\"noopener noreferrer\">Feuilleter un extrait<\/a><br \/>\n<a href=\"https:\/\/www.editions-libel.fr\/maison-edition\/wp-content\/uploads\/Pages-de-DP_RECHICOURT.pdf\" target=\"_blank\" rel=\"noopener noreferrer\">Voir le sommaire<\/a><\/span><br \/>\n<span style=\"text-decoration: underline;\"><a href=\"https:\/\/www.editions-libel.fr\/maison-edition\/wp-content\/uploads\/DP_RECHICOURT.pdf\" target=\"_blank\" rel=\"noopener noreferrer\">Dossier de presse<\/a><\/span><br \/>\n<span style=\"text-decoration: underline;\"><a href=\"https:\/\/www.editions-libel.fr\/maison-edition\/wp-content\/uploads\/Le-pays-des-etangs-notice.pdf\" target=\"_blank\" rel=\"noopener noreferrer\">Notice libraire<\/a><\/span>[\/vc_column_text][\/vc_column][\/vc_row]\n","protected":false},"excerpt":{"rendered":"<p><strong>Autour de R\u00e9chicourt-le-Ch\u00e2teau &#8211; Images du patrimoine n\u00b0306 <\/strong>[Collectif]<strong><br \/>\n<\/strong>Situ\u00e9 au centre du Pays des \u00c9tangs, le territoire de R\u00e9chicourt-le-Ch\u00e2teau conserve un patrimoine li\u00e9 autant \u00e0 son histoire qu\u2019\u00e0 sa nature environnante. Ici nature et culture se m\u00ealent. Le paysage est transform\u00e9 avec la cr\u00e9ation des \u00e9tangs au Moyen \u00c2ge, puis au XIXe si\u00e8cle avec l\u2019am\u00e9nagement du canal de la Marne-au-Rhin. Cette Image du Patrimoine est le fruit d\u2019une \u00e9tude de l\u2019inventaire g\u00e9n\u00e9ral combinant l\u2019\u00e9tude sur le terrain aux ressources des diff\u00e9rents fonds d\u2019archives publiques et priv\u00e9es. Elle porte sur le patrimoine architectural et mobilier ainsi que sur le patrimoine naturel de ce territoire au caract\u00e8re rural affirm\u00e9, et au b\u00e2ti fa\u00e7onn\u00e9 par les multiples conflits qui s\u2019y sont succ\u00e9d\u00e9 depuis la guerre de Trente Ans.<\/p>\n<p>Ouvrage dirig\u00e9 par <strong>Catherine Zeller<\/strong> en partenariat avec le service de <a href=\"http:\/\/patrimoinesethistoire.grandest.fr\/\"><strong>l\u2019Inventaire g\u00e9n\u00e9ral du patrimoine culturel de la R\u00e9gion Grand-Est<\/strong><\/a>, dans la collection <strong>Images du Patrimoine<\/strong>.<\/p>\n<div id=\"tab-1444942031895-3-6\" class=\"wpb_tab ui-tabs-panel wpb_ui-tabs-hide vc_clearfix ui-widget-content ui-corner-bottom\" role=\"tabpanel\" aria-labelledby=\"ui-id-2\" aria-hidden=\"false\">\n<div class=\"wpb_text_column wpb_content_element \">\n<div class=\"wpb_wrapper\">\n<p class=\"p1\"><em><strong><span class=\"s1\"><br \/>\nL\u2019Inventaire g\u00e9n\u00e9ral<\/span><\/strong> a \u00e9t\u00e9 cr\u00e9\u00e9 en 1964 par \u00a0Andr\u00e9 Malraux. La mission de ce service d\u00e9sormais rattach\u00e9 aux R\u00e9gions est de recenser, \u00e9tudier et faire conna\u00eetre les \u00e9l\u00e9ments du patrimoine qui pr\u00e9sentent un int\u00e9r\u00eat culturel, historique ou scientifique.\u00a0<\/em><em>La collection nationale <strong>Images du Patrimoine<\/strong> a pour but de sensibiliser le public et les \u00e9lus \u00e0 un message scientifique sur le patrimoine en privil\u00e9giant une approche par l\u2019image ; ces anthologies d\u2019images comment\u00e9es ont une approche g\u00e9ographique (\u00e9tude d\u2019un canton) ou th\u00e9matique ou encore, le plus souvent, une combinaison des deux. Les images sont\u00a0destin\u00e9es \u00e0 un public large, amateurs \u00e9clair\u00e9s aussi bien qu\u2019habitants des territoires \u00e9tudi\u00e9s.<\/em><\/p>\n<\/div>\n<\/div>\n<\/div>\n","protected":false},"featured_media":10721,"template":"","meta":[],"product_cat":[71,82,11,43,23],"product_tag":[132,92,127,111],"class_list":["post-3551","product","type-product","status-publish","has-post-thumbnail","hentry","product_cat-arts","product_cat-libel","product_cat-architecture","product_cat-patrimoines","product_cat-regionalisme","product_tag-culture","product_tag-ecologie","product_tag-geographie","product_tag-histoire"],"_links":{"self":[{"href":"https:\/\/www.editions-libel.fr\/maison-edition\/wp-json\/wp\/v2\/product\/3551","targetHints":{"allow":["GET"]}}],"collection":[{"href":"https:\/\/www.editions-libel.fr\/maison-edition\/wp-json\/wp\/v2\/product"}],"about":[{"href":"https:\/\/www.editions-libel.fr\/maison-edition\/wp-json\/wp\/v2\/types\/product"}],"wp:featuredmedia":[{"embeddable":true,"href":"https:\/\/www.editions-libel.fr\/maison-edition\/wp-json\/wp\/v2\/media\/10721"}],"wp:attachment":[{"href":"https:\/\/www.editions-libel.fr\/maison-edition\/wp-json\/wp\/v2\/media?parent=3551"}],"wp:term":[{"taxonomy":"product_cat","embeddable":true,"href":"https:\/\/www.editions-libel.fr\/maison-edition\/wp-json\/wp\/v2\/product_cat?post=3551"},{"taxonomy":"product_tag","embeddable":true,"href":"https:\/\/www.editions-libel.fr\/maison-edition\/wp-json\/wp\/v2\/product_tag?post=3551"}],"curies":[{"name":"wp","href":"https:\/\/api.w.org\/{rel}","templated":true}]}}

Le pays des étangs

<p><strong>Autour de Réchicourt-le-Château &#8211; Images du patrimoine n°306 </strong>[Collectif]<strong><br />
</strong>Situé au centre du Pays des Étangs, le territoire de Réchicourt-le-Château conserve un patrimoine lié autant à son histoire qu’à sa nature environnante. Ici nature et culture se mêlent. Le paysage est transformé avec la création des étangs au Moyen Âge, puis au XIXe siècle avec l’aménagement du canal de la Marne-au-Rhin. Cette Image du Patrimoine est le fruit d’une étude de l’inventaire général combinant l’étude sur le terrain aux ressources des différents fonds d’archives publiques et privées. Elle porte sur le patrimoine architectural et mobilier ainsi que sur le patrimoine naturel de ce territoire au caractère rural affirmé, et au bâti façonné par les multiples conflits qui s’y sont succédé depuis la guerre de Trente Ans.</p>
<p>Ouvrage dirigé par <strong>Catherine Zeller</strong> en partenariat avec le service de <a href="http://patrimoinesethistoire.grandest.fr/"><strong>l’Inventaire général du patrimoine culturel de la Région Grand-Est</strong></a>, dans la collection <strong>Images du Patrimoine</strong>.</p>
<div id="tab-1444942031895-3-6" class="wpb_tab ui-tabs-panel wpb_ui-tabs-hide vc_clearfix ui-widget-content ui-corner-bottom" role="tabpanel" aria-labelledby="ui-id-2" aria-hidden="false">
<div class="wpb_text_column wpb_content_element ">
<div class="wpb_wrapper">
<p class="p1"><em><strong><span class="s1"><br />
L’Inventaire général</span></strong> a été créé en 1964 par  André Malraux. La mission de ce service désormais rattaché aux Régions est de recenser, étudier et faire connaître les éléments du patrimoine qui présentent un intérêt culturel, historique ou scientifique. </em><em>La collection nationale <strong>Images du Patrimoine</strong> a pour but de sensibiliser le public et les élus à un message scientifique sur le patrimoine en privilégiant une approche par l’image ; ces anthologies d’images commentées ont une approche géographique (étude d’un canton) ou thématique ou encore, le plus souvent, une combinaison des deux. Les images sont destinées à un public large, amateurs éclairés aussi bien qu’habitants des territoires étudiés.</em></p>
</div>
</div>
</div>
