{"id":2811,"date":"2017-03-16T17:02:43","date_gmt":"2017-03-16T16:02:43","guid":{"rendered":"http:\/\/www.editions-libel.fr\/maison-edition\/boutique\/les-jours-sans\/"},"modified":"2025-12-12T11:55:34","modified_gmt":"2025-12-12T10:55:34","slug":"les-jours-sans","status":"publish","type":"product","link":"https:\/\/www.editions-libel.fr\/maison-edition\/boutique\/les-jours-sans\/","title":{"rendered":"Les Jours Sans"},"content":{"rendered":"[vc_row][vc_column][vc_column_text]<span style=\"text-decoration: underline;\"><a href=\"https:\/\/heyzine.com\/flip-book\/d8ab370849.html\" target=\"_blank\" rel=\"noopener noreferrer\">Feuilleter un extrait<\/a><\/span><br \/>\n<span style=\"text-decoration: underline;\"><a href=\"https:\/\/www.editions-libel.fr\/maison-edition\/wp-content\/uploads\/Pages-de-DP_CHRD.pdf\" target=\"_blank\" rel=\"noopener noreferrer\">Voir le sommaire<\/a><br \/>\n<span style=\"text-decoration: underline;\"><a href=\"https:\/\/www.editions-libel.fr\/maison-edition\/wp-content\/uploads\/DOSSIER_DE_PRESSE-LJSok-1.pdf\" target=\"_blank\" rel=\"noopener noreferrer\">Dossier de presse<\/a><\/span><br \/>\n<span style=\"text-decoration: underline;\"><a href=\"https:\/\/www.editions-libel.fr\/maison-edition\/wp-content\/uploads\/NOTICE_JOURS-SANS-1.pdf\" target=\"_blank\" rel=\"noopener noreferrer\">Notice libraire<\/a><\/span>[\/vc_column_text][\/vc_column][\/vc_row]<\/span><\/p>\n","protected":false},"excerpt":{"rendered":"<p><strong>1939-1949. Alimentation et p\u00e9nurie en temps de guerre<\/strong> [Collectif]<strong><br \/>\n<\/strong>D\u00e8s le d\u00e9but du conflit, des cartes d&rsquo;alimentation sont mises en place. Alors que se nourrir devient une pr\u00e9occupation de tous les instants, la plupart des denr\u00e9es sont rationn\u00e9es en quantit\u00e9 variable selon son \u00e2ge et profession. Pour tr\u00e8s longtemps, plus aucun acte d&rsquo;achat n&rsquo;ira de soi. Ce bel ouvrage,\u00a0<b>richement illustr\u00e9 de pr\u00e9cieuses archives<\/b>\u00a0&#8211; affiches, photographies, coupons de rationnement, op\u00e8re une plong\u00e9e dans le difficile quotidien de l&rsquo;Occupation.<\/p>\n<p>Ouvrage dirig\u00e9 par <strong>Isabelle Dor\u00e9-Riv\u00e9<\/strong> et \u00e9dit\u00e9 en partenariat avec le <a href=\"http:\/\/www.chrd.lyon.fr\/chrd\/\"><strong>Centre d&rsquo;Histoire de la R\u00e9sistance et de la D\u00e9portation de Lyon<\/strong><\/a> \u00e0 l&rsquo;occasion de l&rsquo;exposition du m\u00eame nom pr\u00e9sent\u00e9e du 13 avril 2017 au 29 janvier 2018.<\/p>\n","protected":false},"featured_media":5955,"template":"","meta":[],"product_cat":[77,82,15,16,17,43,25],"product_tag":[128,95,103],"class_list":["post-2811","product","type-product","status-publish","has-post-thumbnail","hentry","product_cat-histoire-2","product_cat-libel","product_cat-histoire","product_cat-histoire-des-conflits","product_cat-lyon","product_cat-patrimoines","product_cat-societe","product_tag-gastronomie","product_tag-lyon","product_tag-memoire-des-conflits"],"_links":{"self":[{"href":"https:\/\/www.editions-libel.fr\/maison-edition\/wp-json\/wp\/v2\/product\/2811","targetHints":{"allow":["GET"]}}],"collection":[{"href":"https:\/\/www.editions-libel.fr\/maison-edition\/wp-json\/wp\/v2\/product"}],"about":[{"href":"https:\/\/www.editions-libel.fr\/maison-edition\/wp-json\/wp\/v2\/types\/product"}],"wp:featuredmedia":[{"embeddable":true,"href":"https:\/\/www.editions-libel.fr\/maison-edition\/wp-json\/wp\/v2\/media\/5955"}],"wp:attachment":[{"href":"https:\/\/www.editions-libel.fr\/maison-edition\/wp-json\/wp\/v2\/media?parent=2811"}],"wp:term":[{"taxonomy":"product_cat","embeddable":true,"href":"https:\/\/www.editions-libel.fr\/maison-edition\/wp-json\/wp\/v2\/product_cat?post=2811"},{"taxonomy":"product_tag","embeddable":true,"href":"https:\/\/www.editions-libel.fr\/maison-edition\/wp-json\/wp\/v2\/product_tag?post=2811"}],"curies":[{"name":"wp","href":"https:\/\/api.w.org\/{rel}","templated":true}]}}

<p><strong>1939-1949. Alimentation et pénurie en temps de guerre</strong> [Collectif]<strong><br />
</strong>Dès le début du conflit, des cartes d&rsquo;alimentation sont mises en place. Alors que se nourrir devient une préoccupation de tous les instants, la plupart des denrées sont rationnées en quantité variable selon son âge et profession. Pour très longtemps, plus aucun acte d&rsquo;achat n&rsquo;ira de soi. Ce bel ouvrage, <b>richement illustré de précieuses archives</b> &#8211; affiches, photographies, coupons de rationnement, opère une plongée dans le difficile quotidien de l&rsquo;Occupation.</p>
<p>Ouvrage dirigé par <strong>Isabelle Doré-Rivé</strong> et édité en partenariat avec le <a href="http://www.chrd.lyon.fr/chrd/"><strong>Centre d&rsquo;Histoire de la Résistance et de la Déportation de Lyon</strong></a> à l&rsquo;occasion de l&rsquo;exposition du même nom présentée du 13 avril 2017 au 29 janvier 2018.</p>
