{"id":2760,"date":"2017-03-10T14:23:33","date_gmt":"2017-03-10T13:23:33","guid":{"rendered":"http:\/\/www.editions-libel.fr\/maison-edition\/boutique\/dune-rive-a-lautre\/"},"modified":"2025-12-12T12:00:15","modified_gmt":"2025-12-12T11:00:15","slug":"dune-rive-a-lautre","status":"publish","type":"product","link":"https:\/\/www.editions-libel.fr\/maison-edition\/boutique\/dune-rive-a-lautre\/","title":{"rendered":"D&rsquo;une rive \u00e0 l&rsquo;autre"},"content":{"rendered":"[vc_row][vc_column][vc_column_text]<span style=\"text-decoration: underline;\"><a href=\"https:\/\/heyzine.com\/flip-book\/ce2419f6f6.html\" target=\"_blank\" rel=\"noopener noreferrer\">Feuilleter un extrait<\/a><\/span><br \/>\n<span style=\"text-decoration: underline;\"><a href=\"https:\/\/www.editions-libel.fr\/maison-edition\/wp-content\/uploads\/DOSSIER_PRESSE_THONON.pdf\" target=\"_blank\" rel=\"noopener noreferrer\">Dossier de presse<\/a><\/span><br \/>\n<span style=\"text-decoration: underline;\"><a href=\"https:\/\/www.editions-libel.fr\/maison-edition\/wp-content\/uploads\/NOTICE_THONON.pdf\" target=\"_blank\" rel=\"noopener noreferrer\">Notice libraire<\/a><\/span><\/p>\n<p>&nbsp;<\/p>\n<p><strong>On en parle :<\/strong>[\/vc_column_text][\/vc_column][\/vc_row][vc_row][vc_column][vc_tta_pageable no_fill_content_area=\u00a0\u00bb1&Prime; active_section=\u00a0\u00bb1&Prime; pagination_color=\u00a0\u00bborange\u00a0\u00bb][vc_tta_section title=\u00a0\u00bbSection 1&Prime; tab_id=\u00a0\u00bb1591091818031-574a7293-22fc\u00a0\u00bb][vc_column_text]<em>Belles images, belle mise en page. Une oeuvre originale et \u00e0 grande valeur historique pour les amoureux du L\u00e9man. Je l&rsquo;ai offert en cadeau \u00e0 ma m\u00e8re, originaire de Thonon-les-Bains, elle a beaucoup aim\u00e9.<\/em><br \/>\nClient\u00b7e AMAZON[\/vc_column_text][\/vc_tta_section][\/vc_tta_pageable][\/vc_column][\/vc_row]\n","protected":false},"excerpt":{"rendered":"<p><strong>Voyage autour du\u00a0L\u00e9man<br \/>\n<\/strong>D\u00e8s le XVIII<sup>e\u00a0<\/sup>si\u00e8cle, le L\u00e9man, site touristique majeur, devient un sujet litt\u00e9raire et pictural. Lieu de vie et de passage, c\u2019est une \u00e9tape importante pour les voyageurs effectuant le Grand Tour, p\u00e9riple initiatique sur les lieux fondateurs de la civilisation occidentale\u00a0 effectu\u00e9 par les jeunes aristocrates. Un ensemble d\u2019\u0153uvres grav\u00e9es aux XVII et XIX<sup>e\u00a0<\/sup>choisies parmi les collection du Mus\u00e9e du Chablais et du Cabinet des arts graphiques du Mus\u00e9e d\u2019art et d\u2019histoire de Gen\u00e8ve invitent au voyage sur les bords du L\u00e9man.<\/p>\n<p>Ouvrage dirig\u00e9 par <strong>Nathalie Renaud<\/strong> et \u00e9dit\u00e9 en partenariat avec la <strong>Ville de Thonon-les-Bains<\/strong> \u00e0 l&rsquo;occasion de l&rsquo;exposition \u00e9ponyme pr\u00e9sent\u00e9e au <strong>Mus\u00e9e du Chablais<\/strong>.<\/p>\n<div id=\"tab-1444942031895-3-6\" class=\"wpb_tab ui-tabs-panel wpb_ui-tabs-hide vc_clearfix ui-widget-content ui-corner-bottom\" role=\"tabpanel\" aria-labelledby=\"ui-id-4\" aria-hidden=\"false\">\n<div class=\"wpb_text_column wpb_content_element \">\n<div class=\"wpb_wrapper\">\n<p><em><br \/>\nInstall\u00e9 dans le ch\u00e2teau du Sonnaz, \u00e9difice construit au milieu du XVIIe si\u00e8cle, le <strong><a href=\"https:\/\/www.thononlesbains.com\/fr\/patrimoine-culturel\/1\/163042-musee-du-chablais.html\">Mus\u00e9e du Chablais <\/a><\/strong>b\u00e9n\u00e9ficie d\u2019un point de vue exceptionnel sur le lac L\u00e9man et le Jura suisse. Il pr\u00e9sente des expositions permanentes ax\u00e9es sur l\u2019art du XXe si\u00e8cle, l\u2019arch\u00e9ologie et l\u2019ethnologie. \u00c9galement partenaire, l<\/em><em>e <strong><a href=\"http:\/\/institutions.ville-geneve.ch\/fr\/mah\/lieux-dexposition\/cabinet-darts-graphiques\/\">Cabinet d\u2019arts graphiques du Mus\u00e9e d\u2019art et d\u2019histoire de Gen\u00e8ve<\/a>\u00a0<\/strong>conserve plus de 375 000 dessins, estampes ou pastels. Cette collection, l\u2019une des plus importantes du monde francophone, balaie plus de cinq si\u00e8cles de l\u2019histoire de la gravure.<\/em><\/p>\n<\/div>\n<\/div>\n<\/div>\n","protected":false},"featured_media":5372,"template":"","meta":[],"product_cat":[82,13,20,23],"product_tag":[127,91,121,137],"class_list":["post-2760","product","type-product","status-publish","has-post-thumbnail","hentry","product_cat-libel","product_cat-beaux-arts","product_cat-montagne","product_cat-regionalisme","product_tag-geographie","product_tag-montagne","product_tag-territoire","product_tag-voyage"],"_links":{"self":[{"href":"https:\/\/www.editions-libel.fr\/maison-edition\/wp-json\/wp\/v2\/product\/2760","targetHints":{"allow":["GET"]}}],"collection":[{"href":"https:\/\/www.editions-libel.fr\/maison-edition\/wp-json\/wp\/v2\/product"}],"about":[{"href":"https:\/\/www.editions-libel.fr\/maison-edition\/wp-json\/wp\/v2\/types\/product"}],"wp:featuredmedia":[{"embeddable":true,"href":"https:\/\/www.editions-libel.fr\/maison-edition\/wp-json\/wp\/v2\/media\/5372"}],"wp:attachment":[{"href":"https:\/\/www.editions-libel.fr\/maison-edition\/wp-json\/wp\/v2\/media?parent=2760"}],"wp:term":[{"taxonomy":"product_cat","embeddable":true,"href":"https:\/\/www.editions-libel.fr\/maison-edition\/wp-json\/wp\/v2\/product_cat?post=2760"},{"taxonomy":"product_tag","embeddable":true,"href":"https:\/\/www.editions-libel.fr\/maison-edition\/wp-json\/wp\/v2\/product_tag?post=2760"}],"curies":[{"name":"wp","href":"https:\/\/api.w.org\/{rel}","templated":true}]}}

D&rsquo;une rive à l&rsquo;autre

[vc_row][vc_column][vc_column_text]<span style="text-decoration: underline;"><a href="https://heyzine.com/flip-book/ce2419f6f6.html" target="_blank" rel="noopener noreferrer">Feuilleter un extrait</a></span><br />
<span style="text-decoration: underline;"><a href="https://www.editions-libel.fr/maison-edition/wp-content/uploads/DOSSIER_PRESSE_THONON.pdf" target="_blank" rel="noopener noreferrer">Dossier de presse</a></span><br />
<span style="text-decoration: underline;"><a href="https://www.editions-libel.fr/maison-edition/wp-content/uploads/NOTICE_THONON.pdf" target="_blank" rel="noopener noreferrer">Notice libraire</a></span></p>
<p>&nbsp;</p>
<p><strong>On en parle :</strong>[/vc_column_text][/vc_column][/vc_row][vc_row][vc_column][vc_tta_pageable no_fill_content_area= »1&Prime; active_section= »1&Prime; pagination_color= »orange »][vc_tta_section title= »Section 1&Prime; tab_id= »1591091818031-574a7293-22fc »][vc_column_text]<em>Belles images, belle mise en page. Une oeuvre originale et à grande valeur historique pour les amoureux du Léman. Je l&rsquo;ai offert en cadeau à ma mère, originaire de Thonon-les-Bains, elle a beaucoup aimé.</em><br />
Client·e AMAZON[/vc_column_text][/vc_tta_section][/vc_tta_pageable][/vc_column][/vc_row]

<p><strong>Voyage autour du Léman<br />
</strong>Dès le XVIII<sup>e </sup>siècle, le Léman, site touristique majeur, devient un sujet littéraire et pictural. Lieu de vie et de passage, c’est une étape importante pour les voyageurs effectuant le Grand Tour, périple initiatique sur les lieux fondateurs de la civilisation occidentale  effectué par les jeunes aristocrates. Un ensemble d’œuvres gravées aux XVII et XIX<sup>e </sup>choisies parmi les collection du Musée du Chablais et du Cabinet des arts graphiques du Musée d’art et d’histoire de Genève invitent au voyage sur les bords du Léman.</p>
<p>Ouvrage dirigé par <strong>Nathalie Renaud</strong> et édité en partenariat avec la <strong>Ville de Thonon-les-Bains</strong> à l&rsquo;occasion de l&rsquo;exposition éponyme présentée au <strong>Musée du Chablais</strong>.</p>
<div id="tab-1444942031895-3-6" class="wpb_tab ui-tabs-panel wpb_ui-tabs-hide vc_clearfix ui-widget-content ui-corner-bottom" role="tabpanel" aria-labelledby="ui-id-4" aria-hidden="false">
<div class="wpb_text_column wpb_content_element ">
<div class="wpb_wrapper">
<p><em><br />
Installé dans le château du Sonnaz, édifice construit au milieu du XVIIe siècle, le <strong><a href="https://www.thononlesbains.com/fr/patrimoine-culturel/1/163042-musee-du-chablais.html">Musée du Chablais </a></strong>bénéficie d’un point de vue exceptionnel sur le lac Léman et le Jura suisse. Il présente des expositions permanentes axées sur l’art du XXe siècle, l’archéologie et l’ethnologie. Également partenaire, l</em><em>e <strong><a href="http://institutions.ville-geneve.ch/fr/mah/lieux-dexposition/cabinet-darts-graphiques/">Cabinet d’arts graphiques du Musée d’art et d’histoire de Genève</a> </strong>conserve plus de 375 000 dessins, estampes ou pastels. Cette collection, l’une des plus importantes du monde francophone, balaie plus de cinq siècles de l’histoire de la gravure.</em></p>
</div>
</div>
</div>
