{"id":2459,"date":"2016-10-25T13:32:14","date_gmt":"2016-10-25T12:32:14","guid":{"rendered":"http:\/\/www.editions-libel.fr\/maison-edition\/?post_type=product&#038;p=2459"},"modified":"2025-12-12T12:02:47","modified_gmt":"2025-12-12T11:02:47","slug":"une-horloge-nest-pas-le-temps","status":"publish","type":"product","link":"https:\/\/www.editions-libel.fr\/maison-edition\/boutique\/une-horloge-nest-pas-le-temps\/","title":{"rendered":"Une horloge n&rsquo;est pas le temps"},"content":{"rendered":"[vc_row][vc_column][vc_column_text]<span style=\"text-decoration: underline;\"><a href=\"https:\/\/heyzine.com\/flip-book\/35884be594.html\" target=\"_blank\" rel=\"noopener noreferrer\">Feuilleter un extrait<\/a><\/span><br \/>\n<span style=\"text-decoration: underline;\"><a href=\"https:\/\/www.editions-libel.fr\/maison-edition\/wp-content\/uploads\/Presse-HORLOGE.pdf\" target=\"_blank\" rel=\"noopener noreferrer\">Dossier de presse<\/a><\/span><br \/>\n<span style=\"text-decoration: underline;\"><a href=\"https:\/\/www.editions-libel.fr\/maison-edition\/wp-content\/uploads\/NOTICE_HORLOGE.pdf\" target=\"_blank\" rel=\"noopener noreferrer\">Notice libraire<\/a><\/span>[\/vc_column_text][\/vc_column][\/vc_row]\n","protected":false},"excerpt":{"rendered":"<p><strong>Ou l&rsquo;inverse peu importe<br \/>\n<\/strong>Sommes-nous pi\u00e9g\u00e9s dans un pr\u00e9sent perp\u00e9tuel, ou aspir\u00e9s au vent des si\u00e8cles pass\u00e9s ?<br \/>\nEntre po\u00e9sie et image, le livre questionne la relation que nous entretenons avec le temps, affirmant que \u00ab m\u00eame r\u00e9el, il n\u2019existe pas. Ou l\u2019inverse. Peu importe. \u00bb<br \/>\nEn 2015, l\u2019artiste Matthieu Loos d\u00e9cide d\u2019ajouter une journ\u00e9e au calendrier gr\u00e9gorien\u00a0: le 29 f\u00e9vrier 2015. Cette insoumission au temps s\u2019\u00e9tire sur une ann\u00e9e, d\u2019un 29 f\u00e9vrier \u00e0 l\u2019autre. Il entreprend alors la cr\u00e9ation d\u2019une \u0153uvre d\u2019art, nomm\u00e9e Bissextil \u2013 publication quotidienne d\u2019une photographie autocollante. R\u00e9unie dans cet ouvrage, ses cr\u00e9ations r\u00e9v\u00e8lent cette ann\u00e9e de fl\u00e2nerie\u00a0: \u00ab\u00a0un an et un jour po\u00e9tique \u00bb.<\/p>\n","protected":false},"featured_media":5841,"template":"","meta":[],"product_cat":[71,77,82,70,12,13,21],"product_tag":[117,132,122],"class_list":["post-2459","product","type-product","status-publish","has-post-thumbnail","hentry","product_cat-arts","product_cat-histoire-2","product_cat-libel","product_cat-litterature","product_cat-art-contemporain","product_cat-beaux-arts","product_cat-photographie","product_tag-art","product_tag-culture","product_tag-photographie"],"_links":{"self":[{"href":"https:\/\/www.editions-libel.fr\/maison-edition\/wp-json\/wp\/v2\/product\/2459","targetHints":{"allow":["GET"]}}],"collection":[{"href":"https:\/\/www.editions-libel.fr\/maison-edition\/wp-json\/wp\/v2\/product"}],"about":[{"href":"https:\/\/www.editions-libel.fr\/maison-edition\/wp-json\/wp\/v2\/types\/product"}],"wp:featuredmedia":[{"embeddable":true,"href":"https:\/\/www.editions-libel.fr\/maison-edition\/wp-json\/wp\/v2\/media\/5841"}],"wp:attachment":[{"href":"https:\/\/www.editions-libel.fr\/maison-edition\/wp-json\/wp\/v2\/media?parent=2459"}],"wp:term":[{"taxonomy":"product_cat","embeddable":true,"href":"https:\/\/www.editions-libel.fr\/maison-edition\/wp-json\/wp\/v2\/product_cat?post=2459"},{"taxonomy":"product_tag","embeddable":true,"href":"https:\/\/www.editions-libel.fr\/maison-edition\/wp-json\/wp\/v2\/product_tag?post=2459"}],"curies":[{"name":"wp","href":"https:\/\/api.w.org\/{rel}","templated":true}]}}

<p><strong>Ou l&rsquo;inverse peu importe<br />
</strong>Sommes-nous piégés dans un présent perpétuel, ou aspirés au vent des siècles passés ?<br />
Entre poésie et image, le livre questionne la relation que nous entretenons avec le temps, affirmant que « même réel, il n’existe pas. Ou l’inverse. Peu importe. »<br />
En 2015, l’artiste Matthieu Loos décide d’ajouter une journée au calendrier grégorien : le 29 février 2015. Cette insoumission au temps s’étire sur une année, d’un 29 février à l’autre. Il entreprend alors la création d’une œuvre d’art, nommée Bissextil – publication quotidienne d’une photographie autocollante. Réunie dans cet ouvrage, ses créations révèlent cette année de flânerie : « un an et un jour poétique ».</p>
