{"id":10709,"date":"2025-09-11T17:03:43","date_gmt":"2025-09-11T15:03:43","guid":{"rendered":"https:\/\/www.editions-libel.fr\/maison-edition\/?post_type=product&#038;p=10709"},"modified":"2026-04-23T10:30:32","modified_gmt":"2026-04-23T08:30:32","slug":"choses-de-dire-et-de-faire","status":"publish","type":"product","link":"https:\/\/www.editions-libel.fr\/maison-edition\/boutique\/choses-de-dire-et-de-faire\/","title":{"rendered":"Choses de dire et de faire"},"content":{"rendered":"[vc_row][vc_column][vc_column_text]<a href=\"https:\/\/heyzine.com\/flip-book\/f9b2c9eb64.html\" target=\"_blank\" rel=\"noopener\"><span style=\"text-decoration: underline;\">Feuilleter un extrait<\/span><\/a><br \/>\n<a href=\"https:\/\/www.editions-libel.fr\/maison-edition\/wp-content\/uploads\/DP_Choses-de-dire-et-de-faire.pdf\" target=\"_blank\" rel=\"noopener\"><span style=\"text-decoration: underline;\">Dossier de presse<\/span><\/a><br \/>\n<a href=\"https:\/\/www.editions-libel.fr\/maison-edition\/wp-content\/uploads\/NL_Choses-de-dire-et-de-faire-1.pdf\" target=\"_blank\" rel=\"noopener\"><span style=\"text-decoration: underline;\">Notice libraire<\/span><\/a>[\/vc_column_text][\/vc_column][\/vc_row][vc_row][vc_column][vc_column_text]\n<h4><strong><a href=\"https:\/\/www.editions-libel.fr\/maison-edition\/2025\/11\/18\/choses-de-dire-et-de-faire-presse\/\" target=\"_blank\" rel=\"noopener\">On en parle !<\/a><\/strong><\/h4>\n<p><strong>Le Progr\u00e8s <\/strong>&#8211; novembre 2025 \u203a <a href=\"https:\/\/www.editions-libel.fr\/maison-edition\/wp-content\/uploads\/2025-11-09_Le-Progres_Choses-de-dire-et-de-faire.jpg\" target=\"_blank\" rel=\"noopener\">Lire l&rsquo;article<\/a><strong><br \/>\nBlog Baronne Samedi\u00a0 <\/strong>&#8211; d\u00e9cembre 2025 \u203a <a href=\"https:\/\/www.baronnesamedi.com\/2025\/12\/choses-de-dire-et-de-faire-l-esprit-des-gones-editions-libel.html\" target=\"_blank\" rel=\"noopener\">Lire l&rsquo;article<\/a><br \/>\n<strong>Le Progr\u00e8s<\/strong> &#8211; janvier 2026 \u203a <a href=\"https:\/\/www.editions-libel.fr\/maison-edition\/wp-content\/uploads\/2026-01-03_Le-Progres_Choses-de-dire-et-de-faire.pdf\" target=\"_blank\" rel=\"noopener\">Lire l&rsquo;article<\/a>[\/vc_column_text][\/vc_column][\/vc_row]\n","protected":false},"excerpt":{"rendered":"<h2>\n<strong>L&rsquo;authentique esprit des gones<\/strong><\/h2>\n<p>Aux origines de la sagesse lyonnaise se trouvent les maximes et pens\u00e9es r\u00e9unies dans cet ouvrage, telles qu&rsquo;initialement parues entre 1922 et 1944 dans les Almanachs des Amis de Guignol.<\/p>\n<p>Cette anthologie est la plus compl\u00e8te et authentique de ces \u00ab Choses de dire et de faire \u00bb tout droit sorties de l&rsquo;esprit des <em>gones<\/em> de Lyon. Ces truculentes r\u00e9flexions s&rsquo;accompagnent d&rsquo;un glossaire venant raviver tout le mordant du bon sens lyonnais. De format r\u00e9duit, ce petit ouvrage riche de pr\u00e8s de 300 maximes, peut se glisser dans la poche pour se <em>bambaner<\/em> dans les rues de Lyon.<\/p>\n<p>Un recueil in\u00e9dit et indispensable, de pure saveur r\u00e9gionale, qui comblera tous les amoureux du bel esprit lyonnais.<\/p>\n<p><strong><span style=\"color: red;\">\u00a0 \u00a0 \u00a0 \u00a0 \u00a0 \u00a0 \u00a0 \u00a0 \u00a0 \u00a0 \u00a0 \u00a0 \u00a0 \u00a0 \u00a0 \u00a0 \u00a0 \u00a0 \u00a0 \u00a0 \u00a0 \u00a0 \u00a0 \u00a0 \u00a0 \u00a0 \u00a0 \u00a0 \u00a0 \u00a0 \u00a0 \u00a0 \u00a0 \u00a0 \u00a0 \u00a0 \u00a0 \u00a0 \u00a0 \u00a0 \u00a0 \u00a0 \u00a0 \u00a0 \u00a0 \u00a0 \u00a0 \u00a0 \u00a0 \u00a0 \u00a0 \u00a0 \u00a0 \u00a0 \u00a0 \u00a0 \u00a0 \u00a0 \u00a0 \u00a0 \u00a0 \u00a0 \u00a0 \u00a0 \u00a0 \u00a0 \u00a0 \u00a0 \u00a0 \u00a0 \u00a0 \u00a0 \u00a0 \u00a0 \u00a0 \u00a0 \u00a0 \u00a0 \u00a0 \u00a0 \u00a0 \u00a0 \u00a0 \u00a0 \u00a0 \u00a0 \u00a0 \u00a0 \u00a0 \u00a0 \u00a0 \u00a0 \u00a0 \u00a0 \u00a0 \u00a0 \u00a0 \u00a0 \u00a0 \u00a0 \u00a0 \u00a0 \u00a0 \u00a0 \u00a0 \u00a0 \u00a0 \u00a0 \u00a0 \u00a0 \u00a0 \u00a0 \u00a0 \u00a0 \u00a0 \u00a0 \u00a0 \u00a0 \u00a0 \u00a0\u00a0<\/span><\/strong><\/p>\n<p>&nbsp;<\/p>\n","protected":false},"featured_media":10718,"template":"","meta":[],"product_cat":[77,82,15,17,43,23,25],"product_tag":[116,111,114,95],"class_list":["post-10709","product","type-product","status-publish","has-post-thumbnail","hentry","product_cat-histoire-2","product_cat-libel","product_cat-histoire","product_cat-lyon","product_cat-patrimoines","product_cat-regionalisme","product_cat-societe","product_tag-anthologie","product_tag-histoire","product_tag-humour","product_tag-lyon"],"_links":{"self":[{"href":"https:\/\/www.editions-libel.fr\/maison-edition\/wp-json\/wp\/v2\/product\/10709","targetHints":{"allow":["GET"]}}],"collection":[{"href":"https:\/\/www.editions-libel.fr\/maison-edition\/wp-json\/wp\/v2\/product"}],"about":[{"href":"https:\/\/www.editions-libel.fr\/maison-edition\/wp-json\/wp\/v2\/types\/product"}],"wp:featuredmedia":[{"embeddable":true,"href":"https:\/\/www.editions-libel.fr\/maison-edition\/wp-json\/wp\/v2\/media\/10718"}],"wp:attachment":[{"href":"https:\/\/www.editions-libel.fr\/maison-edition\/wp-json\/wp\/v2\/media?parent=10709"}],"wp:term":[{"taxonomy":"product_cat","embeddable":true,"href":"https:\/\/www.editions-libel.fr\/maison-edition\/wp-json\/wp\/v2\/product_cat?post=10709"},{"taxonomy":"product_tag","embeddable":true,"href":"https:\/\/www.editions-libel.fr\/maison-edition\/wp-json\/wp\/v2\/product_tag?post=10709"}],"curies":[{"name":"wp","href":"https:\/\/api.w.org\/{rel}","templated":true}]}}

[vc_row][vc_column][vc_column_text]<a href="https://heyzine.com/flip-book/f9b2c9eb64.html" target="_blank" rel="noopener"><span style="text-decoration: underline;">Feuilleter un extrait</span></a><br />
<a href="https://www.editions-libel.fr/maison-edition/wp-content/uploads/DP_Choses-de-dire-et-de-faire.pdf" target="_blank" rel="noopener"><span style="text-decoration: underline;">Dossier de presse</span></a><br />
<a href="https://www.editions-libel.fr/maison-edition/wp-content/uploads/NL_Choses-de-dire-et-de-faire-1.pdf" target="_blank" rel="noopener"><span style="text-decoration: underline;">Notice libraire</span></a>[/vc_column_text][/vc_column][/vc_row][vc_row][vc_column][vc_column_text]
<h4><strong><a href="https://www.editions-libel.fr/maison-edition/2025/11/18/choses-de-dire-et-de-faire-presse/" target="_blank" rel="noopener">On en parle !</a></strong></h4>
<p><strong>Le Progrès </strong>&#8211; novembre 2025 › <a href="https://www.editions-libel.fr/maison-edition/wp-content/uploads/2025-11-09_Le-Progres_Choses-de-dire-et-de-faire.jpg" target="_blank" rel="noopener">Lire l&rsquo;article</a><strong><br />
Blog Baronne Samedi  </strong>&#8211; décembre 2025 › <a href="https://www.baronnesamedi.com/2025/12/choses-de-dire-et-de-faire-l-esprit-des-gones-editions-libel.html" target="_blank" rel="noopener">Lire l&rsquo;article</a><br />
<strong>Le Progrès</strong> &#8211; janvier 2026 › <a href="https://www.editions-libel.fr/maison-edition/wp-content/uploads/2026-01-03_Le-Progres_Choses-de-dire-et-de-faire.pdf" target="_blank" rel="noopener">Lire l&rsquo;article</a>[/vc_column_text][/vc_column][/vc_row]

<h2>
<strong>L&rsquo;authentique esprit des gones</strong></h2>
<p>Aux origines de la sagesse lyonnaise se trouvent les maximes et pensées réunies dans cet ouvrage, telles qu&rsquo;initialement parues entre 1922 et 1944 dans les Almanachs des Amis de Guignol.</p>
<p>Cette anthologie est la plus complète et authentique de ces « Choses de dire et de faire » tout droit sorties de l&rsquo;esprit des <em>gones</em> de Lyon. Ces truculentes réflexions s&rsquo;accompagnent d&rsquo;un glossaire venant raviver tout le mordant du bon sens lyonnais. De format réduit, ce petit ouvrage riche de près de 300 maximes, peut se glisser dans la poche pour se <em>bambaner</em> dans les rues de Lyon.</p>
<p>Un recueil inédit et indispensable, de pure saveur régionale, qui comblera tous les amoureux du bel esprit lyonnais.</p>
<p><strong><span style="color: red;">                                                                                                                                                                                                                                                </span></strong></p>
<p>&nbsp;</p>
