{"id":10335,"date":"2025-02-24T10:44:43","date_gmt":"2025-02-24T09:44:43","guid":{"rendered":"https:\/\/www.editions-libel.fr\/maison-edition\/?post_type=product&#038;p=10335"},"modified":"2026-04-16T15:58:22","modified_gmt":"2026-04-16T13:58:22","slug":"la-camera-la-plume","status":"publish","type":"product","link":"https:\/\/www.editions-libel.fr\/maison-edition\/boutique\/la-camera-la-plume\/","title":{"rendered":"La cam\u00e9ra &#038; la plume"},"content":{"rendered":"[vc_row][vc_column][vc_column_text]<a href=\"https:\/\/heyzine.com\/flip-book\/745ac98fd4.html\" target=\"_blank\" rel=\"noopener\"><span style=\"text-decoration: underline;\">Feuilleter un extrait<\/span><\/a><br \/>\n<a href=\"https:\/\/www.editions-libel.fr\/maison-edition\/wp-content\/uploads\/LIBEL_DP_ROSALES.pdf\" target=\"_blank\" rel=\"noopener\"><span style=\"text-decoration: underline;\">Dossier de presse<\/span><\/a><br \/>\n<a href=\"https:\/\/www.editions-libel.fr\/maison-edition\/wp-content\/uploads\/NOTICE_LIBEL_LA-CAMERA-ET-LA-PLUME.pdf\" target=\"_blank\" rel=\"noopener\"><span style=\"text-decoration: underline;\">Notice libraire<\/span><\/a>[\/vc_column_text][\/vc_column][\/vc_row][vc_row][vc_column][vc_column_text]\n<h4><a href=\"https:\/\/www.editions-libel.fr\/maison-edition\/2025\/05\/23\/la-camera-et-l-ange-presse\/\" target=\"_blank\" rel=\"noopener\"><strong>On en parle !<\/strong><\/a><\/h4>\n<p><strong>Slate <\/strong>&#8211; 14 avril 2026 \u203a <a href=\"https:\/\/www.editions-libel.fr\/maison-edition\/wp-content\/uploads\/2026-04-14_Slate_La-camera-et-l-ange-scaled.png\" target=\"_blank\" rel=\"noopener\">Lire l&rsquo;article<\/a><br \/>\n<strong>Positif n\u00b0780 <\/strong>&#8211; f\u00e9vrier 2026 \u203a <a href=\"https:\/\/www.editions-libel.fr\/maison-edition\/wp-content\/uploads\/2026-02-01_Positif-n780_La-camera-et-l-ange-Rosales-scaled.jpg\" target=\"_blank\" rel=\"noopener\">Lire l&rsquo;article<\/a><br \/>\n<strong>Fen\u00eatres sur cour <\/strong>&#8211; 6 juin 2025 \u203a <a href=\"https:\/\/fenetressurcour.blogspot.com\/2025\/06\/lange-ecoute-de-philippe-roger.html\" target=\"_blank\" rel=\"noopener\">Lire l&rsquo;article<\/a><br \/>\n<strong>Critique Film <\/strong>&#8211; 7 avril 2025 \u203a <a href=\"https:\/\/www.critique-film.fr\/en-librairie-de-cinema-depuis-le-mois-de-mars-2025\/\" target=\"_blank\" rel=\"noopener\">Lire l&rsquo;article<\/a><br \/>\n<strong>MicroCin\u00e9 <\/strong>&#8211; 22 avril 2025 \u203a <a href=\"https:\/\/www.youtube.com\/watch?v=nORo9ZhaI4I\" target=\"_blank\" rel=\"noopener\">\u00c9couter l&rsquo;\u00e9mission<\/a>[\/vc_column_text][\/vc_column][\/vc_row]\n","protected":false},"excerpt":{"rendered":"<p><strong>Traduction Fran\u00e7ois G\u00e9al<\/strong><\/p>\n<p class=\"p1\">\u00ab L\u2019on fait \u00e0 pr\u00e9sent un usage indiscrimin\u00e9 des termes \u201ccin\u00e9ma\u201d et \u201ccin\u00e9matographie\u201d. Se disent cin\u00e9astes des gens qui tournent en vid\u00e9o num\u00e9rique \u2013 ils appellent \u00e7a cin\u00e9ma num\u00e9rique \u2013 toute sorte d\u2019oeuvres audiovisuelles. Ce qu\u2019ils font n\u2019a rien \u00e0 voir avec ce que je fais. Le choix du mat\u00e9riel est ce qui distingue, en art, un peintre d\u2019un sculpteur, par exemple. Le terme <em>cin\u00e9ma<\/em> ne correspond plus \u00e0 l\u2019activit\u00e9 artistique que je m\u00e8ne. Le terme <em>cin\u00e9aste<\/em> n\u2019est plus un qualificatif susceptible de me caract\u00e9riser. \u00c0 d\u00e9faut d\u2019autres termes, le meilleur pour me d\u00e9signer serait celui de <em>cellulo\u00efdiste<\/em>. \u00bb<\/p>\n<p><b><i>Ouvrage publi\u00e9 avec le soutien de la R\u00e9gion Auvergne-Rh\u00f4ne-Alpes<\/i><\/b><\/p>\n","protected":false},"featured_media":10339,"template":"","meta":[],"product_cat":[71,77,82,70,12],"product_tag":[117,105,108,111],"class_list":["post-10335","product","type-product","status-publish","has-post-thumbnail","hentry","product_cat-arts","product_cat-histoire-2","product_cat-libel","product_cat-litterature","product_cat-art-contemporain","product_tag-art","product_tag-cinema","product_tag-education","product_tag-histoire"],"_links":{"self":[{"href":"https:\/\/www.editions-libel.fr\/maison-edition\/wp-json\/wp\/v2\/product\/10335","targetHints":{"allow":["GET"]}}],"collection":[{"href":"https:\/\/www.editions-libel.fr\/maison-edition\/wp-json\/wp\/v2\/product"}],"about":[{"href":"https:\/\/www.editions-libel.fr\/maison-edition\/wp-json\/wp\/v2\/types\/product"}],"wp:featuredmedia":[{"embeddable":true,"href":"https:\/\/www.editions-libel.fr\/maison-edition\/wp-json\/wp\/v2\/media\/10339"}],"wp:attachment":[{"href":"https:\/\/www.editions-libel.fr\/maison-edition\/wp-json\/wp\/v2\/media?parent=10335"}],"wp:term":[{"taxonomy":"product_cat","embeddable":true,"href":"https:\/\/www.editions-libel.fr\/maison-edition\/wp-json\/wp\/v2\/product_cat?post=10335"},{"taxonomy":"product_tag","embeddable":true,"href":"https:\/\/www.editions-libel.fr\/maison-edition\/wp-json\/wp\/v2\/product_tag?post=10335"}],"curies":[{"name":"wp","href":"https:\/\/api.w.org\/{rel}","templated":true}]}}