{"id":891,"date":"2015-10-07T09:28:53","date_gmt":"2015-10-07T08:28:53","guid":{"rendered":"http:\/\/www.editions-libel.fr\/2016\/?page_id=891"},"modified":"2025-09-01T15:44:37","modified_gmt":"2025-09-01T13:44:37","slug":"qui-sommes-nous","status":"publish","type":"page","link":"https:\/\/www.editions-libel.fr\/maison-edition\/qui-sommes-nous\/","title":{"rendered":"Qui sommes-nous ?"},"content":{"rendered":"[vc_row el_class=\u00a0\u00bbqui-sommes-nous\u00a0\u00bb][vc_column width=\u00a0\u00bb1\/2&Prime; el_class=\u00a0\u00bbsans_hachures\u00a0\u00bb][vc_column_text]\n<p class=\"p1\">Install\u00e9es \u00e0 Lyon entre Perrache et Bellecour, les \u00e9ditions Libel publient depuis 2008 des livres avec des images dedans\u2026<\/p>\n<p class=\"p3\">Maison d\u2019\u00e9dition ind\u00e9pendante et plateforme de diffusion\/distribution, l\u2019image est au c\u0153ur des pr\u00e9occupations de la\u00a0structure, qui apporte un soin tout particulier \u00e0 la direction artistique de ses ouvrages : il s\u2019agit toujours de gagner la confiance des amoureux du livre en proposant des livres\u00a0\u00e9l\u00e9gants et ambitieux, o\u00f9 le dialogue entre l\u2019image et le texte occupe une place centrale.<\/p>\n<p class=\"p1\">L\u2019\u00e9clectisme revendiqu\u00e9 par la maison d\u2019\u00e9dition fa\u00e7onne un catalogue riche et multiforme, qui se construit sur l\u2019ensemble du territoire fran\u00e7ais au gr\u00e9 de choix \u00e9ditoriaux exigeants et de co\u00e9ditions r\u00e9currentes, contribuant \u00e0 la qualit\u00e9 et \u00e0 la coh\u00e9rence de la production. Nos projets sont uniques et toujours con\u00e7us avec d\u2019autres passionn\u00e9s du papier et de l\u2019image imprim\u00e9e\u00a0: graphistes, photograveurs d\u2019art, imprimeurs.<\/p>\n<p class=\"p1\">Nous croyons aux rencontres, \u00e0 la curiosit\u00e9, au partage des savoirs et des exp\u00e9riences, aux livres-mondes et \u00e0 l\u2019odeur des encres.<\/p>\n<p class=\"p1\">Bienvenue chez nous !<\/p>\n[\/vc_column_text][\/vc_column][vc_column width=\u00a0\u00bb1\/2&Prime;][vc_single_image image=\u00a0\u00bb4546&Prime; img_size=\u00a0\u00bbmedium\u00a0\u00bb alignment=\u00a0\u00bbcenter\u00a0\u00bb][vc_column_text]\n<p style=\"text-align: center;\"><a class=\"vc_general vc_btn3 vc_btn3-size-lg vc_btn3-shape-rounded vc_btn3-style-modern vc_btn3-color-warning\" href=\"https:\/\/www.editions-libel.fr\/maison-edition\/nous-contacter\/\"><strong><span class=\"Titre\">Nous contacter<\/span><\/strong><\/a><\/p>\n[\/vc_column_text][vc_empty_space height=\u00a0\u00bb20px\u00a0\u00bb][vc_column_text]\n<p style=\"text-align: center;\"><strong>Cliquer <a class=\"contact\" href=\"https:\/\/www.editions-libel.fr\/maison-edition\/wp-content\/uploads\/HD_CATALOGUE-JUIN-2025_l.pdf\" target=\"_blank\" rel=\"noopener\">ici<\/a> pour t\u00e9l\u00e9charger<br \/>\nle catalogue de nos derni\u00e8res parutions<\/strong><\/p>\n[\/vc_column_text][vc_empty_space height=\u00a0\u00bb69px\u00a0\u00bb][\/vc_column][\/vc_row]\n","protected":false},"excerpt":{"rendered":"<p>[vc_row el_class=\u00a0\u00bbqui-sommes-nous\u00a0\u00bb][vc_column width=\u00a0\u00bb1\/2&Prime; el_class=\u00a0\u00bbsans_hachures\u00a0\u00bb][vc_column_text] Install\u00e9es \u00e0 Lyon entre Perrache et Bellecour, les \u00e9ditions Libel publient depuis 2008 des livres avec des images dedans\u2026 Maison d\u2019\u00e9dition ind\u00e9pendante et plateforme de diffusion\/distribution, l\u2019image est au c\u0153ur des pr\u00e9occupations de la\u00a0structure, qui apporte un soin tout particulier \u00e0 la direction artistique de ses ouvrages : il s\u2019agit toujours [&hellip;]<\/p>\n","protected":false},"author":1,"featured_media":0,"parent":0,"menu_order":0,"comment_status":"closed","ping_status":"closed","template":"","meta":{"footnotes":""},"class_list":["post-891","page","type-page","status-publish","hentry"],"_links":{"self":[{"href":"https:\/\/www.editions-libel.fr\/maison-edition\/wp-json\/wp\/v2\/pages\/891","targetHints":{"allow":["GET"]}}],"collection":[{"href":"https:\/\/www.editions-libel.fr\/maison-edition\/wp-json\/wp\/v2\/pages"}],"about":[{"href":"https:\/\/www.editions-libel.fr\/maison-edition\/wp-json\/wp\/v2\/types\/page"}],"author":[{"embeddable":true,"href":"https:\/\/www.editions-libel.fr\/maison-edition\/wp-json\/wp\/v2\/users\/1"}],"replies":[{"embeddable":true,"href":"https:\/\/www.editions-libel.fr\/maison-edition\/wp-json\/wp\/v2\/comments?post=891"}],"version-history":[{"count":39,"href":"https:\/\/www.editions-libel.fr\/maison-edition\/wp-json\/wp\/v2\/pages\/891\/revisions"}],"predecessor-version":[{"id":10695,"href":"https:\/\/www.editions-libel.fr\/maison-edition\/wp-json\/wp\/v2\/pages\/891\/revisions\/10695"}],"wp:attachment":[{"href":"https:\/\/www.editions-libel.fr\/maison-edition\/wp-json\/wp\/v2\/media?parent=891"}],"curies":[{"name":"wp","href":"https:\/\/api.w.org\/{rel}","templated":true}]}}

[vc_row el_class= »qui-sommes-nous »][vc_column width= »1/2&Prime; el_class= »sans_hachures »][vc_column_text]
<p class="p1">Installées à Lyon entre Perrache et Bellecour, les éditions Libel publient depuis 2008 des livres avec des images dedans…</p>
<p class="p3">Maison d’édition indépendante et plateforme de diffusion/distribution, l’image est au cœur des préoccupations de la structure, qui apporte un soin tout particulier à la direction artistique de ses ouvrages : il s’agit toujours de gagner la confiance des amoureux du livre en proposant des livres élégants et ambitieux, où le dialogue entre l’image et le texte occupe une place centrale.</p>
<p class="p1">L’éclectisme revendiqué par la maison d’édition façonne un catalogue riche et multiforme, qui se construit sur l’ensemble du territoire français au gré de choix éditoriaux exigeants et de coéditions récurrentes, contribuant à la qualité et à la cohérence de la production. Nos projets sont uniques et toujours conçus avec d’autres passionnés du papier et de l’image imprimée : graphistes, photograveurs d’art, imprimeurs.</p>
<p class="p1">Nous croyons aux rencontres, à la curiosité, au partage des savoirs et des expériences, aux livres-mondes et à l’odeur des encres.</p>
<p class="p1">Bienvenue chez nous !</p>
[/vc_column_text][/vc_column][vc_column width= »1/2&Prime;][vc_single_image image= »4546&Prime; img_size= »medium » alignment= »center »][vc_column_text]
<p style="text-align: center;"><a class="vc_general vc_btn3 vc_btn3-size-lg vc_btn3-shape-rounded vc_btn3-style-modern vc_btn3-color-warning" href="https://www.editions-libel.fr/maison-edition/nous-contacter/"><strong><span class="Titre">Nous contacter</span></strong></a></p>
[/vc_column_text][vc_empty_space height= »20px »][vc_column_text]
<p style="text-align: center;"><strong>Cliquer <a class="contact" href="https://www.editions-libel.fr/maison-edition/wp-content/uploads/HD_CATALOGUE-JUIN-2025_l.pdf" target="_blank" rel="noopener">ici</a> pour télécharger<br />
le catalogue de nos dernières parutions</strong></p>
[/vc_column_text][vc_empty_space height= »69px »][/vc_column][/vc_row]

<p>[vc_row el_class= »qui-sommes-nous »][vc_column width= »1/2&Prime; el_class= »sans_hachures »][vc_column_text] Installées à Lyon entre Perrache et Bellecour, les éditions Libel publient depuis 2008 des livres avec des images dedans… Maison d’édition indépendante et plateforme de diffusion/distribution, l’image est au cœur des préoccupations de la structure, qui apporte un soin tout particulier à la direction artistique de ses ouvrages : il s’agit toujours [&hellip;]</p>
